{"id":2,"date":"2022-11-28T14:59:36","date_gmt":"2022-11-28T13:59:36","guid":{"rendered":"https:\/\/law.prf.cuni.cz\/trestkonference\/?page_id=2"},"modified":"2026-03-11T16:47:15","modified_gmt":"2026-03-11T15:47:15","slug":"zkusebni-stranka","status":"publish","type":"page","link":"https:\/\/law.prf.cuni.cz\/trestkonference\/","title":{"rendered":"Mezin\u00e1rodn\u00ed v\u011bdeck\u00e1 konference"},"content":{"rendered":"\n<div class=\"wp-block-group alignwide has-background\" style=\"background-color:#ffffff\"><div class=\"wp-block-group__inner-container is-layout-flow wp-block-group-is-layout-flow\">\n<p class=\"has-text-align-right w-100 maxw-100 mt-n30 has-small-font-size\">\u010ce\u0161tina | <a href=\"https:\/\/law.prf.cuni.cz\/trestkonference\/en\" title=\"International Conference\">English<\/a><\/p>\n\n\n\n<div class=\"wp-block-group alignfull is-vertical is-content-justification-center is-layout-flex wp-container-core-group-is-layout-2 wp-block-group-is-layout-flex\">\n<p class=\"has-text-align-center\" id=\"site-header\">Zveme v\u00e1s na <\/p>\n\n\n\n<h1 class=\"wp-block-heading has-text-align-center\"><strong>Mezin\u00e1rodn\u00ed v\u011bdeckou konferenci<\/strong><\/h1>\n\n\n\n<h2 class=\"wp-block-heading has-text-align-center\"><strong>\u201eRethinking Sentencing: Are We Getting Justice Right?\u201c<\/strong><\/h2>\n\n\n\n<h4 class=\"wp-block-heading\"><em>konferenci o koncep\u010dn\u00edch ot\u00e1zk\u00e1ch trest\u00e1n\u00ed<\/em><\/h4>\n\n\n\n<div class=\"wp-block-group date-and-place\"><div class=\"wp-block-group__inner-container is-layout-flow wp-block-group-is-layout-flow\">\n<p class=\"has-text-align-center\"><strong>26. &#8211; 27. b\u0159ezna 2026 <br>Pr\u00e1vnick\u00e1 fakulta Univerzity Karlovy<\/strong><br>Praha<br>(konkr\u00e9tn\u00ed m\u00edsto bude up\u0159esn\u011bno)<\/p>\n<\/div><\/div>\n\n\n\n<h3 class=\"wp-block-heading\">\u00davod a c\u00edl konference<\/h3>\n\n\n\n<p class=\"text-align-justify\">Pr\u00e1vnick\u00e1 fakulta Univerzity Karlovy ve spolupr\u00e1ci s Uni\u00ed obh\u00e1jc\u016f \u010cesk\u00e9 republiky V\u00e1s zve k \u00fa\u010dasti na mezin\u00e1rodn\u00ed konferenci \u201e<em>Rethinking Sentencing: Are We Getting Justice Right?<\/em>\u201c. Konference se zam\u011b\u0159\u00ed na ukl\u00e1d\u00e1n\u00ed a v\u00fdkon trestn\u00edch sankc\u00ed se zvl\u00e1\u0161tn\u00edm d\u016frazem na problematiku trest\u00e1n\u00ed hospod\u00e1\u0159sk\u00e9 kriminality. \u00da\u010dast p\u0159isl\u00edbili p\u0159edn\u00ed evrop\u0161t\u00ed odborn\u00edci i experti z pr\u00e1vn\u00ed praxe.<\/p>\n\n\n\n<div style=\"height:0px\" aria-hidden=\"true\" class=\"wp-block-spacer wp-container-content-1\"><\/div>\n\n\n\n<p class=\"text-align-justify\"><strong>Konference se kon\u00e1 ve dnech 26. \u2013 27. b\u0159ezna 2026.<\/strong> Prvn\u00ed den konference bude v\u011bnov\u00e1n <strong>diskusi zahrani\u010dn\u00edch odborn\u00edk\u016f k ot\u00e1zk\u00e1m trest\u00e1n\u00ed kriminality \u201eb\u00edl\u00fdch l\u00edme\u010dk\u016f\u201c<\/strong>. Diskuse bude prob\u00edhat v anglick\u00e9m jazyce; simult\u00e1nn\u00ed tlumo\u010den\u00ed do \u010desk\u00e9ho jazyka bude zaji\u0161t\u011bno.<\/p>\n\n\n\n<div style=\"height:0px\" aria-hidden=\"true\" class=\"wp-block-spacer wp-container-content-2\"><\/div>\n\n\n\n<p class=\"has-text-align-left text-align-justify w-100\"><strong>Potvrzen\u00ed zahrani\u010dn\u00ed host\u00e9:<\/strong><\/p>\n\n\n\n<ul class=\"wp-block-list w-100 pl-20\">\n<li><strong>Petter Gottschalk<\/strong>, BI Norwegian Business School (Norsko)<\/li>\n\n\n\n<li><strong>Michael Levi<\/strong>, Cardiff University (Spojen\u00e9 kr\u00e1lovstv\u00ed)<\/li>\n\n\n\n<li><strong>Mojca M. Plesni\u010dar<\/strong>, <strong>Dean Lipovac<\/strong>, Institute of Criminology at the Faculty of Law (Slovinsko)<\/li>\n\n\n\n<li><strong>Daniel Kwiatkowski<\/strong>, Jagiellonian University (Polsko)<\/li>\n\n\n\n<li><strong>Magnus Ulv\u00e4ng<\/strong>, Uppsala University (\u0160v\u00e9dsko)<\/li>\n\n\n\n<li><strong>Jos\u00e9 Luis de la Cuesta<\/strong>, <strong>Isabel German<\/strong>, Basque Institute of Criminology (\u0160pan\u011blsko)<\/li>\n\n\n\n<li><strong>Mikl\u00f3s Holl\u00e1n<\/strong>, ELTE Centre for Social Sciences (Ma\u010farsko)<\/li>\n\n\n\n<li><strong>Sandra Oliveira e Silva<\/strong>, University of Porto (Portugalsko)<\/li>\n\n\n\n<li><strong>Kathrin Stiebellehner<\/strong>, Johannes Kepler Universit\u00e4t Linz (Rakousko)<\/li>\n<\/ul>\n\n\n\n<div style=\"height:0px\" aria-hidden=\"true\" class=\"wp-block-spacer wp-container-content-3\"><\/div>\n\n\n\n<p class=\"text-align-justify\"><strong>Druh\u00fd den konference bude otev\u0159en v\u0161em z\u00e1jemc\u016fm a nab\u00eddne prostor pro diskusi aktu\u00e1ln\u00edch t\u00e9mat souvisej\u00edc\u00edch s ukl\u00e1d\u00e1n\u00edm a v\u00fdkonem trestn\u00edch sankc\u00ed.<\/strong> V\u00edt\u00e1me p\u0159\u00edsp\u011bvky, kter\u00e9 p\u0159edstav\u00ed doktrin\u00e1ln\u00ed, komparativn\u00ed nebo empirick\u00e9 pohledy na ukl\u00e1d\u00e1n\u00ed a\/nebo v\u00fdkon trestn\u00edch sankc\u00ed. Jednac\u00edmi jazyky budou \u010de\u0161tina, angli\u010dtina a sloven\u0161tina.<\/p>\n\n\n\n<div style=\"height:51px\" aria-hidden=\"true\" class=\"wp-block-spacer wp-container-content-4\"><\/div>\n\n\n\n<p class=\"w-100\">Vlastn\u00edm n\u00e1pad\u016fm se meze nekladou, pro inspiraci v\u0161ak uv\u00e1d\u00edme n\u011bkolik mo\u017en\u00fdch tematick\u00fdch okruh\u016f:<\/p>\n\n\n\n<ul class=\"wp-block-list pl-20 w-100\">\n<li>Trest\u00e1n\u00ed hospod\u00e1\u0159sk\u00e9 kriminality<\/li>\n\n\n\n<li>Trest\u00e1n\u00ed pr\u00e1vnick\u00fdch osob<\/li>\n\n\n\n<li>Trest\u00e1n\u00ed mladistv\u00fdch a jin\u00fdch zraniteln\u00fdch skupin<\/li>\n\n\n\n<li>Faktory ovliv\u0148uj\u00edc\u00ed ukl\u00e1d\u00e1n\u00ed trest\u016f, rozd\u00edly v trest\u00e1n\u00ed<\/li>\n\n\n\n<li>Role r\u016fzn\u00fdch akt\u00e9r\u016f (nap\u0159. st\u00e1tn\u00edch z\u00e1stupc\u016f, obh\u00e1jc\u016f, proba\u010dn\u00edch \u00fa\u0159edn\u00edk\u016f) v ukl\u00e1d\u00e1n\u00ed trest\u016f<\/li>\n\n\n\n<li>Ukl\u00e1d\u00e1n\u00ed a v\u00fdkon alternativn\u00edch trest\u016f (nap\u0159. pen\u011b\u017eit\u00fdch trest\u016f, dom\u00e1c\u00edho v\u011bzen\u00ed): <br>Praktick\u00e9 limity neuv\u011bzn\u011bn\u00ed?<\/li>\n\n\n\n<li>Ukl\u00e1d\u00e1n\u00ed a v\u00fdkon ochrann\u00fdch opat\u0159en\u00ed (nap\u0159. ochrann\u00e9 l\u00e9\u010den\u00ed, zabezpe\u010dovac\u00ed detence)<\/li>\n\n\n\n<li>V\u00fdznam princip\u016f restorativn\u00ed justice v ukl\u00e1d\u00e1n\u00ed trest\u016f<\/li>\n\n\n\n<li>Trest\u00e1n\u00ed tzv. poverty crimes<\/li>\n\n\n\n<li>Odhalov\u00e1n\u00ed a postihov\u00e1n\u00ed trestn\u00e9 \u010dinnosti v c\u00edrkvi<\/li>\n<\/ul>\n\n\n\n<h3 class=\"wp-block-heading\"><strong>Form\u00e1ty p\u0159\u00edsp\u011bvk\u016f<\/strong><\/h3>\n\n\n\n<p class=\"text-align-justify\">Diskuse je z\u00e1kladem vz\u00e1jemn\u00e9ho obohacen\u00ed. Proto nov\u011b v\u00edt\u00e1me p\u0159\u00edsp\u011bvky v r\u016fzn\u00fdch form\u00e1tech, kter\u00e9 jsou b\u011b\u017en\u00e9 zejm\u00e9na v zahrani\u010d\u00ed a dok\u00e1\u017eou obohatit debatu zaj\u00edmav\u00fdm zp\u016fsobem. Pokud v\u00e1s n\u011bkter\u00fd z t\u011bchto \u201enetradi\u010dn\u00edch\u201c form\u00e1t\u016f l\u00e1k\u00e1, r\u00e1di v\u00e1m s jeho p\u0159\u00edpravou porad\u00edme. V p\u0159\u00edpad\u011b, \u017ee se rozhodnete p\u0159ihl\u00e1sit samostatn\u00fd p\u0159\u00edsp\u011bvek, organiz\u00e1to\u0159i jej podle t\u00e9matu za\u0159ad\u00ed do p\u0159\u00edslu\u0161n\u00e9 sekce.<\/p>\n\n\n\n<div style=\"height:0px\" aria-hidden=\"true\" class=\"wp-block-spacer wp-container-content-5\"><\/div>\n\n\n\n<p class=\"w-100\"><strong>Zvolte si form\u00e1t, kter\u00fd V\u00e1m vyhovuje:<\/strong><\/p>\n\n\n\n<ul class=\"wp-block-list w-100 pl-20\">\n<li><strong>Individu\u00e1ln\u00ed p\u0159\u00edsp\u011bvek<\/strong>\n<ul class=\"wp-block-list\">\n<li>P\u0159ihl\u00e1\u0161ka mus\u00ed obsahovat n\u00e1zev a abstrakt p\u0159\u00edsp\u011bvku (max. 300 slov), jm\u00e9no a afiliaci autora\/autor\u016f. P\u0159\u00edsp\u011bvky budou seskupeny do panel\u016f na z\u00e1klad\u011b diskutovan\u00e9ho t\u00e9matu.<\/li>\n<\/ul>\n<\/li>\n\n\n\n<li><strong>Tematick\u00fd panel (pre-arranged panel)<\/strong>\n<ul class=\"wp-block-list\">\n<li>Tematick\u00e9 panely by se m\u011bly skl\u00e1dat z 3\u20135 p\u0159\u00edsp\u011bvk\u016f a mohou pokr\u00fdvat n\u011bkter\u00e9 z navr\u017een\u00fdch t\u00e9mat nebo navrhnout vlastn\u00ed t\u00e9ma.<\/li>\n\n\n\n<li>P\u0159ihl\u00e1\u0161ka by m\u011bla zahrnovat n\u00e1zev panelu, jm\u00e9na jednotliv\u00fdch p\u0159edn\u00e1\u0161ej\u00edc\u00edch a jejich afiliaci, n\u00e1zvy jednotliv\u00fdch p\u0159\u00edsp\u011bvk\u016f a kr\u00e1tk\u00e9 abstrakty (max. 300 slov na p\u0159\u00edsp\u011bvek).<\/li>\n\n\n\n<li>N\u00e1vrh za cel\u00fd panel pod\u00e1v\u00e1 p\u0159edsedaj\u00edc\u00ed, kter\u00fd bude moderovat p\u0159\u00edsp\u011bvky a n\u00e1slednou diskusi.<\/li>\n<\/ul>\n<\/li>\n\n\n\n<li><strong>Diskuse u kulat\u00e9ho stolu (roundtable discussions)<\/strong>\n<ul class=\"wp-block-list\">\n<li>Diskusn\u00ed setk\u00e1n\u00ed na specifick\u00e9 t\u00e9ma ve form\u011b kulat\u00e9ho stolu; prob\u00edh\u00e1 voln\u011bj\u0161\u00ed formou ne\u017e tradi\u010dn\u00ed tematick\u00fd panel.<\/li>\n\n\n\n<li>P\u0159ihl\u00e1\u0161ka by m\u011bla obsahovat n\u00e1zev a abstrakt setk\u00e1n\u00ed (max. 300 slov) a z\u00e1kladn\u00ed informace o diskutuj\u00edc\u00edch (jm\u00e9no a afiliace).<\/li>\n\n\n\n<li>N\u00e1vrh pod\u00e1v\u00e1 p\u0159edsedaj\u00edc\u00ed, kter\u00fd bude moderovat diskusi.<\/li>\n<\/ul>\n<\/li>\n\n\n\n<li><strong>Autor vs. \u010dten\u00e1\u0159 (author meets critics)<\/strong>\n<ul class=\"wp-block-list\">\n<li>P\u0159edstaven\u00ed nov\u00e9 publikace, shrnut\u00ed kl\u00ed\u010dov\u00fdch poznatk\u016f a n\u00e1sledn\u00e1 diskuse na dan\u00e9 t\u00e9ma. Tento form\u00e1t je ur\u010den pro kritickou diskusi ji\u017e publikovan\u00e9 knihy nebo \u010dl\u00e1nku.<\/li>\n\n\n\n<li>P\u0159ihl\u00e1\u0161ka by m\u011bla zahrnovat jm\u00e9no a afiliaci autora, n\u00e1zev knihy a jm\u00e9na a afiliaci cca 1\u20132 \u010dten\u00e1\u0159\u016f (critics).<\/li>\n\n\n\n<li>N\u00e1vrh pod\u00e1v\u00e1 autor knihy \u010di \u010dl\u00e1nku; v p\u0159\u00edpad\u011b z\u00e1jmu o dal\u0161\u00ed spolupr\u00e1ci p\u0159i tvorb\u011b panelu (nap\u0159. v\u00fdb\u011br \u010dten\u00e1\u0159\u016f) se pros\u00edm obracejte na organiz\u00e1tory konference.<\/li>\n<\/ul>\n<\/li>\n<\/ul>\n\n\n\n<div style=\"height:0px\" aria-hidden=\"true\" class=\"wp-block-spacer wp-container-content-6\"><\/div>\n\n\n\n<div class=\"wp-block-buttons is-horizontal is-content-justification-center is-layout-flex wp-container-core-buttons-is-layout-1 wp-block-buttons-is-layout-flex\">\n<div class=\"wp-block-button is-style-outline is-style-outline--1\"><a class=\"wp-block-button__link wp-element-button\" href=\"https:\/\/law.prf.cuni.cz\/trestkonference\/wp-content\/uploads\/sites\/11\/2026\/03\/Rethinking-Sentencing-Are-We-Getting-Justice-Right.pdf\">PROGRAM<\/a><\/div>\n<\/div>\n\n\n\n<h3 class=\"wp-block-heading has-text-align-center test\">D\u016fle\u017eit\u00e9 term\u00edny a informace<\/h3>\n\n\n\n<div class=\"wp-block-columns alignfull has-text-color has-background is-layout-flex wp-container-core-columns-is-layout-1 wp-block-columns-is-layout-flex\" style=\"color:#000000;background-color:#ffffff\">\n<div class=\"wp-block-column konani is-layout-flow wp-block-column-is-layout-flow\">\n<p class=\"has-text-align-center box box--border has-primary-color has-text-color\">Term\u00edn kon\u00e1n\u00ed konference<\/p>\n\n\n\n<p class=\"has-text-align-center has-primary-color has-text-color\"><strong>26. &#8211; 27. b\u0159ezna 2026<\/strong><\/p>\n<\/div>\n\n\n\n<div class=\"wp-block-column prihlaseni is-layout-flow wp-block-column-is-layout-flow\">\n<p class=\"has-text-align-center box box--full\">P\u0159ihla\u0161ov\u00e1n\u00ed do<\/p>\n\n\n\n<p class=\"has-text-align-center has-primary-color has-text-color\"><strong>28. \u00fanora 2026<\/strong><\/p>\n<\/div>\n<\/div>\n\n\n\n<ul class=\"wp-block-list custom-list circle\">\n<li>Po dobu kon\u00e1n\u00ed konference bude zaji\u0161t\u011bno ob\u010derstven\u00ed.<\/li>\n\n\n\n<li>Konferen\u010dn\u00ed p\u0159\u00edsp\u011bvek se nevyb\u00edr\u00e1.<\/li>\n\n\n\n<li>Organiz\u00e1to\u0159i nezaji\u0161tuj\u00ed ubytov\u00e1n\u00ed.<\/li>\n<\/ul>\n\n\n\n<div style=\"height:0px\" aria-hidden=\"true\" class=\"wp-block-spacer wp-container-content-7\"><\/div>\n\n\n\n<p class=\"has-text-align-center\">V\u202fp\u0159\u00edpad\u011b jak\u00fdchkoliv dotaz\u016f nev\u00e1hejte kontaktovat Vojt\u011bcha Podlisku na <a href=\"mailto:vojtech.podliska@prf.cuni.cz\">vojtech.podliska@prf.cuni.cz<\/a>.<\/p>\n\n\n\n<h3 class=\"wp-block-heading has-text-align-center\">Organiza\u010dn\u00ed t\u00fdm<\/h3>\n\n\n\n<p class=\"has-text-align-center\">prof. JUDr. Bc. Tom\u00e1\u0161 G\u0159ivna, Ph.D.<br>JUDr. Vojt\u011bch Podliska<br>JUDr. Alena McClure<\/p>\n<\/div>\n<\/div><\/div>\n\n\n","protected":false},"excerpt":{"rendered":"<p>\u010ce\u0161tina | English Zveme v\u00e1s na Mezin\u00e1rodn\u00ed v\u011bdeckou konferenci \u201eRethinking Sentencing: Are We Getting Justice Right?\u201c konferenci o koncep\u010dn\u00edch ot\u00e1zk\u00e1ch trest\u00e1n\u00ed 26. &#8211; 27. b\u0159ezna 2026 Pr\u00e1vnick\u00e1 fakulta Univerzity KarlovyPraha(konkr\u00e9tn\u00ed m\u00edsto bude up\u0159esn\u011bno) \u00davod a c\u00edl konference Pr\u00e1vnick\u00e1 fakulta Univerzity Karlovy ve spolupr\u00e1ci s Uni\u00ed obh\u00e1jc\u016f \u010cesk\u00e9 republiky V\u00e1s zve k \u00fa\u010dasti na mezin\u00e1rodn\u00ed konferenci [&hellip;]<\/p>\n","protected":false},"author":1,"featured_media":0,"parent":0,"menu_order":0,"comment_status":"closed","ping_status":"closed","template":"","meta":{"_monsterinsights_skip_tracking":false,"_monsterinsights_sitenote_active":false,"_monsterinsights_sitenote_note":"","_monsterinsights_sitenote_category":0,"_kadence_starter_templates_imported_post":false,"footnotes":""},"class_list":["post-2","page","type-page","status-publish","hentry"],"aioseo_notices":[],"_links":{"self":[{"href":"https:\/\/law.prf.cuni.cz\/trestkonference\/wp-json\/wp\/v2\/pages\/2","targetHints":{"allow":["GET"]}}],"collection":[{"href":"https:\/\/law.prf.cuni.cz\/trestkonference\/wp-json\/wp\/v2\/pages"}],"about":[{"href":"https:\/\/law.prf.cuni.cz\/trestkonference\/wp-json\/wp\/v2\/types\/page"}],"author":[{"embeddable":true,"href":"https:\/\/law.prf.cuni.cz\/trestkonference\/wp-json\/wp\/v2\/users\/1"}],"replies":[{"embeddable":true,"href":"https:\/\/law.prf.cuni.cz\/trestkonference\/wp-json\/wp\/v2\/comments?post=2"}],"version-history":[{"count":129,"href":"https:\/\/law.prf.cuni.cz\/trestkonference\/wp-json\/wp\/v2\/pages\/2\/revisions"}],"predecessor-version":[{"id":452,"href":"https:\/\/law.prf.cuni.cz\/trestkonference\/wp-json\/wp\/v2\/pages\/2\/revisions\/452"}],"wp:attachment":[{"href":"https:\/\/law.prf.cuni.cz\/trestkonference\/wp-json\/wp\/v2\/media?parent=2"}],"curies":[{"name":"wp","href":"https:\/\/api.w.org\/{rel}","templated":true}]}}