{"id":915,"date":"2021-10-25T21:36:08","date_gmt":"2021-10-25T20:36:08","guid":{"rendered":"http:\/\/pravavpraze.fun\/?page_id=915"},"modified":"2025-11-03T11:35:05","modified_gmt":"2025-11-03T10:35:05","slug":"po-rozhodnuti","status":"publish","type":"page","link":"https:\/\/law.prf.cuni.cz\/pravavpraze\/po-rozhodnuti\/","title":{"rendered":"P\u0159ijet\u00ed na Pr\u00e1vnickou fakultu"},"content":{"rendered":"\n<div style=\"height:15px\" aria-hidden=\"true\" class=\"wp-block-spacer\"><\/div>\n\n\n<div class=\"wp-block-image\">\n<figure class=\"aligncenter size-full\"><img loading=\"lazy\" decoding=\"async\" width=\"1024\" height=\"576\" src=\"https:\/\/law.prf.cuni.cz\/pravavpraze\/wp-content\/uploads\/sites\/2\/2023\/10\/25.png\" alt=\"\" class=\"wp-image-2189\"\/><\/figure><\/div>\n\n\n<div style=\"height:80px\" aria-hidden=\"true\" class=\"wp-block-spacer\"><\/div>\n\n\n\n<h1 class=\"wp-block-heading has-text-align-center has-neve-link-hover-color-color has-text-color\">P\u0159ijet\u00ed na Pr\u00e1vnickou fakultu<\/h1>\n\n\n\n<div class=\"wp-block-cover\" style=\"min-height:600px;aspect-ratio:unset;\"><span aria-hidden=\"true\" class=\"wp-block-cover__background has-nv-text-dark-bg-background-color has-background-dim-100 has-background-dim\"><\/span><div class=\"wp-block-cover__inner-container is-layout-flow wp-block-cover-is-layout-flow\">\n<div class=\"wp-block-group\"><div class=\"wp-block-group__inner-container is-layout-flow wp-block-group-is-layout-flow\">\n<div class=\"wp-block-columns are-vertically-aligned-center has-nv-dark-bg-color has-nv-site-bg-background-color has-text-color has-background is-layout-flex wp-container-core-columns-is-layout-1 wp-block-columns-is-layout-flex\">\n<div class=\"wp-block-column is-vertically-aligned-center is-layout-flow wp-block-column-is-layout-flow\" style=\"flex-basis:50%\">\n<h2 class=\"wp-block-heading\">Zve\u0159ejn\u011bn\u00ed v\u00fdsledk\u016f<\/h2>\n\n\n\n<p><strong>V\u00fdsledky p\u0159ij\u00edmac\u00ed \u0159\u00edzen\u00ed budou zve\u0159ejn\u011bny<\/strong> na webov\u00fdch str\u00e1nk\u00e1ch <a href=\"http:\/\/www.prf.cuni.cz\/\">www.prf.cuni.cz<\/a> <\/p>\n\n\n\n<p>P\u0159ijat\u00ed uchaze\u010di budou pozv\u00e1n\u00ed emailem k z\u00e1pisu do studia, kter\u00fd prob\u011bhne dle harmonogramu. <br>Ka\u017ed\u00e9mu p\u0159ijat\u00e9mu uchaze\u010di bude ozn\u00e1men datum a \u010das, kdy se m\u00e1 k z\u00e1pisu dostavit.<\/p>\n<\/div>\n\n\n\n<div class=\"wp-block-column is-layout-flow wp-block-column-is-layout-flow\"><\/div>\n\n\n\n<div class=\"wp-block-column is-vertically-aligned-center has-nv-text-dark-bg-color has-text-color is-layout-flow wp-block-column-is-layout-flow\" style=\"flex-basis:50%\">\n<div style=\"height:20px\" aria-hidden=\"true\" class=\"wp-block-spacer\"><\/div>\n\n\n\n<figure class=\"wp-block-image size-large is-style-default\"><img decoding=\"async\" src=\"https:\/\/law.prf.cuni.cz\/pravavpraze\/wp-content\/uploads\/sites\/2\/2021\/10\/zverejneni_vysledku_B.jpg\" alt=\"zve\u0159ejn\u011bn\u00ed v\u00fdsledk\u016f p\u0159ij\u00edmac\u00edho \u0159\u00edzen\u00ed na #pravavpraze\"\/><\/figure>\n\n\n\n<p><\/p>\n\n\n\n<div class=\"wp-block-buttons is-horizontal is-content-justification-left is-layout-flex wp-container-core-buttons-is-layout-1 wp-block-buttons-is-layout-flex\"><\/div>\n<\/div>\n<\/div>\n\n\n\n<p><\/p>\n<\/div><\/div>\n<\/div><\/div>\n\n\n\n<div class=\"wp-block-cover\" style=\"min-height:600px;aspect-ratio:unset;\"><span aria-hidden=\"true\" class=\"wp-block-cover__background has-nv-light-bg-background-color has-background-dim-100 has-background-dim\"><\/span><div class=\"wp-block-cover__inner-container is-layout-flow wp-block-cover-is-layout-flow\">\n<div class=\"wp-block-group\"><div class=\"wp-block-group__inner-container is-layout-flow wp-block-group-is-layout-flow\">\n<div style=\"height:47px\" aria-hidden=\"true\" class=\"wp-block-spacer\"><\/div>\n\n\n\n<div class=\"wp-block-columns are-vertically-aligned-center has-nv-dark-bg-color has-nv-light-bg-background-color has-text-color has-background is-layout-flex wp-container-core-columns-is-layout-2 wp-block-columns-is-layout-flex\">\n<div class=\"wp-block-column is-vertically-aligned-center has-nv-dark-bg-color has-nv-light-bg-background-color has-text-color has-background is-layout-flow wp-block-column-is-layout-flow\" style=\"flex-basis:50%\">\n<h2 class=\"wp-block-heading has-text-align-left has-neve-link-color-color has-text-color\">Z\u00e1pis do studia<\/h2>\n\n\n\n<ul class=\"wp-block-list has-neve-link-color-color has-text-color\">\n<li><strong>na \u00favod se dozv\u00edte<\/strong>, jak bude z\u00e1pis prob\u00edhat a sezn\u00e1m\u00edte se s pou\u010den\u00edm o bezpe\u010dnosti pr\u00e1ce, \u017eivotn\u00edm prost\u0159ed\u00ed a po\u017e\u00e1rn\u00ed ochran\u011b<\/li>\n\n\n\n<li>dostav\u00edte se k p\u0159ep\u00e1\u017ece, kde se <strong>prok\u00e1\u017eete dokladem toto\u017enosti<\/strong> a <strong>p\u0159edlo\u017e\u00edte ov\u011b\u0159enou kopii maturitn\u00edho vysv\u011bd\u010den\u00ed <\/strong>(p\u0159\u00edp. vysoko\u0161kolsk\u00e9ho diplomu)<\/li>\n\n\n\n<li><strong>obdr\u017e\u00edte rozhodnut\u00ed o p\u0159ijet\u00ed ke studiu<\/strong>, podep\u00ed\u0161ete p\u0159evzet\u00ed rozhodnut\u00ed a vzd\u00e1n\u00ed se pr\u00e1va podat odvol\u00e1n\u00ed<\/li>\n\n\n\n<li>podep\u00ed\u0161ete <strong>Z\u00e1pisov\u00fd list<\/strong> a <strong>Prohl\u00e1\u0161en\u00ed o sezn\u00e1men\u00ed<\/strong> se s Pou\u010den\u00edm o bezpe\u010dnosti pr\u00e1ce, \u017eivotn\u00edm prost\u0159ed\u00ed a po\u017e\u00e1rn\u00ed ochran\u011b<\/li>\n\n\n\n<li>obdr\u017e\u00edte dal\u0161\u00ed <strong>informa\u010dn\u00ed materi\u00e1ly<\/strong> a p\u0159ihl\u00e1\u0161ku na <strong>\u00favodn\u00ed soust\u0159ed\u011bn\u00ed 1. ro\u010dn\u00edku<\/strong><\/li>\n\n\n\n<li>po ukon\u010den\u00ed z\u00e1pisu si m\u016f\u017eete v budov\u011b Pr\u00e1vnick\u00e9 fakulty z\u0159\u00eddit <strong>kartu ISIC<\/strong><\/li>\n<\/ul>\n\n\n\n<div class=\"wp-block-buttons is-horizontal is-content-justification-left is-layout-flex wp-container-core-buttons-is-layout-2 wp-block-buttons-is-layout-flex\"><\/div>\n\n\n\n<div style=\"height:40px\" aria-hidden=\"true\" class=\"wp-block-spacer\"><\/div>\n<\/div>\n\n\n\n<div class=\"wp-block-column is-vertically-aligned-center is-layout-flow wp-block-column-is-layout-flow\" style=\"flex-basis:50%\">\n<figure class=\"wp-block-image size-large\"><img decoding=\"async\" src=\"https:\/\/law.prf.cuni.cz\/pravavpraze\/wp-content\/uploads\/sites\/2\/2021\/10\/zapis.jpeg\" alt=\"z\u00e1pis do studia na #pravavpraze\"\/><\/figure>\n<\/div>\n<\/div>\n\n\n\n<div style=\"height:40px\" aria-hidden=\"true\" class=\"wp-block-spacer\"><\/div>\n<\/div><\/div>\n<\/div><\/div>\n\n\n\n<div class=\"wp-block-cover\" style=\"min-height:600px;aspect-ratio:unset;\"><span aria-hidden=\"true\" class=\"wp-block-cover__background has-nv-text-dark-bg-background-color has-background-dim-100 has-background-dim\"><\/span><div class=\"wp-block-cover__inner-container is-layout-flow wp-block-cover-is-layout-flow\">\n<div class=\"wp-block-group\"><div class=\"wp-block-group__inner-container is-layout-flow wp-block-group-is-layout-flow\">\n<div style=\"height:80px\" aria-hidden=\"true\" class=\"wp-block-spacer\"><\/div>\n\n\n\n<div class=\"wp-block-columns are-vertically-aligned-center has-nv-dark-bg-color has-nv-site-bg-background-color has-text-color has-background is-layout-flex wp-container-core-columns-is-layout-3 wp-block-columns-is-layout-flex\">\n<div class=\"wp-block-column is-vertically-aligned-center is-layout-flow wp-block-column-is-layout-flow\" style=\"flex-basis:50%\">\n<figure class=\"wp-block-image size-large is-style-default\"><img decoding=\"async\" src=\"https:\/\/law.prf.cuni.cz\/pravavpraze\/wp-content\/uploads\/sites\/2\/2021\/10\/odvola\u0301ni\u0301-proti-neprijeti.jpg\" alt=\"odvolani proti neprijeti na #pravavpraze\"\/><\/figure>\n<\/div>\n\n\n\n<div class=\"wp-block-column is-vertically-aligned-center has-nv-text-dark-bg-color has-text-color is-layout-flow wp-block-column-is-layout-flow\" style=\"flex-basis:50%\">\n<div style=\"height:20px\" aria-hidden=\"true\" class=\"wp-block-spacer\"><\/div>\n\n\n\n<h2 class=\"wp-block-heading has-text-align-left has-neve-text-color-color has-text-color\">Odvol\u00e1n\u00ed proti nep\u0159ijet\u00ed<\/h2>\n\n\n\n<p class=\"has-neve-link-color-color has-text-color\">Odvol\u00e1n\u00ed proti rozhodnut\u00ed o nep\u0159ijet\u00ed ke studiu <strong>m\u016f\u017eete podat teprve pot\u00e9, co obdr\u017e\u00edte po\u0161tou p\u00edsemn\u00e9 rozhodnut\u00ed o nep\u0159ijet\u00ed<\/strong>.<strong> <\/strong>Nelze se toti\u017e odvolat proti rozhodnut\u00ed, kter\u00e9 jste je\u0161t\u011b neobdr\u017eeli, p\u0159esto\u017ee ji\u017e zn\u00e1te v\u00fdsledek p\u0159ij\u00edmac\u00edch zkou\u0161ek zve\u0159ejn\u011bn\u00fd prost\u0159ednictv\u00edm SIS.<br>Odvolac\u00edho \u0159\u00edzen\u00ed m\u00e1 prov\u011b\u0159it, zda p\u0159ij\u00edmac\u00ed \u0159\u00edzen\u00ed prob\u011bhlo v  souladu se z\u00e1konem o vysok\u00fdch \u0161kol\u00e1ch a vnit\u0159n\u00edmi p\u0159edpisy Univerzity Karlovy a Pr\u00e1vnick\u00e9 fakulty UK. Lze se tedy odvolat pouze proti rozhodnut\u00ed, kter\u00e9 bylo vyd\u00e1no v rozporu s t\u011bmito p\u0159edpisy.<\/p>\n\n\n\n<p><\/p>\n\n\n\n<div class=\"wp-block-buttons is-horizontal is-content-justification-left is-layout-flex wp-container-core-buttons-is-layout-3 wp-block-buttons-is-layout-flex\">\n<div class=\"wp-block-button is-style-primary\"><a class=\"wp-block-button__link wp-element-button\" href=\"https:\/\/www.prf.cuni.cz\/magisterske-studium-mgr\/jak-podat-odvolani\" target=\"_blank\" rel=\"noreferrer noopener\">JAK PODAT ODVOL\u00c1N\u00cd<\/a><\/div>\n<\/div>\n<\/div>\n<\/div>\n<\/div><\/div>\n<\/div><\/div>\n\n\n\n<div style=\"height:20px\" aria-hidden=\"true\" class=\"wp-block-spacer\"><\/div>\n\n\n\n<div class=\"wp-block-cover alignfull\" style=\"min-height:300px;aspect-ratio:unset;\"><span aria-hidden=\"true\" class=\"wp-block-cover__background has-neve-link-color-background-color has-background-dim-80 has-background-dim\"><\/span><div class=\"wp-block-cover__inner-container is-layout-flow wp-block-cover-is-layout-flow\">\n<p><\/p>\n\n\n\n<h2 class=\"wp-block-heading has-text-align-center has-nv-text-dark-bg-color has-text-color\">P\u0159ihlaste se Pr\u00e1vnickou fakultu <br>Univerzity Karlovy!<\/h2>\n\n\n\n<p class=\"has-text-align-center has-nv-site-bg-color has-text-color has-link-color has-medium-font-size wp-elements-674b97d6d30b7465876d1105afcd254c\"><strong>P\u0159ijet\u00ed ke studiu je pouze ve va\u0161ich rukou!<\/strong><\/p>\n\n\n\n<div class=\"wp-block-buttons is-horizontal is-content-justification-center is-layout-flex wp-container-core-buttons-is-layout-4 wp-block-buttons-is-layout-flex\">\n<div class=\"wp-block-button is-style-primary\"><a class=\"wp-block-button__link wp-element-button\" href=\"https:\/\/is.cuni.cz\/studium\/prijimacky\/index.php?do=detail_obor&amp;id_obor=34229\" target=\"_blank\" rel=\"noreferrer noopener\">PODAT P\u0158IHL\u00c1\u0160KU<\/a><\/div>\n<\/div>\n\n\n\n<p><\/p>\n<\/div><\/div>\n","protected":false},"excerpt":{"rendered":"<p>P\u0159ijet\u00ed na Pr\u00e1vnickou fakultu<\/p>\n","protected":false},"author":2,"featured_media":0,"parent":0,"menu_order":0,"comment_status":"closed","ping_status":"closed","template":"","meta":{"_kad_blocks_custom_css":"","_kad_blocks_head_custom_js":"","_kad_blocks_body_custom_js":"","_kad_blocks_footer_custom_js":"","_monsterinsights_skip_tracking":false,"_monsterinsights_sitenote_active":false,"_monsterinsights_sitenote_note":"","_monsterinsights_sitenote_category":0,"neve_meta_sidebar":"default","neve_meta_container":"","neve_meta_enable_content_width":"on","neve_meta_content_width":100,"neve_meta_title_alignment":"","neve_meta_author_avatar":"","neve_post_elements_order":"","neve_meta_disable_header":"","neve_meta_disable_footer":"","neve_meta_disable_title":"on","_kadence_starter_templates_imported_post":false,"footnotes":""},"class_list":["post-915","page","type-page","status-publish","hentry"],"aioseo_notices":[],"taxonomy_info":[],"featured_image_src_large":false,"author_info":{"display_name":"sojka","author_link":"https:\/\/law.prf.cuni.cz\/pravavpraze\/author\/sojka\/"},"comment_info":0,"_links":{"self":[{"href":"https:\/\/law.prf.cuni.cz\/pravavpraze\/wp-json\/wp\/v2\/pages\/915","targetHints":{"allow":["GET"]}}],"collection":[{"href":"https:\/\/law.prf.cuni.cz\/pravavpraze\/wp-json\/wp\/v2\/pages"}],"about":[{"href":"https:\/\/law.prf.cuni.cz\/pravavpraze\/wp-json\/wp\/v2\/types\/page"}],"author":[{"embeddable":true,"href":"https:\/\/law.prf.cuni.cz\/pravavpraze\/wp-json\/wp\/v2\/users\/2"}],"replies":[{"embeddable":true,"href":"https:\/\/law.prf.cuni.cz\/pravavpraze\/wp-json\/wp\/v2\/comments?post=915"}],"version-history":[{"count":34,"href":"https:\/\/law.prf.cuni.cz\/pravavpraze\/wp-json\/wp\/v2\/pages\/915\/revisions"}],"predecessor-version":[{"id":2428,"href":"https:\/\/law.prf.cuni.cz\/pravavpraze\/wp-json\/wp\/v2\/pages\/915\/revisions\/2428"}],"wp:attachment":[{"href":"https:\/\/law.prf.cuni.cz\/pravavpraze\/wp-json\/wp\/v2\/media?parent=915"}],"curies":[{"name":"wp","href":"https:\/\/api.w.org\/{rel}","templated":true}]}}