{"id":478,"date":"2021-10-06T09:57:03","date_gmt":"2021-10-06T08:57:03","guid":{"rendered":"http:\/\/pravavpraze.fun\/?page_id=478"},"modified":"2025-11-03T11:35:25","modified_gmt":"2025-11-03T10:35:25","slug":"prijimaci-rizeni","status":"publish","type":"page","link":"https:\/\/law.prf.cuni.cz\/pravavpraze\/prijimaci-rizeni\/","title":{"rendered":"P\u0159ij\u00edmac\u00ed \u0159\u00edzen\u00ed na Pr\u00e1vnick\u00e9 fakult\u011b UK"},"content":{"rendered":"\n<div style=\"height:15px\" aria-hidden=\"true\" class=\"wp-block-spacer\"><\/div>\n\n\n<div class=\"wp-block-image\">\n<figure class=\"aligncenter size-full\"><img loading=\"lazy\" decoding=\"async\" width=\"1024\" height=\"576\" src=\"https:\/\/law.prf.cuni.cz\/pravavpraze\/wp-content\/uploads\/sites\/2\/2023\/10\/26.png\" alt=\"\" class=\"wp-image-2191\"\/><\/figure><\/div>\n\n\n<div style=\"height:80px\" aria-hidden=\"true\" class=\"wp-block-spacer\"><\/div>\n\n\n\n<h1 class=\"wp-block-heading has-text-align-center has-neve-link-hover-color-color has-text-color\">P\u0159ij\u00edmac\u00ed \u0159\u00edzen\u00ed na Pr\u00e1vnick\u00e9 fakult\u011b UK<\/h1>\n\n\n\n<div class=\"wp-block-cover\" style=\"min-height:300px;aspect-ratio:unset;\"><span aria-hidden=\"true\" class=\"wp-block-cover__background has-nv-text-dark-bg-background-color has-background-dim-100 has-background-dim\"><\/span><div class=\"wp-block-cover__inner-container is-layout-flow wp-block-cover-is-layout-flow\">\n<div class=\"wp-block-group\"><div class=\"wp-block-group__inner-container is-layout-flow wp-block-group-is-layout-flow\">\n<div style=\"height:1px\" aria-hidden=\"true\" class=\"wp-block-spacer\"><\/div>\n\n\n\n<div class=\"wp-block-columns are-vertically-aligned-center has-nv-dark-bg-color has-nv-site-bg-background-color has-text-color has-background is-layout-flex wp-container-core-columns-is-layout-1 wp-block-columns-is-layout-flex\">\n<div class=\"wp-block-column is-vertically-aligned-center is-layout-flow wp-block-column-is-layout-flow\" style=\"flex-basis:50%\">\n<figure class=\"wp-block-image size-full is-style-default\"><img loading=\"lazy\" decoding=\"async\" width=\"600\" height=\"600\" src=\"https:\/\/law.prf.cuni.cz\/pravavpraze\/wp-content\/uploads\/sites\/2\/2023\/10\/B.png\" alt=\"\" class=\"wp-image-2193\"\/><\/figure>\n<\/div>\n\n\n\n<div class=\"wp-block-column is-vertically-aligned-center has-nv-text-dark-bg-color has-text-color is-layout-flow wp-block-column-is-layout-flow\" style=\"flex-basis:50%\">\n<div style=\"height:20px\" aria-hidden=\"true\" class=\"wp-block-spacer\"><\/div>\n\n\n\n<h2 class=\"wp-block-heading has-text-align-left has-neve-text-color-color has-text-color\">Podm\u00ednky p\u0159ijet\u00ed <br>ke studiu<\/h2>\n\n\n\n<p class=\"has-text-align-left has-neve-text-color-color has-text-color\" style=\"font-size:17px\">do <strong>magistersk\u00e9ho studijn\u00edho programu Pr\u00e1vo a pr\u00e1vn\u00ed v\u011bda<\/strong> bez specializace uskute\u010d\u0148ovan\u00e9ho na Pr\u00e1vnick\u00e9 fakult\u011b UK pro akademick\u00fd rok<strong> 2026\/2027<\/strong>.<\/p>\n\n\n\n<div class=\"wp-block-buttons is-horizontal is-content-justification-center is-layout-flex wp-container-core-buttons-is-layout-1 wp-block-buttons-is-layout-flex\">\n<div class=\"wp-block-button is-style-primary\"><a class=\"wp-block-button__link wp-element-button\" href=\"https:\/\/www.prf.cuni.cz\/magisterske-studium-mgr\/podminky-pro-prijeti-ke-studiu-20222023\" target=\"_blank\" rel=\"noreferrer noopener\">V\u00cdCE ZDE<\/a><\/div>\n<\/div>\n<\/div>\n<\/div>\n\n\n\n<div style=\"height:40px\" aria-hidden=\"true\" class=\"wp-block-spacer\"><\/div>\n<\/div><\/div>\n<\/div><\/div>\n\n\n\n<div class=\"wp-block-cover\" style=\"min-height:600px;aspect-ratio:unset;\"><span aria-hidden=\"true\" class=\"wp-block-cover__background has-nv-light-bg-background-color has-background-dim-100 has-background-dim\"><\/span><div class=\"wp-block-cover__inner-container is-layout-flow wp-block-cover-is-layout-flow\">\n<div class=\"wp-block-group\"><div class=\"wp-block-group__inner-container is-layout-flow wp-block-group-is-layout-flow\">\n<div style=\"height:80px\" aria-hidden=\"true\" class=\"wp-block-spacer\"><\/div>\n\n\n\n<div class=\"wp-block-columns are-vertically-aligned-center has-nv-dark-bg-color has-nv-light-bg-background-color has-text-color has-background is-layout-flex wp-container-core-columns-is-layout-2 wp-block-columns-is-layout-flex\">\n<div class=\"wp-block-column is-vertically-aligned-center is-layout-flow wp-block-column-is-layout-flow\" style=\"flex-basis:50%\">\n<h2 class=\"wp-block-heading has-text-align-left has-neve-link-color-color has-text-color\">Harmonogram p\u0159ij\u00edmac\u00edho \u0159\u00edzen\u00ed<\/h2>\n\n\n\n<p class=\"has-text-align-left has-neve-link-color-color has-text-color\" style=\"font-size:17px\"><strong>Harmonogram p\u0159ij\u00edmac\u00edho \u0159\u00edzen\u00ed<\/strong> pro studium od ak. roku <strong>2026\/2027<\/strong> na Pr\u00e1vnick\u00e9 fakult\u011b UK.<\/p>\n\n\n\n<div class=\"wp-block-buttons is-horizontal is-content-justification-center is-layout-flex wp-container-core-buttons-is-layout-2 wp-block-buttons-is-layout-flex\">\n<div class=\"wp-block-button is-style-primary\"><a class=\"wp-block-button__link wp-element-button\" href=\"https:\/\/www.prf.cuni.cz\/magisterske-studium-mgr\/harmonogram-prijimaciho-rizeni-pro-ak-rok-20222023\" target=\"_blank\" rel=\"noreferrer noopener\">V\u00cdCE ZDE<\/a><\/div>\n<\/div>\n\n\n\n<div style=\"height:40px\" aria-hidden=\"true\" class=\"wp-block-spacer\"><\/div>\n<\/div>\n\n\n\n<div class=\"wp-block-column is-vertically-aligned-center is-layout-flow wp-block-column-is-layout-flow\" style=\"flex-basis:50%\">\n<figure class=\"wp-block-image size-full\"><img loading=\"lazy\" decoding=\"async\" width=\"600\" height=\"600\" src=\"https:\/\/law.prf.cuni.cz\/pravavpraze\/wp-content\/uploads\/sites\/2\/2023\/10\/40.png\" alt=\"\" class=\"wp-image-2195\"\/><\/figure>\n<\/div>\n<\/div>\n<\/div><\/div>\n<\/div><\/div>\n\n\n\n<div class=\"wp-block-cover\" style=\"min-height:600px;aspect-ratio:unset;\"><span aria-hidden=\"true\" class=\"wp-block-cover__background has-nv-site-bg-background-color has-background-dim-100 has-background-dim\"><\/span><div class=\"wp-block-cover__inner-container is-layout-flow wp-block-cover-is-layout-flow\">\n<div class=\"wp-block-group\"><div class=\"wp-block-group__inner-container is-layout-flow wp-block-group-is-layout-flow\">\n<div style=\"height:80px\" aria-hidden=\"true\" class=\"wp-block-spacer\"><\/div>\n\n\n\n<div class=\"wp-block-columns are-vertically-aligned-center has-nv-dark-bg-color has-nv-site-bg-background-color has-text-color has-background is-layout-flex wp-container-core-columns-is-layout-3 wp-block-columns-is-layout-flex\">\n<div class=\"wp-block-column is-vertically-aligned-center is-layout-flow wp-block-column-is-layout-flow\" style=\"flex-basis:50%\">\n<figure class=\"wp-block-image size-full\"><img loading=\"lazy\" decoding=\"async\" width=\"600\" height=\"600\" src=\"https:\/\/law.prf.cuni.cz\/pravavpraze\/wp-content\/uploads\/sites\/2\/2023\/10\/23.png\" alt=\"\" class=\"wp-image-2185\"\/><\/figure>\n<\/div>\n\n\n\n<div class=\"wp-block-column is-vertically-aligned-center is-layout-flow wp-block-column-is-layout-flow\" style=\"flex-basis:50%\">\n<div style=\"height:40px\" aria-hidden=\"true\" class=\"wp-block-spacer\"><\/div>\n\n\n\n<h2 class=\"wp-block-heading has-text-align-left has-nv-dark-bg-color has-text-color\">Uchaze\u010di se speci\u00e1ln\u00edmi pot\u0159ebami<\/h2>\n\n\n\n<p class=\"has-text-align-left has-nv-dark-bg-color has-text-color\" style=\"font-size:17px\">Univerzita Karlova <strong>poskytuje<\/strong> uchaze\u010dk\u00e1m\/uchaze\u010d\u016fm o studium se speci\u00e1ln\u00edmi pot\u0159ebami <strong>podporu<\/strong> v podob\u011b modifikace p\u0159ij\u00edmac\u00edho \u0159\u00edzen\u00ed.<\/p>\n\n\n\n<div class=\"wp-block-buttons is-horizontal is-content-justification-center is-layout-flex wp-container-core-buttons-is-layout-3 wp-block-buttons-is-layout-flex\">\n<div class=\"wp-block-button is-style-primary\"><a class=\"wp-block-button__link wp-element-button\" href=\"https:\/\/www.prf.cuni.cz\/magisterske-studium-mgr\/uchazeci-se-specialnimi-potrebami\" target=\"_blank\" rel=\"noreferrer noopener\">V\u00cdCE ZDE<\/a><\/div>\n<\/div>\n<\/div>\n<\/div>\n\n\n\n<div style=\"height:40px\" aria-hidden=\"true\" class=\"wp-block-spacer\"><\/div>\n\n\n\n<p><\/p>\n<\/div><\/div>\n\n\n\n<p><\/p>\n<\/div><\/div>\n\n\n\n<div class=\"wp-block-cover\" style=\"min-height:600px;aspect-ratio:unset;\"><span aria-hidden=\"true\" class=\"wp-block-cover__background has-nv-light-bg-background-color has-background-dim-100 has-background-dim\"><\/span><div class=\"wp-block-cover__inner-container is-layout-flow wp-block-cover-is-layout-flow\">\n<div class=\"wp-block-group\"><div class=\"wp-block-group__inner-container is-layout-flow wp-block-group-is-layout-flow\">\n<div style=\"height:80px\" aria-hidden=\"true\" class=\"wp-block-spacer\"><\/div>\n\n\n\n<div class=\"wp-block-columns are-vertically-aligned-center has-nv-light-bg-background-color has-background is-layout-flex wp-container-core-columns-is-layout-4 wp-block-columns-is-layout-flex\">\n<div class=\"wp-block-column is-vertically-aligned-center is-layout-flow wp-block-column-is-layout-flow\" style=\"flex-basis:50%\">\n<h2 class=\"wp-block-heading has-text-align-left has-nv-dark-bg-color has-text-color\">Posouzen\u00ed zahrani\u010dn\u00edho  vzd\u011bl\u00e1n\u00ed<\/h2>\n\n\n\n<p class=\"has-text-align-left has-neve-link-color-color has-text-color\" style=\"font-size:17px\">Posouzen\u00ed <strong>zahrani\u010dn\u00edho <\/strong>st\u0159edo\u0161kolsk\u00e9ho a vysoko\u0161kolsk\u00e9ho vzd\u011bl\u00e1n\u00ed v r\u00e1mci p\u0159ij\u00edmac\u00edho \u0159\u00edzen\u00ed na Univerzit\u011b Karlov\u011b na ak. rok <strong>2026\/2027<\/strong>.<\/p>\n\n\n\n<div class=\"wp-block-buttons is-horizontal is-content-justification-center is-layout-flex wp-container-core-buttons-is-layout-4 wp-block-buttons-is-layout-flex\">\n<div class=\"wp-block-button is-style-primary\"><a class=\"wp-block-button__link wp-element-button\" href=\"https:\/\/www.prf.cuni.cz\/uchazeci\/informace-k-nostrifikaci-zahranicniho-vysvedceni-v-ramci-prijimaciho-rizeni\" target=\"_blank\" rel=\"noreferrer noopener\">V\u00cdCE ZDE<\/a><\/div>\n<\/div>\n\n\n\n<div style=\"height:40px\" aria-hidden=\"true\" class=\"wp-block-spacer\"><\/div>\n<\/div>\n\n\n\n<div class=\"wp-block-column is-vertically-aligned-center is-layout-flow wp-block-column-is-layout-flow\" style=\"flex-basis:50%\">\n<figure class=\"wp-block-image size-full\"><img loading=\"lazy\" decoding=\"async\" width=\"600\" height=\"600\" src=\"https:\/\/law.prf.cuni.cz\/pravavpraze\/wp-content\/uploads\/sites\/2\/2023\/10\/50.png\" alt=\"\" class=\"wp-image-2196\"\/><\/figure>\n<\/div>\n<\/div>\n<\/div><\/div>\n<\/div><\/div>\n\n\n\n<div style=\"height:20px\" aria-hidden=\"true\" class=\"wp-block-spacer\"><\/div>\n\n\n\n<div class=\"wp-block-cover alignfull\" style=\"min-height:300px;aspect-ratio:unset;\"><span aria-hidden=\"true\" class=\"wp-block-cover__background has-neve-link-color-background-color has-background-dim-80 has-background-dim\"><\/span><div class=\"wp-block-cover__inner-container is-layout-flow wp-block-cover-is-layout-flow\">\n<p><\/p>\n\n\n\n<h2 class=\"wp-block-heading has-text-align-center has-nv-text-dark-bg-color has-text-color\">P\u0159ihlaste se Pr\u00e1vnickou fakultu <br>Univerzity Karlovy! <\/h2>\n\n\n\n<p class=\"has-text-align-center has-nv-site-bg-color has-text-color has-link-color has-medium-font-size wp-elements-674b97d6d30b7465876d1105afcd254c\"><strong>P\u0159ijet\u00ed ke studiu je pouze ve va\u0161ich rukou!<\/strong><\/p>\n\n\n\n<div class=\"wp-block-buttons is-horizontal is-content-justification-center is-layout-flex wp-container-core-buttons-is-layout-5 wp-block-buttons-is-layout-flex\">\n<div class=\"wp-block-button is-style-primary\"><a class=\"wp-block-button__link wp-element-button\" href=\"https:\/\/is.cuni.cz\/studium\/prijimacky\/index.php?do=detail_obor&amp;id_obor=34229\" target=\"_blank\" rel=\"noreferrer noopener\">PODAT P\u0158IHL\u00c1\u0160KU<\/a><\/div>\n<\/div>\n\n\n\n<p><\/p>\n<\/div><\/div>\n","protected":false},"excerpt":{"rendered":"<p>P\u0159ij\u00edmac\u00ed \u0159\u00edzen\u00ed na Pr\u00e1vnick\u00e9 fakult\u011b UK<\/p>\n","protected":false},"author":2,"featured_media":0,"parent":0,"menu_order":0,"comment_status":"closed","ping_status":"closed","template":"","meta":{"_monsterinsights_skip_tracking":false,"_monsterinsights_sitenote_active":false,"_monsterinsights_sitenote_note":"","_monsterinsights_sitenote_category":0,"neve_meta_sidebar":"left","neve_meta_container":"default","neve_meta_enable_content_width":"on","neve_meta_content_width":100,"neve_meta_title_alignment":"center","neve_meta_author_avatar":"","neve_post_elements_order":"","neve_meta_disable_header":"","neve_meta_disable_footer":"","neve_meta_disable_title":"on","_kadence_starter_templates_imported_post":false,"footnotes":""},"class_list":["post-478","page","type-page","status-publish","hentry"],"aioseo_notices":[],"_links":{"self":[{"href":"https:\/\/law.prf.cuni.cz\/pravavpraze\/wp-json\/wp\/v2\/pages\/478","targetHints":{"allow":["GET"]}}],"collection":[{"href":"https:\/\/law.prf.cuni.cz\/pravavpraze\/wp-json\/wp\/v2\/pages"}],"about":[{"href":"https:\/\/law.prf.cuni.cz\/pravavpraze\/wp-json\/wp\/v2\/types\/page"}],"author":[{"embeddable":true,"href":"https:\/\/law.prf.cuni.cz\/pravavpraze\/wp-json\/wp\/v2\/users\/2"}],"replies":[{"embeddable":true,"href":"https:\/\/law.prf.cuni.cz\/pravavpraze\/wp-json\/wp\/v2\/comments?post=478"}],"version-history":[{"count":43,"href":"https:\/\/law.prf.cuni.cz\/pravavpraze\/wp-json\/wp\/v2\/pages\/478\/revisions"}],"predecessor-version":[{"id":2429,"href":"https:\/\/law.prf.cuni.cz\/pravavpraze\/wp-json\/wp\/v2\/pages\/478\/revisions\/2429"}],"wp:attachment":[{"href":"https:\/\/law.prf.cuni.cz\/pravavpraze\/wp-json\/wp\/v2\/media?parent=478"}],"curies":[{"name":"wp","href":"https:\/\/api.w.org\/{rel}","templated":true}]}}

Přijímací řízení na Právnické fakultě UK

<div style="height:15px" aria-hidden="true" class="wp-block-spacer"></div>


<div class="wp-block-image">
<figure class="aligncenter size-full"><img loading="lazy" decoding="async" width="1024" height="576" src="https://law.prf.cuni.cz/pravavpraze/wp-content/uploads/sites/2/2023/10/26.png" alt="" class="wp-image-2191"/></figure></div>


<div style="height:80px" aria-hidden="true" class="wp-block-spacer"></div>



<h1 class="wp-block-heading has-text-align-center has-neve-link-hover-color-color has-text-color">Přijímací řízení na Právnické fakultě UK</h1>



<div class="wp-block-cover" style="min-height:300px;aspect-ratio:unset;"><span aria-hidden="true" class="wp-block-cover__background has-nv-text-dark-bg-background-color has-background-dim-100 has-background-dim"></span><div class="wp-block-cover__inner-container is-layout-flow wp-block-cover-is-layout-flow">
<div class="wp-block-group"><div class="wp-block-group__inner-container is-layout-flow wp-block-group-is-layout-flow">
<div style="height:1px" aria-hidden="true" class="wp-block-spacer"></div>



<div class="wp-block-columns are-vertically-aligned-center has-nv-dark-bg-color has-nv-site-bg-background-color has-text-color has-background is-layout-flex wp-container-core-columns-is-layout-1 wp-block-columns-is-layout-flex">
<div class="wp-block-column is-vertically-aligned-center is-layout-flow wp-block-column-is-layout-flow" style="flex-basis:50%">
<figure class="wp-block-image size-full is-style-default"><img loading="lazy" decoding="async" width="600" height="600" src="https://law.prf.cuni.cz/pravavpraze/wp-content/uploads/sites/2/2023/10/B.png" alt="" class="wp-image-2193"/></figure>
</div>



<div class="wp-block-column is-vertically-aligned-center has-nv-text-dark-bg-color has-text-color is-layout-flow wp-block-column-is-layout-flow" style="flex-basis:50%">
<div style="height:20px" aria-hidden="true" class="wp-block-spacer"></div>



<h2 class="wp-block-heading has-text-align-left has-neve-text-color-color has-text-color">Podmínky přijetí <br>ke studiu</h2>



<p class="has-text-align-left has-neve-text-color-color has-text-color" style="font-size:17px">do <strong>magisterského studijního programu Právo a právní věda</strong> bez specializace uskutečňovaného na Právnické fakultě UK pro akademický rok<strong> 2026/2027</strong>.</p>



<div class="wp-block-buttons is-horizontal is-content-justification-center is-layout-flex wp-container-core-buttons-is-layout-1 wp-block-buttons-is-layout-flex">
<div class="wp-block-button is-style-primary"><a class="wp-block-button__link wp-element-button" href="https://www.prf.cuni.cz/magisterske-studium-mgr/podminky-pro-prijeti-ke-studiu-20222023" target="_blank" rel="noreferrer noopener">VÍCE ZDE</a></div>
</div>
</div>
</div>



<div style="height:40px" aria-hidden="true" class="wp-block-spacer"></div>
</div></div>
</div></div>



<div class="wp-block-cover" style="min-height:600px;aspect-ratio:unset;"><span aria-hidden="true" class="wp-block-cover__background has-nv-light-bg-background-color has-background-dim-100 has-background-dim"></span><div class="wp-block-cover__inner-container is-layout-flow wp-block-cover-is-layout-flow">
<div class="wp-block-group"><div class="wp-block-group__inner-container is-layout-flow wp-block-group-is-layout-flow">
<div style="height:80px" aria-hidden="true" class="wp-block-spacer"></div>



<div class="wp-block-columns are-vertically-aligned-center has-nv-dark-bg-color has-nv-light-bg-background-color has-text-color has-background is-layout-flex wp-container-core-columns-is-layout-2 wp-block-columns-is-layout-flex">
<div class="wp-block-column is-vertically-aligned-center is-layout-flow wp-block-column-is-layout-flow" style="flex-basis:50%">
<h2 class="wp-block-heading has-text-align-left has-neve-link-color-color has-text-color">Harmonogram přijímacího řízení</h2>



<p class="has-text-align-left has-neve-link-color-color has-text-color" style="font-size:17px"><strong>Harmonogram přijímacího řízení</strong> pro studium od ak. roku <strong>2026/2027</strong> na Právnické fakultě UK.</p>



<div class="wp-block-buttons is-horizontal is-content-justification-center is-layout-flex wp-container-core-buttons-is-layout-2 wp-block-buttons-is-layout-flex">
<div class="wp-block-button is-style-primary"><a class="wp-block-button__link wp-element-button" href="https://www.prf.cuni.cz/magisterske-studium-mgr/harmonogram-prijimaciho-rizeni-pro-ak-rok-20222023" target="_blank" rel="noreferrer noopener">VÍCE ZDE</a></div>
</div>



<div style="height:40px" aria-hidden="true" class="wp-block-spacer"></div>
</div>



<div class="wp-block-column is-vertically-aligned-center is-layout-flow wp-block-column-is-layout-flow" style="flex-basis:50%">
<figure class="wp-block-image size-full"><img loading="lazy" decoding="async" width="600" height="600" src="https://law.prf.cuni.cz/pravavpraze/wp-content/uploads/sites/2/2023/10/40.png" alt="" class="wp-image-2195"/></figure>
</div>
</div>
</div></div>
</div></div>



<div class="wp-block-cover" style="min-height:600px;aspect-ratio:unset;"><span aria-hidden="true" class="wp-block-cover__background has-nv-site-bg-background-color has-background-dim-100 has-background-dim"></span><div class="wp-block-cover__inner-container is-layout-flow wp-block-cover-is-layout-flow">
<div class="wp-block-group"><div class="wp-block-group__inner-container is-layout-flow wp-block-group-is-layout-flow">
<div style="height:80px" aria-hidden="true" class="wp-block-spacer"></div>



<div class="wp-block-columns are-vertically-aligned-center has-nv-dark-bg-color has-nv-site-bg-background-color has-text-color has-background is-layout-flex wp-container-core-columns-is-layout-3 wp-block-columns-is-layout-flex">
<div class="wp-block-column is-vertically-aligned-center is-layout-flow wp-block-column-is-layout-flow" style="flex-basis:50%">
<figure class="wp-block-image size-full"><img loading="lazy" decoding="async" width="600" height="600" src="https://law.prf.cuni.cz/pravavpraze/wp-content/uploads/sites/2/2023/10/23.png" alt="" class="wp-image-2185"/></figure>
</div>



<div class="wp-block-column is-vertically-aligned-center is-layout-flow wp-block-column-is-layout-flow" style="flex-basis:50%">
<div style="height:40px" aria-hidden="true" class="wp-block-spacer"></div>



<h2 class="wp-block-heading has-text-align-left has-nv-dark-bg-color has-text-color">Uchazeči se speciálními potřebami</h2>



<p class="has-text-align-left has-nv-dark-bg-color has-text-color" style="font-size:17px">Univerzita Karlova <strong>poskytuje</strong> uchazečkám/uchazečům o studium se speciálními potřebami <strong>podporu</strong> v podobě modifikace přijímacího řízení.</p>



<div class="wp-block-buttons is-horizontal is-content-justification-center is-layout-flex wp-container-core-buttons-is-layout-3 wp-block-buttons-is-layout-flex">
<div class="wp-block-button is-style-primary"><a class="wp-block-button__link wp-element-button" href="https://www.prf.cuni.cz/magisterske-studium-mgr/uchazeci-se-specialnimi-potrebami" target="_blank" rel="noreferrer noopener">VÍCE ZDE</a></div>
</div>
</div>
</div>



<div style="height:40px" aria-hidden="true" class="wp-block-spacer"></div>



<p></p>
</div></div>



<p></p>
</div></div>



<div class="wp-block-cover" style="min-height:600px;aspect-ratio:unset;"><span aria-hidden="true" class="wp-block-cover__background has-nv-light-bg-background-color has-background-dim-100 has-background-dim"></span><div class="wp-block-cover__inner-container is-layout-flow wp-block-cover-is-layout-flow">
<div class="wp-block-group"><div class="wp-block-group__inner-container is-layout-flow wp-block-group-is-layout-flow">
<div style="height:80px" aria-hidden="true" class="wp-block-spacer"></div>



<div class="wp-block-columns are-vertically-aligned-center has-nv-light-bg-background-color has-background is-layout-flex wp-container-core-columns-is-layout-4 wp-block-columns-is-layout-flex">
<div class="wp-block-column is-vertically-aligned-center is-layout-flow wp-block-column-is-layout-flow" style="flex-basis:50%">
<h2 class="wp-block-heading has-text-align-left has-nv-dark-bg-color has-text-color">Posouzení zahraničního  vzdělání</h2>



<p class="has-text-align-left has-neve-link-color-color has-text-color" style="font-size:17px">Posouzení <strong>zahraničního </strong>středoškolského a vysokoškolského vzdělání v rámci přijímacího řízení na Univerzitě Karlově na ak. rok <strong>2026/2027</strong>.</p>



<div class="wp-block-buttons is-horizontal is-content-justification-center is-layout-flex wp-container-core-buttons-is-layout-4 wp-block-buttons-is-layout-flex">
<div class="wp-block-button is-style-primary"><a class="wp-block-button__link wp-element-button" href="https://www.prf.cuni.cz/uchazeci/informace-k-nostrifikaci-zahranicniho-vysvedceni-v-ramci-prijimaciho-rizeni" target="_blank" rel="noreferrer noopener">VÍCE ZDE</a></div>
</div>



<div style="height:40px" aria-hidden="true" class="wp-block-spacer"></div>
</div>



<div class="wp-block-column is-vertically-aligned-center is-layout-flow wp-block-column-is-layout-flow" style="flex-basis:50%">
<figure class="wp-block-image size-full"><img loading="lazy" decoding="async" width="600" height="600" src="https://law.prf.cuni.cz/pravavpraze/wp-content/uploads/sites/2/2023/10/50.png" alt="" class="wp-image-2196"/></figure>
</div>
</div>
</div></div>
</div></div>



<div style="height:20px" aria-hidden="true" class="wp-block-spacer"></div>



<div class="wp-block-cover alignfull" style="min-height:300px;aspect-ratio:unset;"><span aria-hidden="true" class="wp-block-cover__background has-neve-link-color-background-color has-background-dim-80 has-background-dim"></span><div class="wp-block-cover__inner-container is-layout-flow wp-block-cover-is-layout-flow">
<p></p>



<h2 class="wp-block-heading has-text-align-center has-nv-text-dark-bg-color has-text-color">Přihlaste se Právnickou fakultu <br>Univerzity Karlovy! </h2>



<p class="has-text-align-center has-nv-site-bg-color has-text-color has-link-color has-medium-font-size wp-elements-674b97d6d30b7465876d1105afcd254c"><strong>Přijetí ke studiu je pouze ve vašich rukou!</strong></p>



<div class="wp-block-buttons is-horizontal is-content-justification-center is-layout-flex wp-container-core-buttons-is-layout-5 wp-block-buttons-is-layout-flex">
<div class="wp-block-button is-style-primary"><a class="wp-block-button__link wp-element-button" href="https://is.cuni.cz/studium/prijimacky/index.php?do=detail_obor&amp;id_obor=34229" target="_blank" rel="noreferrer noopener">PODAT PŘIHLÁŠKU</a></div>
</div>



<p></p>
</div></div>

<p>Přijímací řízení na Právnické fakultě UK</p>
