{"id":2674,"date":"2025-03-23T22:13:07","date_gmt":"2025-03-23T21:13:07","guid":{"rendered":"https:\/\/law.prf.cuni.cz\/migration\/?page_id=2674"},"modified":"2025-05-27T15:12:34","modified_gmt":"2025-05-27T13:12:34","slug":"videa-uprchlik","status":"publish","type":"page","link":"https:\/\/law.prf.cuni.cz\/migration\/videa-uprchlik\/","title":{"rendered":"S\u00e9rie vide\u00ed \u201eUprchl\u00edk\u201c"},"content":{"rendered":"<style>.kb-row-layout-id2674_ae2951-f6 > .kt-row-column-wrap{align-content:start;}:where(.kb-row-layout-id2674_ae2951-f6 > .kt-row-column-wrap) > .wp-block-kadence-column{justify-content:start;}.kb-row-layout-id2674_ae2951-f6 > .kt-row-column-wrap{column-gap:var(--global-kb-gap-md, 2rem);row-gap:var(--global-kb-gap-md, 2rem);max-width:960px;margin-left:auto;margin-right:auto;grid-template-columns:minmax(0, 1fr);}.kb-row-layout-id2674_ae2951-f6 > .kt-row-layout-overlay{opacity:0.30;}@media all and (max-width: 1024px){.kb-row-layout-id2674_ae2951-f6 > .kt-row-column-wrap{grid-template-columns:minmax(0, 1fr);}}@media all and (max-width: 767px){.kb-row-layout-id2674_ae2951-f6 > .kt-row-column-wrap{grid-template-columns:minmax(0, 1fr);}}<\/style><div class=\"kb-row-layout-wrap kb-row-layout-id2674_ae2951-f6 alignfull has-theme-palette9-background-color kt-row-has-bg wp-block-kadence-rowlayout\"><div class=\"kt-row-column-wrap kt-has-1-columns kt-row-layout-equal kt-tab-layout-inherit kt-mobile-layout-row kt-row-valign-top\">\n<style>.kadence-column2674_6ad6f9-ba > .kt-inside-inner-col{display:flex;}.kadence-column2674_6ad6f9-ba > .kt-inside-inner-col,.kadence-column2674_6ad6f9-ba > .kt-inside-inner-col:before{border-top-left-radius:0px;border-top-right-radius:0px;border-bottom-right-radius:0px;border-bottom-left-radius:0px;}.kadence-column2674_6ad6f9-ba > .kt-inside-inner-col{column-gap:var(--global-kb-gap-sm, 1rem);}.kadence-column2674_6ad6f9-ba > .kt-inside-inner-col{flex-direction:column;align-items:center;}.kadence-column2674_6ad6f9-ba > .kt-inside-inner-col > .kb-image-is-ratio-size{align-self:stretch;}.kadence-column2674_6ad6f9-ba > .kt-inside-inner-col > .wp-block-kadence-advancedgallery{align-self:stretch;}.kadence-column2674_6ad6f9-ba > .kt-inside-inner-col > .aligncenter{width:100%;}.kadence-column2674_6ad6f9-ba > .kt-inside-inner-col:before{opacity:0.3;}.kadence-column2674_6ad6f9-ba{position:relative;}@media all and (max-width: 1024px){.kadence-column2674_6ad6f9-ba > .kt-inside-inner-col{flex-direction:column;justify-content:center;align-items:center;}}@media all and (max-width: 767px){.kadence-column2674_6ad6f9-ba > .kt-inside-inner-col{flex-direction:column;justify-content:center;align-items:center;}}<\/style>\n<div class=\"wp-block-kadence-column kadence-column2674_6ad6f9-ba inner-column-1\"><div class=\"kt-inside-inner-col\"><style>.wp-block-kadence-advancedheading.kt-adv-heading2674_72789c-52, .wp-block-kadence-advancedheading.kt-adv-heading2674_72789c-52[data-kb-block=\"kb-adv-heading2674_72789c-52\"]{margin-top:0px;margin-bottom:0px;text-align:center;font-size:var(--global-kb-font-size-md, 1.25rem);line-height:1.8;font-style:normal;font-family:var( --global-heading-font-family, inherit );}.wp-block-kadence-advancedheading.kt-adv-heading2674_72789c-52 mark.kt-highlight, .wp-block-kadence-advancedheading.kt-adv-heading2674_72789c-52[data-kb-block=\"kb-adv-heading2674_72789c-52\"] mark.kt-highlight{font-style:normal;color:#f76a0c;-webkit-box-decoration-break:clone;box-decoration-break:clone;padding-top:0px;padding-right:0px;padding-bottom:0px;padding-left:0px;}@media all and (max-width: 1024px){.wp-block-kadence-advancedheading.kt-adv-heading2674_72789c-52, .wp-block-kadence-advancedheading.kt-adv-heading2674_72789c-52[data-kb-block=\"kb-adv-heading2674_72789c-52\"]{font-size:36px;line-height:1.3;}}@media all and (max-width: 767px){.wp-block-kadence-advancedheading.kt-adv-heading2674_72789c-52, .wp-block-kadence-advancedheading.kt-adv-heading2674_72789c-52[data-kb-block=\"kb-adv-heading2674_72789c-52\"]{font-size:28px;line-height:1.3;}}<\/style>\n<p class=\"kt-adv-heading2674_72789c-52 wp-block-kadence-advancedheading has-kb-palette-1-color has-text-color\" data-kb-block=\"kb-adv-heading2674_72789c-52\">D\u00edky podpo\u0159e UNHCR \u010cesk\u00e1 republika vznikla v&nbsp;roce 2024 \u010dty\u0159d\u00edln\u00e1 s\u00e9rie vide\u00ed s&nbsp;n\u00e1zvem <strong>Uprchl\u00edk. <\/strong>S\u00e9rie p\u0159edstavuje atraktivn\u00ed formou \u0161irok\u00e9 ve\u0159ejnosti z\u00e1kladn\u00ed pr\u00e1vn\u00ed koncepty uprchlictv\u00ed se t\u00fdkaj\u00edc\u00ed a p\u0159ibli\u017euje tak\u00e9 d\u016fvody, pro\u010d se lid\u00e9 mohou na nejistou cestu vydat.<br>Nat\u00e1\u010den\u00ed prob\u00edhalo z velk\u00e9 \u010d\u00e1sti v prostor\u00e1ch Pr\u00e1vnick\u00e9 fakulty UK, ale tak\u00e9 v les\u00edch, na pra\u017esk\u00e9m leti\u0161ti, v p\u0159\u0133\u00edmac\u00edm st\u0159edisku a p\u0159ed budovou Ministerstva vnitra. Sc\u00e9n\u00e1\u0159 vytvo\u0159ila S\u00e1ra Bar\u010d\u00e1kov\u00e1 spolu s Konstantinem Sulimenko, kameru a st\u0159ih zajistil Ted Burski. Ve vide\u00edch vystupuj\u00ed studenti, studentky a absolventi Pr\u00e1vnick\u00e9 fakulty Univerzity Karlovy.<\/p>\n<\/div><\/div>\n\n<\/div><\/div>\n\n<style>.kadence-column2674_dd34aa-a3 > .kt-inside-inner-col,.kadence-column2674_dd34aa-a3 > .kt-inside-inner-col:before{border-top-left-radius:0px;border-top-right-radius:0px;border-bottom-right-radius:0px;border-bottom-left-radius:0px;}.kadence-column2674_dd34aa-a3 > .kt-inside-inner-col{column-gap:var(--global-kb-gap-sm, 1rem);}.kadence-column2674_dd34aa-a3 > .kt-inside-inner-col{flex-direction:column;}.kadence-column2674_dd34aa-a3 > .kt-inside-inner-col > .aligncenter{width:100%;}.kadence-column2674_dd34aa-a3 > .kt-inside-inner-col:before{opacity:0.3;}.kadence-column2674_dd34aa-a3{position:relative;}@media all and (max-width: 1024px){.kadence-column2674_dd34aa-a3 > .kt-inside-inner-col{flex-direction:column;justify-content:center;}}@media all and (max-width: 767px){.kadence-column2674_dd34aa-a3 > .kt-inside-inner-col{flex-direction:column;justify-content:center;}}<\/style>\n<div class=\"wp-block-kadence-column kadence-column2674_dd34aa-a3\"><div class=\"kt-inside-inner-col\"><style>.wp-block-kadence-spacer.kt-block-spacer-2674_067821-c9 .kt-block-spacer{height:60px;}.wp-block-kadence-spacer.kt-block-spacer-2674_067821-c9 .kt-divider{border-top-width:2px;border-top-color:var(--global-palette2, #2B6CB0);width:80%;border-top-style:solid;}<\/style>\n<div class=\"wp-block-kadence-spacer aligncenter kt-block-spacer-2674_067821-c9\"><div class=\"kt-block-spacer kt-block-spacer-halign-center\"><hr class=\"kt-divider\" \/><\/div><\/div>\n<\/div><\/div>\n\n\n<style>.kb-row-layout-id2674_aa32d0-46 > .kt-row-column-wrap{align-content:start;}:where(.kb-row-layout-id2674_aa32d0-46 > .kt-row-column-wrap) > .wp-block-kadence-column{justify-content:start;}.kb-row-layout-id2674_aa32d0-46 > .kt-row-column-wrap{column-gap:var(--global-kb-gap-lg, 4rem);row-gap:var(--global-kb-gap-md, 2rem);max-width:var( --global-content-width, 1290px );padding-left:var(--global-content-edge-padding);padding-right:var(--global-content-edge-padding);padding-top:31px;padding-bottom:60px;grid-template-columns:repeat(2, minmax(0, 1fr));}.kb-row-layout-id2674_aa32d0-46 > .kt-row-layout-overlay{opacity:0.30;}@media all and (max-width: 1024px){.kb-row-layout-id2674_aa32d0-46 > .kt-row-column-wrap{column-gap:var(--global-kb-gap-md, 2rem);grid-template-columns:repeat(2, minmax(0, 1fr));}}@media all and (max-width: 767px){.kb-row-layout-id2674_aa32d0-46 > .kt-row-column-wrap{grid-template-columns:minmax(0, 1fr);}}<\/style><div class=\"kb-row-layout-wrap kb-row-layout-id2674_aa32d0-46 alignfull has-theme-palette9-background-color kt-row-has-bg wp-block-kadence-rowlayout\"><div class=\"kt-row-column-wrap kt-has-2-columns kt-row-layout-equal kt-tab-layout-inherit kt-mobile-layout-row kt-row-valign-top kb-theme-content-width\">\n<style>.kadence-column2674_3db5e7-8b > .kt-inside-inner-col,.kadence-column2674_3db5e7-8b > .kt-inside-inner-col:before{border-top-left-radius:0px;border-top-right-radius:0px;border-bottom-right-radius:0px;border-bottom-left-radius:0px;}.kadence-column2674_3db5e7-8b > .kt-inside-inner-col{column-gap:var(--global-kb-gap-sm, 1rem);}.kadence-column2674_3db5e7-8b > .kt-inside-inner-col{flex-direction:column;}.kadence-column2674_3db5e7-8b > .kt-inside-inner-col > .aligncenter{width:100%;}.kadence-column2674_3db5e7-8b{position:relative;}@media all and (max-width: 1024px){.kadence-column2674_3db5e7-8b > .kt-inside-inner-col{flex-direction:column;justify-content:center;}}@media all and (max-width: 767px){.kadence-column2674_3db5e7-8b > .kt-inside-inner-col{flex-direction:column;justify-content:center;}}<\/style>\n<div class=\"wp-block-kadence-column kadence-column2674_3db5e7-8b kb-section-dir-vertical kb-section-md-dir-vertical inner-column-2\"><div class=\"kt-inside-inner-col\">\n<div id=\"section-g-77775l3\" class=\"wp-block-gutentor-e6 section-g-77775l3 gutentor-element gutentor-element-image\"><div class=\"gutentor-element-image-box\"><a class=\"gutentor-element-image-link\" href=\"https:\/\/www.youtube.com\/playlist?list=PLaAC9FU2V9TRnsSxCuXwJLoROLM1UDBZh\" target=\"_blank\" rel=\" noopener noreferrer\"><div class=\"gutentor-image-thumb\"><img decoding=\"async\" class=\"normal-image\" src=\"https:\/\/law.prf.cuni.cz\/migration\/wp-content\/uploads\/sites\/27\/2025\/02\/YT_final.png\" \/><\/div><\/a><\/div><\/div>\n<\/div><\/div>\n\n\n<style>.kadence-column2674_0fdefd-59 > .kt-inside-inner-col{display:flex;}.kadence-column2674_0fdefd-59 > .kt-inside-inner-col{padding-top:var(--global-kb-spacing-lg, 3rem);padding-bottom:var(--global-kb-spacing-lg, 3rem);}.kadence-column2674_0fdefd-59 > .kt-inside-inner-col,.kadence-column2674_0fdefd-59 > .kt-inside-inner-col:before{border-top-left-radius:0px;border-top-right-radius:0px;border-bottom-right-radius:0px;border-bottom-left-radius:0px;}.kadence-column2674_0fdefd-59 > .kt-inside-inner-col{column-gap:24px;}.kadence-column2674_0fdefd-59 > .kt-inside-inner-col{flex-direction:column;justify-content:flex-start;}.kadence-column2674_0fdefd-59 > .kt-inside-inner-col > .aligncenter{width:100%;}.kt-row-column-wrap > .kadence-column2674_0fdefd-59{align-self:flex-start;}.kt-inner-column-height-full:not(.kt-has-1-columns) > .wp-block-kadence-column.kadence-column2674_0fdefd-59{align-self:auto;}.kt-inner-column-height-full:not(.kt-has-1-columns) > .wp-block-kadence-column.kadence-column2674_0fdefd-59 > .kt-inside-inner-col{flex-direction:column;justify-content:flex-start;}.kadence-column2674_0fdefd-59 > .kt-inside-inner-col:before{opacity:0.3;}.kadence-column2674_0fdefd-59{text-align:left;}.kadence-column2674_0fdefd-59{position:relative;}@media all and (max-width: 1024px){.kt-row-column-wrap > .kadence-column2674_0fdefd-59{align-self:flex-start;}}@media all and (max-width: 1024px){.kt-inner-column-height-full:not(.kt-has-1-columns) > .wp-block-kadence-column.kadence-column2674_0fdefd-59{align-self:auto;}}@media all and (max-width: 1024px){.kt-inner-column-height-full:not(.kt-has-1-columns) > .wp-block-kadence-column.kadence-column2674_0fdefd-59 > .kt-inside-inner-col{flex-direction:column;justify-content:flex-start;}}@media all and (max-width: 1024px){.kadence-column2674_0fdefd-59 > .kt-inside-inner-col{flex-direction:column;justify-content:flex-start;}}@media all and (max-width: 767px){.kadence-column2674_0fdefd-59 > .kt-inside-inner-col{padding-top:0px;min-height:300px;flex-direction:column;justify-content:flex-start;}.kt-row-column-wrap > .kadence-column2674_0fdefd-59{align-self:flex-start;}.kt-inner-column-height-full:not(.kt-has-1-columns) > .wp-block-kadence-column.kadence-column2674_0fdefd-59{align-self:auto;}.kt-inner-column-height-full:not(.kt-has-1-columns) > .wp-block-kadence-column.kadence-column2674_0fdefd-59 > .kt-inside-inner-col{flex-direction:column;justify-content:flex-start;}}<\/style>\n<div class=\"wp-block-kadence-column kadence-column2674_0fdefd-59 kb-section-dir-vertical inner-column-1\"><div class=\"kt-inside-inner-col\">\n<p class=\"has-theme-palette-2-color has-text-color has-link-color has-large-font-size wp-elements-15295cf841531ddb5796cb0af2146b24\" style=\"text-transform:uppercase\">S\u00e9rie vide\u00ed \u201eUprchl\u00edk\u201c<\/p>\n\n\n\n<p class=\"has-theme-palette-3-color has-text-color has-link-color has-small-font-size wp-elements-8beb161e336cce0127fe80ff3e1df522\">Pohled na pr\u00e1vn\u00ed a lidskopr\u00e1vn\u00ed aspekty migrace a azylu.<\/p>\n\n\n<style>.wp-block-kadence-advancedbtn.kb-btns2674_d3df68-09{gap:var(--global-kb-gap-xs, 0.5rem );justify-content:flex-start;align-items:center;}.kt-btns2674_d3df68-09 .kt-button{font-weight:normal;font-style:normal;}<\/style>\n<div class=\"wp-block-kadence-advancedbtn kb-buttons-wrap kb-btns2674_d3df68-09\"><style>ul.menu .wp-block-kadence-advancedbtn .kb-btn2674_c2806c-93.kb-button{width:initial;}.wp-block-kadence-advancedbtn .kb-btn2674_c2806c-93.kb-button{border-top-color:var(--global-palette1, #3182CE);border-top-style:solid;border-right-color:var(--global-palette1, #3182CE);border-right-style:solid;border-bottom-color:var(--global-palette1, #3182CE);border-bottom-style:solid;border-left-color:var(--global-palette1, #3182CE);border-left-style:solid;}.wp-block-kadence-advancedbtn .kb-btn2674_c2806c-93.kb-button:hover, .wp-block-kadence-advancedbtn .kb-btn2674_c2806c-93.kb-button:focus{color:#ffffff;background:var(--global-palette1, #3182CE);border-top-color:var(--global-palette1, #3182CE);border-top-style:solid;border-right-color:var(--global-palette1, #3182CE);border-right-style:solid;border-bottom-color:var(--global-palette1, #3182CE);border-bottom-style:solid;border-left-color:var(--global-palette1, #3182CE);border-left-style:solid;}@media all and (max-width: 1024px){.wp-block-kadence-advancedbtn .kb-btn2674_c2806c-93.kb-button{border-top-color:var(--global-palette1, #3182CE);border-top-style:solid;border-right-color:var(--global-palette1, #3182CE);border-right-style:solid;border-bottom-color:var(--global-palette1, #3182CE);border-bottom-style:solid;border-left-color:var(--global-palette1, #3182CE);border-left-style:solid;}}@media all and (max-width: 1024px){.wp-block-kadence-advancedbtn .kb-btn2674_c2806c-93.kb-button:hover, .wp-block-kadence-advancedbtn .kb-btn2674_c2806c-93.kb-button:focus{border-top-color:var(--global-palette1, #3182CE);border-top-style:solid;border-right-color:var(--global-palette1, #3182CE);border-right-style:solid;border-bottom-color:var(--global-palette1, #3182CE);border-bottom-style:solid;border-left-color:var(--global-palette1, #3182CE);border-left-style:solid;}}@media all and (max-width: 767px){.wp-block-kadence-advancedbtn .kb-btn2674_c2806c-93.kb-button{border-top-color:var(--global-palette1, #3182CE);border-top-style:solid;border-right-color:var(--global-palette1, #3182CE);border-right-style:solid;border-bottom-color:var(--global-palette1, #3182CE);border-bottom-style:solid;border-left-color:var(--global-palette1, #3182CE);border-left-style:solid;}.wp-block-kadence-advancedbtn .kb-btn2674_c2806c-93.kb-button:hover, .wp-block-kadence-advancedbtn .kb-btn2674_c2806c-93.kb-button:focus{border-top-color:var(--global-palette1, #3182CE);border-top-style:solid;border-right-color:var(--global-palette1, #3182CE);border-right-style:solid;border-bottom-color:var(--global-palette1, #3182CE);border-bottom-style:solid;border-left-color:var(--global-palette1, #3182CE);border-left-style:solid;}}<\/style><a class=\"kb-button kt-button button kb-btn2674_c2806c-93 kt-btn-size-standard kt-btn-width-type-auto kb-btn-global-inherit  kt-btn-has-text-true kt-btn-has-svg-false  wp-block-button__link wp-block-kadence-singlebtn\" href=\"https:\/\/www.youtube.com\/playlist?list=PLaAC9FU2V9TRnsSxCuXwJLoROLM1UDBZh\"><span class=\"kt-btn-inner-text\">p\u0159ehr\u00e1t v\u0161e<\/span><\/a><\/div>\n\n\n\n<p><\/p>\n<\/div><\/div>\n\n<\/div><\/div>\n\n\n<p><\/p>\n","protected":false},"excerpt":{"rendered":"<p>D\u00edky podpo\u0159e UNHCR \u010cesk\u00e1 republika vznikla v&nbsp;roce 2024 \u010dty\u0159d\u00edln\u00e1 s\u00e9rie vide\u00ed s&nbsp;n\u00e1zvem Uprchl\u00edk. S\u00e9rie p\u0159edstavuje atraktivn\u00ed formou \u0161irok\u00e9 ve\u0159ejnosti z\u00e1kladn\u00ed pr\u00e1vn\u00ed koncepty uprchlictv\u00ed se t\u00fdkaj\u00edc\u00ed a p\u0159ibli\u017euje tak\u00e9 d\u016fvody, pro\u010d&#8230;<\/p>\n","protected":false},"author":10,"featured_media":0,"parent":0,"menu_order":0,"comment_status":"closed","ping_status":"closed","template":"","meta":{"_kad_blocks_custom_css":"","_kad_blocks_head_custom_js":"","_kad_blocks_body_custom_js":"","_kad_blocks_footer_custom_js":"","_monsterinsights_skip_tracking":false,"_monsterinsights_sitenote_active":false,"_monsterinsights_sitenote_note":"","_monsterinsights_sitenote_category":0,"_price":"","_stock":"","_tribe_ticket_header":"","_tribe_default_ticket_provider":"","_tribe_ticket_capacity":"0","_ticket_start_date":"","_ticket_end_date":"","_tribe_ticket_show_description":"","_tribe_ticket_show_not_going":false,"_tribe_ticket_use_global_stock":"","_tribe_ticket_global_stock_level":"","_global_stock_mode":"","_global_stock_cap":"","_tribe_rsvp_for_event":"","_tribe_ticket_going_count":"","_tribe_ticket_not_going_count":"","_tribe_tickets_list":"[]","_tribe_ticket_has_attendee_info_fields":false,"_EventAllDay":false,"_EventTimezone":"","_EventStartDate":"","_EventEndDate":"","_EventStartDateUTC":"","_EventEndDateUTC":"","_EventShowMap":false,"_EventShowMapLink":false,"_EventURL":"","_EventCost":"","_EventCostDescription":"","_EventCurrencySymbol":"","_EventCurrencyCode":"","_EventCurrencyPosition":"","_EventDateTimeSeparator":"","_EventTimeRangeSeparator":"","_EventOrganizerID":[],"_EventVenueID":[],"_OrganizerEmail":"","_OrganizerPhone":"","_OrganizerWebsite":"","_VenueAddress":"","_VenueCity":"","_VenueCountry":"","_VenueProvince":"","_VenueState":"","_VenueZip":"","_VenuePhone":"","_VenueURL":"","_VenueStateProvince":"","_VenueLat":"","_VenueLng":"","_VenueShowMap":false,"_VenueShowMapLink":false,"_kadence_starter_templates_imported_post":false,"_kad_post_transparent":"disable","_kad_post_title":"hide","_kad_post_layout":"","_kad_post_sidebar_id":"","_kad_post_content_style":"","_kad_post_vertical_padding":"","_kad_post_feature":"","_kad_post_feature_position":"","_kad_post_header":false,"_kad_post_footer":false,"footnotes":"","_tec_slr_enabled":"","_tec_slr_layout":""},"class_list":["post-2674","page","type-page","status-publish","hentry"],"aioseo_notices":[],"taxonomy_info":[],"featured_image_src_large":false,"author_info":{"display_name":"petra","author_link":"https:\/\/law.prf.cuni.cz\/migration\/author\/petra\/"},"comment_info":0,"ticketed":false,"_links":{"self":[{"href":"https:\/\/law.prf.cuni.cz\/migration\/wp-json\/wp\/v2\/pages\/2674","targetHints":{"allow":["GET"]}}],"collection":[{"href":"https:\/\/law.prf.cuni.cz\/migration\/wp-json\/wp\/v2\/pages"}],"about":[{"href":"https:\/\/law.prf.cuni.cz\/migration\/wp-json\/wp\/v2\/types\/page"}],"author":[{"embeddable":true,"href":"https:\/\/law.prf.cuni.cz\/migration\/wp-json\/wp\/v2\/users\/10"}],"replies":[{"embeddable":true,"href":"https:\/\/law.prf.cuni.cz\/migration\/wp-json\/wp\/v2\/comments?post=2674"}],"version-history":[{"count":7,"href":"https:\/\/law.prf.cuni.cz\/migration\/wp-json\/wp\/v2\/pages\/2674\/revisions"}],"predecessor-version":[{"id":3230,"href":"https:\/\/law.prf.cuni.cz\/migration\/wp-json\/wp\/v2\/pages\/2674\/revisions\/3230"}],"wp:attachment":[{"href":"https:\/\/law.prf.cuni.cz\/migration\/wp-json\/wp\/v2\/media?parent=2674"}],"curies":[{"name":"wp","href":"https:\/\/api.w.org\/{rel}","templated":true}]}}