{"id":10,"date":"2022-04-25T12:47:18","date_gmt":"2022-04-25T12:47:18","guid":{"rendered":"https:\/\/law.prf.cuni.cz\/migration\/donate\/"},"modified":"2025-07-01T14:25:49","modified_gmt":"2025-07-01T12:25:49","slug":"akce","status":"publish","type":"page","link":"https:\/\/law.prf.cuni.cz\/migration\/akce\/","title":{"rendered":"Akce"},"content":{"rendered":"<style>.kb-row-layout-id10_044215-29 > .kt-row-column-wrap{align-content:start;}:where(.kb-row-layout-id10_044215-29 > .kt-row-column-wrap) > .wp-block-kadence-column{justify-content:start;}.kb-row-layout-id10_044215-29 > .kt-row-column-wrap{column-gap:var(--global-kb-gap-md, 2rem);row-gap:var(--global-kb-gap-md, 2rem);max-width:var( --global-content-width, 1290px );padding-left:var(--global-content-edge-padding);padding-right:var(--global-content-edge-padding);padding-top:0px;padding-right:0px;padding-bottom:80px;padding-left:0px;grid-template-columns:minmax(0, 1fr);}.kb-row-layout-id10_044215-29 > .kt-row-layout-overlay{opacity:0.30;}@media all and (max-width: 1024px){.kb-row-layout-id10_044215-29 > .kt-row-column-wrap{padding-top:70px;padding-right:0px;padding-bottom:70px;padding-left:0px;grid-template-columns:minmax(0, 1fr);}}@media all and (max-width: 767px){.kb-row-layout-wrap.wp-block-kadence-rowlayout.kb-row-layout-id10_044215-29{margin-top:80px;}.kb-row-layout-id10_044215-29 > .kt-row-column-wrap{padding-top:70px;padding-right:15px;padding-bottom:70px;padding-left:15px;grid-template-columns:minmax(0, 1fr);}}<\/style><div class=\"kb-row-layout-wrap kb-row-layout-id10_044215-29 alignfull has-theme-palette9-background-color kt-row-has-bg wp-block-kadence-rowlayout\"><div class=\"kt-row-column-wrap kt-has-1-columns kt-row-layout-equal kt-tab-layout-inherit kt-mobile-layout-row kt-row-valign-top kb-theme-content-width\">\n<style>.kadence-column10_ce116d-a0 > .kt-inside-inner-col{padding-top:10px;padding-right:10px;padding-bottom:10px;padding-left:10px;}.kadence-column10_ce116d-a0 > .kt-inside-inner-col,.kadence-column10_ce116d-a0 > .kt-inside-inner-col:before{border-top-left-radius:0px;border-top-right-radius:0px;border-bottom-right-radius:0px;border-bottom-left-radius:0px;}.kadence-column10_ce116d-a0 > .kt-inside-inner-col{column-gap:var(--global-kb-gap-sm, 1rem);}.kadence-column10_ce116d-a0 > .kt-inside-inner-col{flex-direction:column;}.kadence-column10_ce116d-a0 > .kt-inside-inner-col > .aligncenter{width:100%;}.kadence-column10_ce116d-a0 > .kt-inside-inner-col:before{opacity:0.3;}.kadence-column10_ce116d-a0{position:relative;}@media all and (max-width: 1024px){.kadence-column10_ce116d-a0 > .kt-inside-inner-col{flex-direction:column;justify-content:center;}}@media all and (max-width: 767px){.kadence-column10_ce116d-a0 > .kt-inside-inner-col{flex-direction:column;justify-content:center;}}<\/style>\n<div class=\"wp-block-kadence-column kadence-column10_ce116d-a0 inner-column-1\"><div class=\"kt-inside-inner-col\"><section class=\"gutentor-section gutentor-blog-post-wrapper blog-template1 wp-block-gutentor-blog-post\" id=\"section-g-35l221d\" >\n<div class='grid-container'><div class=\"gutentor-block-header\"><div class=\"gutentor-section-title enable-title-design seperator-bottom text-center \"  >\n<h2 class=\"gutentor-title\">\nna\u0161e akce<\/h2>\n<\/div>\n<\/div><div class='gutentor-grid-item-wrap '  ><div class='grid-row ' ><article class='gutentor-post-has-thumb  grid-lg-6 grid-md-4 grid-12 blog-grid'><div class=\"gutentor-single-item\"><div class=\"gutentor-single-item-image-box\"><div class=\"gutentor-image-thumb\"><img loading=\"lazy\" decoding=\"async\" width=\"820\" height=\"360\" src=\"https:\/\/law.prf.cuni.cz\/migration\/wp-content\/uploads\/sites\/27\/2025\/06\/306361689_106246595571842_2922562688100204949_n.png\" class=\"attachment- size- wp-post-image\" alt=\"\" \/><\/div><\/div><div class=\"gutentor-post-content\"><h3 class=\"gutentor-single-item-title\"><a href=\"https:\/\/law.prf.cuni.cz\/migration\/cemirelu-ceka-nabity-podzim\/\" rel=\"bookmark\">P\u0159edn\u00e1\u0161ky a workshopy pro zimn\u00ed semestr<\/a><\/h3><div class=\"entry-meta\"><div class=\"posted-on\"><i class=\"far fa-calendar-alt\"><\/i><a href=\"https:\/\/law.prf.cuni.cz\/migration\/cemirelu-ceka-nabity-podzim\/\" rel=\"bookmark\">21. 10. 2025<\/a><\/div><\/div><div class=\"gutentor-post-excerpt gutentor-single-item-desc\"><p class='gutentor-single-item-desc'>St\u00e1v\u00e1 se ji\u017e pravidlem, \u017ee krom\u011b samotn\u00e9 v\u00fduky Centrum migra\u010dn\u00edho a uprchlick\u00e9ho pr\u00e1va chyst\u00e1 ka\u017ed\u00fd semestr n\u011bkolik akc\u00ed a semin\u00e1\u0159\u016f jak pro studenty, tak pro odbornou ve\u0159ejnost. Jinak tomu nebude ani v zimn\u00edm semestru. Program p\u0159ipravovan\u00fdch akc\u00ed naleznete v tomto \u010dl\u00e1nku.&hellip;<\/p><\/div><\/div><\/div><\/article><article class='gutentor-post-has-thumb  grid-lg-6 grid-md-4 grid-12 blog-grid'><div class=\"gutentor-single-item\"><div class=\"gutentor-single-item-image-box\"><div class=\"gutentor-image-thumb\"><img loading=\"lazy\" decoding=\"async\" width=\"2048\" height=\"1024\" src=\"https:\/\/law.prf.cuni.cz\/migration\/wp-content\/uploads\/sites\/27\/2025\/06\/PHOTO-2025-05-08-20-00-09-1.jpg\" class=\"attachment- size- wp-post-image\" alt=\"\" \/><\/div><\/div><div class=\"gutentor-post-content\"><h3 class=\"gutentor-single-item-title\"><a href=\"https:\/\/law.prf.cuni.cz\/migration\/migrujeme-s-migraci\/\" rel=\"bookmark\">Migrujeme s migrac\u00ed<\/a><\/h3><div class=\"entry-meta\"><div class=\"posted-on\"><i class=\"far fa-calendar-alt\"><\/i><a href=\"https:\/\/law.prf.cuni.cz\/migration\/migrujeme-s-migraci\/\" rel=\"bookmark\">25. 6. 2025<\/a><\/div><\/div><div class=\"gutentor-post-excerpt gutentor-single-item-desc\"><p class='gutentor-single-item-desc'>Dne 7. kv\u011btna prob\u011bhla v prostor\u00e1ch Pr\u00e1vnick\u00e9 fakulty Univerzity Karlovy posledn\u00ed akce jarn\u00ed s\u00e9rie setk\u00e1n\u00ed pro studenty i ve\u0159ejnost. V r\u00e1mci n\u00ed se student\u016fm a studentk\u00e1ch p\u0159edstavili z\u00e1stupci jednotliv\u00fdch pr\u00e1vn\u00edch profes\u00ed, kter\u00e9 spojuje zam\u011b\u0159en\u00ed na uprchlick\u00e9 a migra\u010dn\u00ed pr\u00e1vo.&hellip;<\/p><\/div><\/div><\/div><\/article><\/div><\/div><\/div><\/section>\n\n<style>.kb-row-layout-id10_a5fa53-b4 > .kt-row-column-wrap{align-content:start;}:where(.kb-row-layout-id10_a5fa53-b4 > .kt-row-column-wrap) > .wp-block-kadence-column{justify-content:start;}.kb-row-layout-id10_a5fa53-b4 > .kt-row-column-wrap{column-gap:var(--global-kb-gap-none, 0rem );row-gap:var(--global-kb-gap-none, 0rem );max-width:1514px;margin-left:auto;margin-right:auto;padding-top:0px;padding-right:0px;padding-bottom:0px;padding-left:0px;grid-template-columns:repeat(2, minmax(0, 1fr));}.kb-row-layout-id10_a5fa53-b4 > .kt-row-layout-overlay{opacity:0.30;}@media all and (max-width: 1024px){.kb-row-layout-id10_a5fa53-b4 > .kt-row-column-wrap{grid-template-columns:minmax(0, 1fr);}}@media all and (max-width: 767px){.kb-row-layout-id10_a5fa53-b4 > .kt-row-column-wrap{grid-template-columns:minmax(0, 1fr);}}<\/style><div class=\"kb-row-layout-wrap kb-row-layout-id10_a5fa53-b4 alignnone wp-block-kadence-rowlayout\"><div class=\"kt-row-column-wrap kt-has-2-columns kt-row-layout-equal kt-tab-layout-row kt-mobile-layout-row kt-row-valign-top\">\n<style>.kadence-column10_c132ca-66 > .kt-inside-inner-col,.kadence-column10_c132ca-66 > .kt-inside-inner-col:before{border-top-left-radius:0px;border-top-right-radius:0px;border-bottom-right-radius:0px;border-bottom-left-radius:0px;}.kadence-column10_c132ca-66 > .kt-inside-inner-col{column-gap:var(--global-kb-gap-sm, 1rem);}.kadence-column10_c132ca-66 > .kt-inside-inner-col{flex-direction:column;}.kadence-column10_c132ca-66 > .kt-inside-inner-col > .aligncenter{width:100%;}.kadence-column10_c132ca-66 > .kt-inside-inner-col:before{opacity:0.3;}.kadence-column10_c132ca-66{position:relative;}@media all and (max-width: 1024px){.kadence-column10_c132ca-66 > .kt-inside-inner-col{flex-direction:column;justify-content:center;}}@media all and (max-width: 767px){.kadence-column10_c132ca-66 > .kt-inside-inner-col{flex-direction:column;justify-content:center;}}<\/style>\n<div class=\"wp-block-kadence-column kadence-column10_c132ca-66\"><div class=\"kt-inside-inner-col\"><\/div><\/div>\n\n\n<style>.kadence-column10_91520f-12 > .kt-inside-inner-col,.kadence-column10_91520f-12 > .kt-inside-inner-col:before{border-top-left-radius:0px;border-top-right-radius:0px;border-bottom-right-radius:0px;border-bottom-left-radius:0px;}.kadence-column10_91520f-12 > .kt-inside-inner-col{column-gap:var(--global-kb-gap-sm, 1rem);}.kadence-column10_91520f-12 > .kt-inside-inner-col{flex-direction:column;}.kadence-column10_91520f-12 > .kt-inside-inner-col > .aligncenter{width:100%;}.kadence-column10_91520f-12 > .kt-inside-inner-col:before{opacity:0.3;}.kadence-column10_91520f-12{position:relative;}@media all and (max-width: 1024px){.kadence-column10_91520f-12 > .kt-inside-inner-col{flex-direction:column;justify-content:center;}}@media all and (max-width: 767px){.kadence-column10_91520f-12 > .kt-inside-inner-col{flex-direction:column;justify-content:center;}}<\/style>\n<div class=\"wp-block-kadence-column kadence-column10_91520f-12\"><div class=\"kt-inside-inner-col\"><\/div><\/div>\n\n<\/div><\/div><\/div><\/div>\n\n<\/div><\/div>","protected":false},"excerpt":{"rendered":"","protected":false},"author":10,"featured_media":0,"parent":0,"menu_order":0,"comment_status":"closed","ping_status":"closed","template":"","meta":{"_kad_blocks_custom_css":"","_kad_blocks_head_custom_js":"","_kad_blocks_body_custom_js":"","_kad_blocks_footer_custom_js":"","_monsterinsights_skip_tracking":false,"_monsterinsights_sitenote_active":false,"_monsterinsights_sitenote_note":"","_monsterinsights_sitenote_category":0,"_price":"","_stock":"","_tribe_ticket_header":"","_tribe_default_ticket_provider":"","_tribe_ticket_capacity":"0","_ticket_start_date":"","_ticket_end_date":"","_tribe_ticket_show_description":"","_tribe_ticket_show_not_going":false,"_tribe_ticket_use_global_stock":"","_tribe_ticket_global_stock_level":"","_global_stock_mode":"","_global_stock_cap":"","_tribe_rsvp_for_event":"","_tribe_ticket_going_count":"","_tribe_ticket_not_going_count":"","_tribe_tickets_list":"[]","_tribe_ticket_has_attendee_info_fields":false,"_EventAllDay":false,"_EventTimezone":"","_EventStartDate":"","_EventEndDate":"","_EventStartDateUTC":"","_EventEndDateUTC":"","_EventShowMap":false,"_EventShowMapLink":false,"_EventURL":"","_EventCost":"","_EventCostDescription":"","_EventCurrencySymbol":"","_EventCurrencyCode":"","_EventCurrencyPosition":"","_EventDateTimeSeparator":"","_EventTimeRangeSeparator":"","_EventOrganizerID":[],"_EventVenueID":[],"_OrganizerEmail":"","_OrganizerPhone":"","_OrganizerWebsite":"","_VenueAddress":"","_VenueCity":"","_VenueCountry":"","_VenueProvince":"","_VenueState":"","_VenueZip":"","_VenuePhone":"","_VenueURL":"","_VenueStateProvince":"","_VenueLat":"","_VenueLng":"","_VenueShowMap":false,"_VenueShowMapLink":false,"_kadence_starter_templates_imported_post":true,"_kad_post_transparent":"disable","_kad_post_title":"hide","_kad_post_layout":"fullwidth","_kad_post_sidebar_id":"","_kad_post_content_style":"unboxed","_kad_post_vertical_padding":"hide","_kad_post_feature":"hide","_kad_post_feature_position":"","_kad_post_header":false,"_kad_post_footer":false,"footnotes":"","_tec_slr_enabled":"","_tec_slr_layout":""},"class_list":["post-10","page","type-page","status-publish","hentry"],"aioseo_notices":[],"taxonomy_info":[],"featured_image_src_large":false,"author_info":{"display_name":"petra","author_link":"https:\/\/law.prf.cuni.cz\/migration\/author\/petra\/"},"comment_info":0,"ticketed":false,"_links":{"self":[{"href":"https:\/\/law.prf.cuni.cz\/migration\/wp-json\/wp\/v2\/pages\/10","targetHints":{"allow":["GET"]}}],"collection":[{"href":"https:\/\/law.prf.cuni.cz\/migration\/wp-json\/wp\/v2\/pages"}],"about":[{"href":"https:\/\/law.prf.cuni.cz\/migration\/wp-json\/wp\/v2\/types\/page"}],"author":[{"embeddable":true,"href":"https:\/\/law.prf.cuni.cz\/migration\/wp-json\/wp\/v2\/users\/10"}],"replies":[{"embeddable":true,"href":"https:\/\/law.prf.cuni.cz\/migration\/wp-json\/wp\/v2\/comments?post=10"}],"version-history":[{"count":21,"href":"https:\/\/law.prf.cuni.cz\/migration\/wp-json\/wp\/v2\/pages\/10\/revisions"}],"predecessor-version":[{"id":3709,"href":"https:\/\/law.prf.cuni.cz\/migration\/wp-json\/wp\/v2\/pages\/10\/revisions\/3709"}],"wp:attachment":[{"href":"https:\/\/law.prf.cuni.cz\/migration\/wp-json\/wp\/v2\/media?parent=10"}],"curies":[{"name":"wp","href":"https:\/\/api.w.org\/{rel}","templated":true}]}}