{"id":3980,"date":"2025-07-16T11:36:06","date_gmt":"2025-07-16T09:36:06","guid":{"rendered":"https:\/\/law.prf.cuni.cz\/juridikum\/?page_id=3980"},"modified":"2026-02-16T09:45:29","modified_gmt":"2026-02-16T08:45:29","slug":"workshop-rovnost-a-transparentnost-v-odmenovani","status":"publish","type":"page","link":"https:\/\/law.prf.cuni.cz\/juridikum\/workshop-rovnost-a-transparentnost-v-odmenovani\/","title":{"rendered":"Rovnost a transparentnost v odm\u011b\u0148ov\u00e1n\u00ed"},"content":{"rendered":"\n<section id=\"gm9ee80a9\" class=\"wp-block-gutentor-m3 section-gm9ee80a9 gutentor-module gutentor-container-cover\"><div class=\"grid-container\">\n<div id=\"section-gcb8352\" class=\"wp-block-gutentor-e1 section-gcb8352 gutentor-element gutentor-element-advanced-text text-align-left-desktop text-align-left-tablet text-align-center-mobile\"><div class=\"gutentor-text-wrap\"><h2 class=\"gutentor-text\">Rovnost a transparentnost v odm\u011b\u0148ov\u00e1n\u00ed<\/h2><\/div><\/div>\n<\/div><\/section>\n\n\n\n<section id=\"gmd345edb\" class=\"wp-block-gutentor-m4 section-gmd345edb gutentor-module gutentor-advanced-columns\"><div class=\"grid-container\"><div class=\"grid-row\">\n<div id=\"col-gm646c5d\" class=\"wp-block-gutentor-m4-col col-gm646c5d gutentor-single-column  grid-lg-8 grid-md-12 grid-12\"><div id=\"section-gm646c5d\" class=\"section-gm646c5d gutentor-col-wrap\">\n<section id=\"section-cb53f601-8a79-4679-a5c4-1529c580e763\" class=\"wp-block-gutentor-image-slider gutentor-section gutentor-image-slider imageSlider-template1\"><div class=\"gutentor-grid-item-wrap\"><div class=\"gutentor-slider-wrapper\" data-dots=\"true\" data-arrows=\"false\" data-infinite=\"false\" data-nextarrow=\"fas fa-angle-right\" data-prevarrow=\"fas fa-angle-left\" data-autoplay=\"false\" data-autoplayspeed=\"5000\" data-fade=\"false\" data-speed=\"3000\"><div class=\"gutentor-slider-item\"><div class=\"gutentor-single-item gutentor-single-item-0\"><div class=\"gutentor-single-item-wrap\"><div class=\"gutentor-single-item-image-box\"><div class=\"gutentor-bg-image\"><\/div><\/div><\/div><\/div><\/div><div class=\"gutentor-slider-item\"><div class=\"gutentor-single-item gutentor-single-item-1\"><div class=\"gutentor-single-item-wrap\"><div class=\"gutentor-single-item-image-box\"><div class=\"gutentor-bg-image\"><\/div><\/div><\/div><\/div><\/div><div class=\"gutentor-slider-item\"><div class=\"gutentor-single-item gutentor-single-item-2\"><div class=\"gutentor-single-item-wrap\"><div class=\"gutentor-single-item-image-box\"><div class=\"gutentor-bg-image\"><\/div><\/div><\/div><\/div><\/div><\/div><\/div><\/section>\n\n\n\n<section id=\"2363f2\" class=\"section-2363f2 gutentor-module gutentor-module-tabs gutentor-tabs-layout-horizontal gutentor-tabs-pos-top\"><div class=\"grid-container\"><div class=\"gutentor-module-tabs-wrap gutentor-tabs-style-outline\" data-id=\"2363f2\"><div class=\"gutentor-module-tabs-nav text-align-left-desktop\"><span class=\"gutentor-module-tabs-item gm-tt-2363f2 gutentor-tabs-nav-active\"><span class=\"gutentor-module-tabs-title\">P\u0159ehled<\/span><\/span><span class=\"gutentor-module-tabs-item gm-tt-2363f2\"><span class=\"gutentor-module-tabs-title\">Podrobnosti<\/span><\/span><\/div><div class=\"gutentor-module-tabs-body\">\n<div class=\"wp-block-gutentor-m7-tab gutentor-module-tabs-content gm-tc-2363f2 gutentor-tabs-content-active\">\n<div id=\"section-g25650b\" class=\"wp-block-gutentor-e1 section-g25650b gutentor-element gutentor-element-advanced-text text-align-left-desktop text-align-left-tablet text-align-left-mobile\"><div class=\"gutentor-text-wrap\"><a class=\"gutentor-element-advanced-text-link\" href=\"#\"><h4 class=\"gutentor-text\">Workshop: Rovnost a transparentnost v odm\u011b\u0148ov\u00e1n\u00ed<\/h4><\/a><\/div><\/div>\n\n\n\n<div id=\"section-g6c117a\" class=\"wp-block-gutentor-e1 section-g6c117a gutentor-element gutentor-element-advanced-text text-align-left-desktop text-align-left-tablet text-align-left-mobile\"><div class=\"gutentor-text-wrap\"><p class=\"gutentor-text\">Do \u010dervna 2026 m\u00e1 \u010cesk\u00e1 republika povinnost transponovat sm\u011brnici o transparentnosti v odm\u011b\u0148ov\u00e1n\u00ed. Ta navazuje na ji\u017e existuj\u00edc\u00ed pr\u00e1vn\u00ed \u00fapravu, podle n\u00ed\u017e maj\u00ed zam\u011bstnavatel\u00e9 povinnost zachov\u00e1vat z\u00e1sadu stejn\u00e9 odm\u011bny za stejnou pr\u00e1ci nebo pr\u00e1ci stejn\u00e9 hodnoty. Zakotvuje v\u0161ak pro zam\u011bstnavatele \u0159adu nov\u00fdch povinnost\u00ed, kter\u00e9 by m\u011bly v souhrnu zajistit v\u011bt\u0161\u00ed transparentnost v odm\u011b\u0148ov\u00e1n\u00ed. Ke kl\u00ed\u010dov\u00fdm institut\u016fm sm\u011brnice pat\u0159\u00ed i zpr\u00e1vy o rozd\u00edlech v odm\u011b\u0148ov\u00e1n\u00ed \u017een a mu\u017e\u016f, kter\u00e9 budou muset pod\u00e1vat zam\u011bstnavatel\u00e9 s alespo\u0148 100 zam\u011bstnanci. Na reportovan\u00e9 zji\u0161t\u011bn\u00ed o gender pay gapu vy\u0161\u0161\u00edm ne\u017e 5 % navazuje povinnost zam\u011bstnavatele prov\u00e9st takzvan\u00e9 spole\u010dn\u00e9 posouzen\u00ed, na kter\u00e9m bude spolupracovat se z\u00e1stupci zam\u011bstnanc\u016f<br><br>T\u00fdm z Pr\u00e1vnick\u00e9 fakulty UK, slo\u017een\u00fd z <strong>doc. Jakuba Tom\u0161eje<\/strong>, <strong>prof. Kristiny Koldinsk\u00e9<\/strong> a <strong>dr. Lucie P\u0159enosilov\u00e9<\/strong> b\u011bhem workshopu poslucha\u010de praktick\u00fdm a srozumiteln\u00fdm zp\u016fsobem sezn\u00e1m\u00ed s nov\u00fdmi povinnostmi, kter\u00e9 pro zam\u011bstnavatele a ostatn\u00ed soci\u00e1ln\u00ed partnery ze sm\u011brnice vypl\u00fdvaj\u00ed, a sou\u010dasn\u011b upozorn\u00ed na aktu\u00e1ln\u00ed a problematick\u00e9 ot\u00e1zky rovn\u00e9ho odm\u011b\u0148ov\u00e1n\u00ed.<br><br>P\u0159edn\u00e1\u0161ej\u00edc\u00ed, kte\u0159\u00ed jsou \u010dleny pracovn\u00ed skupiny MPSV k transpozici sm\u011brnice o transparentnosti v odm\u011b\u0148ov\u00e1n\u00ed, sou\u010dasn\u011b poskytnou aktu\u00e1ln\u00ed informace o stavu prac\u00ed na novele a jej\u00edm p\u0159edpokl\u00e1dan\u00e9m obsahu.<br><br><strong>Poslucha\u010d\u016fm kurzu bude tak\u00e9 poskytnut pln\u00fd text Metodiky ke spole\u010dn\u00e9mu posouzen\u00ed v odm\u011b\u0148ov\u00e1n\u00ed.<\/strong><br><br>Program je ur\u010den p\u0159edev\u0161\u00edm p\u0159edstavitel\u016fm zam\u011bstnavatel\u016f a odborov\u00fdch organizac\u00ed, advok\u00e1t\u016fm a podnikov\u00fdm pr\u00e1vn\u00edk\u016fm, legislativc\u016fm, pracovn\u00edk\u016fm inspektor\u00e1t\u016f pr\u00e1ce a dal\u0161\u00edm expert\u016fm, kte\u0159\u00ed se zab\u00fdvaj\u00ed pracovn\u00edm pr\u00e1vem, personalistikou nebo odm\u011b\u0148ov\u00e1n\u00edm. V p\u0159\u00edpad\u011b voln\u00e9 kapacity bude tato nab\u00eddnuta studuj\u00edc\u00edm PF UK.<br><br><\/p><\/div><\/div>\n\n\n\n<div id=\"section-gcdf6d5\" class=\"wp-block-gutentor-e1 section-gcdf6d5 gutentor-element gutentor-element-advanced-text text-align-left-desktop text-align-left-tablet text-align-left-mobile\"><div class=\"gutentor-text-wrap\"><a class=\"gutentor-element-advanced-text-link\" href=\"#\"><h4 class=\"gutentor-text\"><\/h4><\/a><\/div><\/div>\n<\/div>\n\n\n\n<div class=\"wp-block-gutentor-m7-tab gutentor-module-tabs-content gm-tc-2363f2\">\n<div id=\"section-g551b78\" class=\"wp-block-gutentor-e1 section-g551b78 gutentor-element gutentor-element-advanced-text text-align-left-desktop text-align-left-tablet text-align-left-mobile\"><div class=\"gutentor-text-wrap\"><p class=\"gutentor-text\">Term\u00edn kon\u00e1n\u00ed:<strong> 2. 2. 2026<\/strong> v \u010dase <strong>9:00 &#8211; 14:00<\/strong> hodin na Pr\u00e1vnick\u00e9 fakult\u011b Univerzity Karlovy v Praze.<br><br>Je ur\u010den p\u0159edev\u0161\u00edm p\u0159edstavitel\u016fm zam\u011bstnavatel\u016f a odborov\u00fdch organizac\u00ed, advok\u00e1t\u016fm a podnikov\u00fdm pr\u00e1vn\u00edk\u016fm, legislativc\u016fm, pracovn\u00edk\u016fm inspektor\u00e1t\u016f pr\u00e1ce a dal\u0161\u00edm expert\u016fm, kte\u0159\u00ed se zab\u00fdvaj\u00ed pracovn\u00edm pr\u00e1vem, personalistikou nebo odm\u011b\u0148ov\u00e1n\u00edm. V p\u0159\u00edpad\u011b voln\u00e9 kapacity bude tato nab\u00eddnuta studuj\u00edc\u00edm PF UK. <br><br><strong>P\u0159edb\u011b\u017en\u00fd obsah workshopu:<\/strong><br>\u2022 Pojem rovn\u00e9ho a transparentn\u00edho odm\u011b\u0148ov\u00e1n\u00ed<br>\u2022 Pojem odm\u011bny v \u010desk\u00e9m a evropsk\u00e9m pr\u00e1vu<br>\u2022 Aktu\u00e1ln\u00ed ot\u00e1zky rovn\u00e9ho odm\u011b\u0148ov\u00e1n\u00ed<br>\u2022 Sm\u011brnice o transparentnosti v odm\u011b\u0148ov\u00e1n\u00ed a aktu\u00e1ln\u00ed stav transpozice<br>\u2022 Informa\u010dn\u00ed povinnosti zam\u011bstnavatel\u016f podle sm\u011brnice<br>\u2022 Postaven\u00ed z\u00e1stupc\u016f zam\u011bstnanc\u016f ve sm\u011brnici<br>\u2022 Syst\u00e9my odm\u011b\u0148ov\u00e1n\u00ed<br>\u2022 Tzv. jedin\u00fd zdroj<br>\u2022 Zpr\u00e1vy o rozd\u00edlech v odm\u011b\u0148ov\u00e1n\u00ed<br>\u2022 Spole\u010dn\u00e9 posouzen\u00ed<br><br>Z hodnocen\u00ed \u00fa\u010dastn\u00edk\u016f workshopu \u201cRovnost a transparentnost v odm\u011b\u0148ov\u00e1n\u00ed\u201d, kter\u00fd se konal 9. 10. 2025 uv\u00e1d\u00edme<br><br><em>\u201cMyln\u011b jsem o\u010dek\u00e1vala akademickou debatu a byla jsem mile p\u0159ekvapena, jak jste to s kolegyn\u011bmi pojali prakticky a mohla jsem si tak odn\u00e9st hodn\u011b poznatk\u016f k praktick\u00e9 aplikaci.\u201d<\/em><br><em>&#8222;Moc d\u011bkujeme za uspo\u0159\u00e1d\u00e1n\u00ed tohoto workshopu a potvrzuji, \u017ee p\u0159edn\u00e1\u0161ej\u00edc\u00ed byli skv\u011bl\u00ed a ne\u010delili pr\u00e1v\u011b jednoduch\u00fdm ot\u00e1zk\u00e1m. \u0160ediv\u00e1 teorie tedy za n\u00e1mi a te\u010f je\u0161t\u011b jak\u00fd bude zelen\u00fd strom praxe\u2026..&#8220;<\/em><\/p><\/div><\/div>\n\n\n\n<div id=\"section-gcb4298\" class=\"wp-block-gutentor-e1 section-gcb4298 gutentor-element gutentor-element-advanced-text text-align-left-desktop text-align-left-tablet text-align-left-mobile\"><div class=\"gutentor-text-wrap\"><a class=\"gutentor-element-advanced-text-link\" href=\"#\"><h4 class=\"gutentor-text\"><br><br>P\u0159ihl\u00e1\u0161ka<\/h4><\/a><\/div><\/div>\n\n\n\n<div id=\"section-g286910\" class=\"wp-block-gutentor-e1 section-g286910 gutentor-element gutentor-element-advanced-text text-align-left-desktop text-align-left-tablet text-align-left-mobile\"><div class=\"gutentor-text-wrap\"><a class=\"gutentor-element-advanced-text-link\" href=\"https:\/\/forms.office.com\/e\/WYn7KPjxna\" target=\"_blank\" rel=\" noopener noreferrer\"><p class=\"gutentor-text\"><strong>Kontaktn\u00ed osoba: <\/strong><br>Bc. Julie Miklovi\u010dov\u00e1<br><strong>E-mail:<\/strong> juridikum@prf.cuni.cz<br><strong>Term\u00edn pod\u00e1n\u00ed p\u0159ihl\u00e1\u0161ky: <\/strong>od 26. 11. &#8211; 30. 1. 2026<\/p><\/a><\/div><\/div>\n\n\n\n<p><\/p>\n<\/div>\n<\/div><\/div><\/div><\/section>\n<\/div><\/div>\n\n\n\n<div id=\"col-gm055350\" class=\"wp-block-gutentor-m4-col col-gm055350 gutentor-single-column  grid-lg-4 grid-md-12 grid-12\"><div id=\"section-gm055350\" class=\"section-gm055350 gutentor-col-wrap\">\n<section id=\"gm4e1382a\" class=\"wp-block-gutentor-m3 section-gm4e1382a gutentor-module gutentor-container-cover has-color-bg has-custom-bg\"><div class=\"grid-container\">\n<div id=\"section-gff5e9f\" class=\"wp-block-gutentor-e7 section-gff5e9f gutentor-element gutentor-element-list text-align-left-desktop text-align-left-tablet text-align-left-mobile\"><ul class=\"grid-row gutentor-grid-item-wrap list-indicator-icon\"><li class=\"gutentor-list-item grid-lg-12 grid-md-12 grid-12 gutentor-rm-col-space\"><span class=\"gutentor-single-item gutentor-single-item-0\"><span class=\"gutentor-list-item-wrap g-s-list-wrap\"><span class=\"gutentor-single-list-item-icon\"><i class=\"list-item-icon fas fa-calendar-alt\"><\/i><\/span><span class=\"gutentor-list-item\"><p class=\"gutentor-single-item-title\"><strong>2. 2. 2026<\/strong><br><strong>9:00 &#8211; 14:00 hod<\/strong>.<\/p><\/span><\/span><\/span><\/li><\/ul><\/div>\n\n\n\n<div id=\"section-g716e19\" class=\"wp-block-gutentor-e7 section-g716e19 gutentor-element gutentor-element-list text-align-left-desktop text-align-left-tablet text-align-left-mobile\"><ul class=\"grid-row gutentor-grid-item-wrap list-indicator-icon\"><li class=\"gutentor-list-item grid-lg-12 grid-md-12 grid-12 gutentor-rm-col-space\"><span class=\"gutentor-single-item gutentor-single-item-0\"><span class=\"gutentor-list-item-wrap g-s-list-wrap\"><span class=\"gutentor-single-list-item-icon\"><i class=\"list-item-icon far fa-file\"><\/i><\/span><span class=\"gutentor-list-item\"><p class=\"gutentor-single-item-title\">6 hodin<\/p><\/span><\/span><\/span><\/li><\/ul><\/div>\n\n\n\n<div id=\"section-gdaa156\" class=\"wp-block-gutentor-e7 section-gdaa156 gutentor-element gutentor-element-list text-align-left-desktop text-align-left-tablet text-align-left-mobile\"><ul class=\"grid-row gutentor-grid-item-wrap list-indicator-icon\"><li class=\"gutentor-list-item grid-lg-12 grid-md-12 grid-12 gutentor-rm-col-space\"><span class=\"gutentor-single-item gutentor-single-item-0\"><span class=\"gutentor-list-item-wrap g-s-list-wrap\"><span class=\"gutentor-single-list-item-icon\"><i class=\"list-item-icon fas fa-address-card\"><\/i><\/span><span class=\"gutentor-list-item\"><p class=\"gutentor-single-item-title\">Prezen\u010dn\u00ed kurz<\/p><\/span><\/span><\/span><\/li><\/ul><\/div>\n\n\n\n<div id=\"section-gfe47f1\" class=\"wp-block-gutentor-e7 section-gfe47f1 gutentor-element gutentor-element-list text-align-left-desktop text-align-left-tablet text-align-left-mobile\"><ul class=\"grid-row gutentor-grid-item-wrap list-indicator-icon\"><li class=\"gutentor-list-item grid-lg-12 grid-md-12 grid-12 gutentor-rm-col-space\"><span class=\"gutentor-single-item gutentor-single-item-0\"><span class=\"gutentor-list-item-wrap g-s-list-wrap\"><span class=\"gutentor-single-list-item-icon\"><i class=\"list-item-icon fas fa-credit-card\"><\/i><\/span><span class=\"gutentor-list-item\"><p class=\"gutentor-single-item-title\">1700 K\u010d \/ kurz<br>SLEVA pro zam\u011bstnance a studenty UK ve v\u00fd\u0161i 20 %<\/p><\/span><\/span><\/span><\/li><\/ul><\/div>\n<\/div><\/section>\n\n\n\n<div id=\"section-g98e8b0\" class=\"wp-block-gutentor-e2 section-g98e8b0 gutentor-element gutentor-element-button g-pos-r-desktop g-pos-r-tablet g-pos-r-mobile button-align-center-desktop button-align-center-tablet button-align-center-mobile\"><span class=\"gutentor-button-wrap\"><a class=\"gutentor-button gutentor-block-button gutentor-icon-hide\" href=\"https:\/\/is.cuni.cz\/studium\/prijimacky\/index.php?do=detail_kurz&amp;cid=12392\"><i class=\"gutentor-button-icon fas fa-book\"><\/i><span>P\u0159ihl\u00e1sit se<\/span><\/a><\/span><\/div>\n<\/div><\/div>\n<\/div><\/div><\/section>\n\n\n\n<section id=\"gm60bda9f\" class=\"wp-block-gutentor-m4 alignfull section-gm60bda9f gutentor-module gutentor-advanced-columns gutentor-equal-column-height\"><div class=\"grid-container\"><div class=\"grid-row\">\n<div id=\"col-gm9a77f6\" class=\"wp-block-gutentor-m4-col col-gm9a77f6 gutentor-single-column  grid-lg-12 grid-md-12 grid-12 gutentor-rm-col-space\"><div id=\"section-gm9a77f6\" class=\"section-gm9a77f6 gutentor-col-wrap has-image-bg has-custom-bg has-gutentor-overlay\">\n<div id=\"section-g42d375\" class=\"wp-block-gutentor-e1 section-g42d375 gutentor-element gutentor-element-advanced-text text-align-center-desktop text-align-center-tablet text-align-center-mobile\"><div class=\"gutentor-text-wrap\"><p class=\"gutentor-text\">M\u00e1te z\u00e1jem o jin\u00fd kurz?<br>Kontaktuje n\u00e1s a p\u0159iprav\u00edme pro v\u00e1s kurz na kl\u00ed\u010d<\/p><\/div><\/div>\n\n\n\n<div id=\"section-g568488\" class=\"wp-block-gutentor-e2 section-g568488 gutentor-element gutentor-element-button button-align-center-desktop button-align-center-tablet button-align-center-mobile\"><span class=\"gutentor-button-wrap\"><a class=\"gutentor-button gutentor-block-button gutentor-icon-hide\" href=\"https:\/\/law.prf.cuni.cz\/juridikum\/kontakty\/\"><i class=\"gutentor-button-icon fas fa-book\"><\/i><span>Kontakty<\/span><\/a><\/span><\/div>\n\n\n\n<p><\/p>\n<\/div><\/div>\n<\/div><\/div><\/section>\n","protected":false},"excerpt":{"rendered":"","protected":false},"author":10,"featured_media":0,"parent":0,"menu_order":0,"comment_status":"closed","ping_status":"closed","template":"template-gutentor-full-width.php","meta":{"_monsterinsights_skip_tracking":false,"_monsterinsights_sitenote_active":false,"_monsterinsights_sitenote_note":"","_monsterinsights_sitenote_category":0,"_kadence_starter_templates_imported_post":false,"footnotes":""},"class_list":["post-3980","page","type-page","status-publish","hentry"],"aioseo_notices":[],"_links":{"self":[{"href":"https:\/\/law.prf.cuni.cz\/juridikum\/wp-json\/wp\/v2\/pages\/3980","targetHints":{"allow":["GET"]}}],"collection":[{"href":"https:\/\/law.prf.cuni.cz\/juridikum\/wp-json\/wp\/v2\/pages"}],"about":[{"href":"https:\/\/law.prf.cuni.cz\/juridikum\/wp-json\/wp\/v2\/types\/page"}],"author":[{"embeddable":true,"href":"https:\/\/law.prf.cuni.cz\/juridikum\/wp-json\/wp\/v2\/users\/10"}],"replies":[{"embeddable":true,"href":"https:\/\/law.prf.cuni.cz\/juridikum\/wp-json\/wp\/v2\/comments?post=3980"}],"version-history":[{"count":17,"href":"https:\/\/law.prf.cuni.cz\/juridikum\/wp-json\/wp\/v2\/pages\/3980\/revisions"}],"predecessor-version":[{"id":4160,"href":"https:\/\/law.prf.cuni.cz\/juridikum\/wp-json\/wp\/v2\/pages\/3980\/revisions\/4160"}],"wp:attachment":[{"href":"https:\/\/law.prf.cuni.cz\/juridikum\/wp-json\/wp\/v2\/media?parent=3980"}],"curies":[{"name":"wp","href":"https:\/\/api.w.org\/{rel}","templated":true}]}}