{"id":3720,"date":"2025-05-18T17:07:52","date_gmt":"2025-05-18T15:07:52","guid":{"rendered":"https:\/\/law.prf.cuni.cz\/juridikum\/?page_id=3720"},"modified":"2026-02-24T17:08:35","modified_gmt":"2026-02-24T16:08:35","slug":"grantove-kurzy-czv","status":"publish","type":"page","link":"https:\/\/law.prf.cuni.cz\/juridikum\/grantove-kurzy-czv\/","title":{"rendered":"Grantov\u00e9 kurzy C\u017dV"},"content":{"rendered":"\n<section id=\"gmb7fc734\" class=\"wp-block-gutentor-m2 section-gmb7fc734 gutentor-module gutentor-dynamic-columns\"><div class=\"grid-container gutentor-rm-ct-space\"><div class=\"grid-row\">\n<div id=\"col-g-bd1xsil\" class=\"wp-block-gutentor-m2-col col-g-bd1xsil gutentor-module gutentor-dynamic-single-column grid-lg-4 grid-md-6 grid-12\"><div id=\"section-g-bd1xsil\" class=\"section-g-bd1xsil gutentor-single-col\">\n<section id=\"g-d11f47d\" class=\"wp-block-gutentor-m3 section-g-d11f47d gutentor-module gutentor-container-cover has-color-bg has-custom-bg\"><div class=\"grid-container gutentor-rm-ct-space\">\n<div id=\"section-g-lcqxnzf\" class=\"wp-block-gutentor-e6 section-g-lcqxnzf gutentor-element gutentor-element-image text-align-center-desktop\"><div class=\"gutentor-element-image-box\"><a class=\"gutentor-element-image-link\" href=\"https:\/\/law.prf.cuni.cz\/juridikum\/udrzitelnost-jako-pravni-fenomen\/\"><div class=\"gutentor-image-thumb\"><img decoding=\"async\" class=\"normal-image\" src=\"https:\/\/law.prf.cuni.cz\/juridikum\/wp-content\/uploads\/sites\/4\/2025\/05\/1-2.png\" \/><\/div><\/a><\/div><\/div>\n\n\n\n<div id=\"section-g-vya1syg\" class=\"wp-block-gutentor-e2 section-g-vya1syg gutentor-element gutentor-element-button g-pos-r-desktop g-pos-r-tablet g-pos-r-mobile button-align-center-desktop button-align-center-tablet button-align-center-mobile\"><span class=\"gutentor-button-wrap\"><a class=\"gutentor-button gutentor-block-button gutentor-icon-hide\" href=\"https:\/\/law.prf.cuni.cz\/juridikum\/udrzitelnost-jako-pravni-fenomen\/\"><i class=\"gutentor-button-icon fas fa-book\"><\/i><span>Program C\u017dV<\/span><\/a><\/span><\/div>\n\n\n\n<div id=\"section-g-0kujuk7\" class=\"wp-block-gutentor-e1 section-g-0kujuk7 gutentor-element gutentor-element-advanced-text text-align-center-desktop text-align-left-tablet text-align-left-mobile\"><div class=\"gutentor-text-wrap\"><h4 class=\"gutentor-text\">Udr\u017eitelnost jako pr\u00e1vn\u00ed fenom\u00e9n<\/h4><\/div><\/div>\n\n\n\n<div id=\"section-g-0sta1ds\" class=\"wp-block-gutentor-e1 section-g-0sta1ds gutentor-element gutentor-element-advanced-text text-align-left-desktop text-align-left-tablet text-align-left-mobile\"><div class=\"gutentor-text-wrap\"><p class=\"gutentor-text\">Nov\u00fd kurz C\u017dV je zam\u011b\u0159en na nabyt\u00ed znalost\u00ed a dovednost\u00ed t\u00fdkaj\u00edc\u00edch se udr\u017eitelnosti, a to v\u202fr\u016fzn\u00fdch pr\u00e1vn\u00edch odv\u011btv\u00edch, resp. v\u202fr\u016fzn\u00fdch oblastech v\u00fdkonu \u010dinnosti, a to jak podnikatelsk\u00e9, tak nepodnikatelsk\u00e9. <\/p><\/div><\/div>\n\n\n\n<section id=\"g-jx1m1ac\" class=\"wp-block-gutentor-m4 section-g-jx1m1ac gutentor-module gutentor-advanced-columns\"><div class=\"grid-container gutentor-rm-ct-space\"><div class=\"grid-row\">\n<div id=\"col-g-48j0pp9\" class=\"wp-block-gutentor-m4-col col-g-48j0pp9 gutentor-single-column  grid-lg-2 grid-md-2 grid-2\"><div id=\"section-g-48j0pp9\" class=\"section-g-48j0pp9 gutentor-col-wrap\">\n<div id=\"section-g-1s0roz1\" class=\"wp-block-gutentor-e6 section-g-1s0roz1 gutentor-element gutentor-element-image gutentor-enabled-width text-align-center-desktop text-align-left-tablet text-align-left-mobile\"><div class=\"gutentor-element-image-box\"><div class=\"gutentor-image-thumb\"><img decoding=\"async\" class=\"normal-image\" src=\"https:\/\/law.prf.cuni.cz\/juridikum\/wp-content\/uploads\/sites\/4\/2025\/05\/V.png\" \/><\/div><\/div><\/div>\n<\/div><\/div>\n\n\n\n<div id=\"col-g-aus05m3\" class=\"wp-block-gutentor-m4-col col-g-aus05m3 gutentor-single-column  grid-lg-10 grid-md-10 grid-10\"><div id=\"section-g-aus05m3\" class=\"section-g-aus05m3 gutentor-col-wrap\">\n<div id=\"section-g-n7u1yuk\" class=\"wp-block-gutentor-e1 section-g-n7u1yuk gutentor-element gutentor-element-advanced-text\"><div class=\"gutentor-text-wrap\"><p class=\"gutentor-text\">Garant: <br>JUDr. Roman Vyb\u00edral, Ph.D.<\/p><\/div><\/div>\n\n\n\n<p><\/p>\n<\/div><\/div>\n<\/div><\/div><\/section>\n\n\n\n<div id=\"section-g-k0greff\" class=\"wp-block-gutentor-e2 section-g-k0greff gutentor-element gutentor-element-button g-pos-r-desktop g-pos-r-tablet g-pos-r-mobile button-align-center-desktop button-align-center-tablet button-align-center-mobile\"><span class=\"gutentor-button-wrap\"><a class=\"gutentor-button gutentor-block-button gutentor-icon-hide\" href=\"https:\/\/law.prf.cuni.cz\/juridikum\/udrzitelnost-jako-pravni-fenomen\/\"><i class=\"gutentor-button-icon fas fa-book\"><\/i><span>V\u00edce informac\u00ed zde<\/span><\/a><\/span><\/div>\n<\/div><\/section>\n<\/div><\/div>\n\n\n\n<div id=\"col-g-rv173sw\" class=\"wp-block-gutentor-m2-col col-g-rv173sw gutentor-module gutentor-dynamic-single-column grid-lg-4 grid-md-6 grid-12\"><div id=\"section-g-rv173sw\" class=\"section-g-rv173sw gutentor-single-col\">\n<section id=\"g-z60kwl4\" class=\"wp-block-gutentor-m3 section-g-z60kwl4 gutentor-module gutentor-container-cover has-color-bg has-custom-bg\"><div class=\"grid-container gutentor-rm-ct-space\">\n<div id=\"section-g-5673icc\" class=\"wp-block-gutentor-e6 section-g-5673icc gutentor-element gutentor-element-image text-align-center-desktop\"><div class=\"gutentor-element-image-box\"><a class=\"gutentor-element-image-link\" href=\"https:\/\/law.prf.cuni.cz\/juridikum\/workshop-rovnost-a-transparentnost-v-odmenovani\"><div class=\"gutentor-image-thumb\"><img decoding=\"async\" class=\"normal-image\" src=\"https:\/\/law.prf.cuni.cz\/juridikum\/wp-content\/uploads\/sites\/4\/2025\/07\/2.png\" \/><\/div><\/a><\/div><\/div>\n\n\n\n<div id=\"section-g-sssess7\" class=\"wp-block-gutentor-e2 section-g-sssess7 gutentor-element gutentor-element-button g-pos-r-desktop g-pos-r-tablet g-pos-r-mobile button-align-center-desktop button-align-center-tablet button-align-center-mobile\"><span class=\"gutentor-button-wrap\"><a class=\"gutentor-button gutentor-block-button gutentor-icon-hide\" href=\"https:\/\/law.prf.cuni.cz\/juridikum\/workshop-rovnost-a-transparentnost-v-odmenovani\"><i class=\"gutentor-button-icon fas fa-book\"><\/i><span>Program C\u017dV<\/span><\/a><\/span><\/div>\n\n\n\n<div id=\"section-g-sss7usl\" class=\"wp-block-gutentor-e1 section-g-sss7usl gutentor-element gutentor-element-advanced-text text-align-center-desktop text-align-left-tablet text-align-left-mobile\"><div class=\"gutentor-text-wrap\"><h4 class=\"gutentor-text\">Rovnost a transparentnost v odm\u011b\u0148ov\u00e1n\u00ed<\/h4><\/div><\/div>\n\n\n\n<div id=\"section-g-osmr1b6\" class=\"wp-block-gutentor-e1 section-g-osmr1b6 gutentor-element gutentor-element-advanced-text text-align-left-desktop text-align-left-tablet text-align-left-mobile\"><div class=\"gutentor-text-wrap\"><p class=\"gutentor-text\">Do \u010dervna 2026 m\u00e1 \u010cesk\u00e1 republika povinnost transponovat sm\u011brnici o transparentnosti v&nbsp;odm\u011b\u0148ov\u00e1n\u00ed. Ta navazuje na ji\u017e existuj\u00edc\u00ed pr\u00e1vn\u00ed \u00fapravu, podle n\u00ed\u017e maj\u00ed zam\u011bstnavatel\u00e9 povinnost zachov\u00e1vat z\u00e1sadu stejn\u00e9 odm\u011bny za stejnou pr\u00e1ci nebo pr\u00e1ci stejn\u00e9 hodnoty. <br><br><strong>Kapacita kurzu byla napln\u011bna a p\u0159ihla\u0161ov\u00e1n\u00ed bylo ukon\u010deno.<\/strong><\/p><\/div><\/div>\n\n\n\n<section id=\"g-2awlq2h\" class=\"wp-block-gutentor-m4 section-g-2awlq2h gutentor-module gutentor-advanced-columns\"><div class=\"grid-container gutentor-rm-ct-space\"><div class=\"grid-row\">\n<div id=\"col-g-jeiyw44\" class=\"wp-block-gutentor-m4-col col-g-jeiyw44 gutentor-single-column  grid-lg-2 grid-md-2 grid-2\"><div id=\"section-g-jeiyw44\" class=\"section-g-jeiyw44 gutentor-col-wrap\">\n<div id=\"section-g-ffnfpko\" class=\"wp-block-gutentor-e6 section-g-ffnfpko gutentor-element gutentor-element-image gutentor-enabled-width text-align-center-desktop text-align-left-tablet text-align-left-mobile\"><div class=\"gutentor-element-image-box\"><div class=\"gutentor-image-thumb\"><img decoding=\"async\" class=\"normal-image\" src=\"https:\/\/law.prf.cuni.cz\/juridikum\/wp-content\/uploads\/sites\/4\/2022\/05\/tomsej.png\" \/><\/div><\/div><\/div>\n<\/div><\/div>\n\n\n\n<div id=\"col-g-6i91139\" class=\"wp-block-gutentor-m4-col col-g-6i91139 gutentor-single-column  grid-lg-10 grid-md-10 grid-10\"><div id=\"section-g-6i91139\" class=\"section-g-6i91139 gutentor-col-wrap\">\n<div id=\"section-g-0lk4nwu\" class=\"wp-block-gutentor-e1 section-g-0lk4nwu gutentor-element gutentor-element-advanced-text\"><div class=\"gutentor-text-wrap\"><p class=\"gutentor-text\">Garant: <br>doc. JUDr. Jakub Tom\u0161ej, Ph.D.<\/p><\/div><\/div>\n\n\n\n<p><\/p>\n<\/div><\/div>\n<\/div><\/div><\/section>\n\n\n\n<div id=\"section-g-c0rrxpx\" class=\"wp-block-gutentor-e2 section-g-c0rrxpx gutentor-element gutentor-element-button g-pos-r-desktop g-pos-r-tablet g-pos-r-mobile button-align-center-desktop button-align-center-tablet button-align-center-mobile\"><span class=\"gutentor-button-wrap\"><a class=\"gutentor-button gutentor-block-button gutentor-icon-hide\" href=\"https:\/\/law.prf.cuni.cz\/juridikum\/workshop-rovnost-a-transparentnost-v-odmenovani\"><i class=\"gutentor-button-icon fas fa-book\"><\/i><span>V\u00edce informac\u00ed zde<\/span><\/a><\/span><\/div>\n<\/div><\/section>\n<\/div><\/div>\n<\/div><\/div><\/section>\n\n\n\n\n","protected":false},"excerpt":{"rendered":"","protected":false},"author":10,"featured_media":0,"parent":0,"menu_order":0,"comment_status":"closed","ping_status":"closed","template":"","meta":{"_monsterinsights_skip_tracking":false,"_monsterinsights_sitenote_active":false,"_monsterinsights_sitenote_note":"","_monsterinsights_sitenote_category":0,"_kadence_starter_templates_imported_post":false,"footnotes":""},"class_list":["post-3720","page","type-page","status-publish","hentry"],"aioseo_notices":[],"_links":{"self":[{"href":"https:\/\/law.prf.cuni.cz\/juridikum\/wp-json\/wp\/v2\/pages\/3720","targetHints":{"allow":["GET"]}}],"collection":[{"href":"https:\/\/law.prf.cuni.cz\/juridikum\/wp-json\/wp\/v2\/pages"}],"about":[{"href":"https:\/\/law.prf.cuni.cz\/juridikum\/wp-json\/wp\/v2\/types\/page"}],"author":[{"embeddable":true,"href":"https:\/\/law.prf.cuni.cz\/juridikum\/wp-json\/wp\/v2\/users\/10"}],"replies":[{"embeddable":true,"href":"https:\/\/law.prf.cuni.cz\/juridikum\/wp-json\/wp\/v2\/comments?post=3720"}],"version-history":[{"count":46,"href":"https:\/\/law.prf.cuni.cz\/juridikum\/wp-json\/wp\/v2\/pages\/3720\/revisions"}],"predecessor-version":[{"id":4167,"href":"https:\/\/law.prf.cuni.cz\/juridikum\/wp-json\/wp\/v2\/pages\/3720\/revisions\/4167"}],"wp:attachment":[{"href":"https:\/\/law.prf.cuni.cz\/juridikum\/wp-json\/wp\/v2\/media?parent=3720"}],"curies":[{"name":"wp","href":"https:\/\/api.w.org\/{rel}","templated":true}]}}

Grantové kurzy CŽV

<section id="gmb7fc734" class="wp-block-gutentor-m2 section-gmb7fc734 gutentor-module gutentor-dynamic-columns"><div class="grid-container gutentor-rm-ct-space"><div class="grid-row">
<div id="col-g-bd1xsil" class="wp-block-gutentor-m2-col col-g-bd1xsil gutentor-module gutentor-dynamic-single-column grid-lg-4 grid-md-6 grid-12"><div id="section-g-bd1xsil" class="section-g-bd1xsil gutentor-single-col">
<section id="g-d11f47d" class="wp-block-gutentor-m3 section-g-d11f47d gutentor-module gutentor-container-cover has-color-bg has-custom-bg"><div class="grid-container gutentor-rm-ct-space">
<div id="section-g-lcqxnzf" class="wp-block-gutentor-e6 section-g-lcqxnzf gutentor-element gutentor-element-image text-align-center-desktop"><div class="gutentor-element-image-box"><a class="gutentor-element-image-link" href="https://law.prf.cuni.cz/juridikum/udrzitelnost-jako-pravni-fenomen/"><div class="gutentor-image-thumb"><img decoding="async" class="normal-image" src="https://law.prf.cuni.cz/juridikum/wp-content/uploads/sites/4/2025/05/1-2.png" /></div></a></div></div>



<div id="section-g-vya1syg" class="wp-block-gutentor-e2 section-g-vya1syg gutentor-element gutentor-element-button g-pos-r-desktop g-pos-r-tablet g-pos-r-mobile button-align-center-desktop button-align-center-tablet button-align-center-mobile"><span class="gutentor-button-wrap"><a class="gutentor-button gutentor-block-button gutentor-icon-hide" href="https://law.prf.cuni.cz/juridikum/udrzitelnost-jako-pravni-fenomen/"><i class="gutentor-button-icon fas fa-book"></i><span>Program CŽV</span></a></span></div>



<div id="section-g-0kujuk7" class="wp-block-gutentor-e1 section-g-0kujuk7 gutentor-element gutentor-element-advanced-text text-align-center-desktop text-align-left-tablet text-align-left-mobile"><div class="gutentor-text-wrap"><h4 class="gutentor-text">Udržitelnost jako právní fenomén</h4></div></div>



<div id="section-g-0sta1ds" class="wp-block-gutentor-e1 section-g-0sta1ds gutentor-element gutentor-element-advanced-text text-align-left-desktop text-align-left-tablet text-align-left-mobile"><div class="gutentor-text-wrap"><p class="gutentor-text">Nový kurz CŽV je zaměřen na nabytí znalostí a dovedností týkajících se udržitelnosti, a to v různých právních odvětvích, resp. v různých oblastech výkonu činnosti, a to jak podnikatelské, tak nepodnikatelské. </p></div></div>



<section id="g-jx1m1ac" class="wp-block-gutentor-m4 section-g-jx1m1ac gutentor-module gutentor-advanced-columns"><div class="grid-container gutentor-rm-ct-space"><div class="grid-row">
<div id="col-g-48j0pp9" class="wp-block-gutentor-m4-col col-g-48j0pp9 gutentor-single-column  grid-lg-2 grid-md-2 grid-2"><div id="section-g-48j0pp9" class="section-g-48j0pp9 gutentor-col-wrap">
<div id="section-g-1s0roz1" class="wp-block-gutentor-e6 section-g-1s0roz1 gutentor-element gutentor-element-image gutentor-enabled-width text-align-center-desktop text-align-left-tablet text-align-left-mobile"><div class="gutentor-element-image-box"><div class="gutentor-image-thumb"><img decoding="async" class="normal-image" src="https://law.prf.cuni.cz/juridikum/wp-content/uploads/sites/4/2025/05/V.png" /></div></div></div>
</div></div>



<div id="col-g-aus05m3" class="wp-block-gutentor-m4-col col-g-aus05m3 gutentor-single-column  grid-lg-10 grid-md-10 grid-10"><div id="section-g-aus05m3" class="section-g-aus05m3 gutentor-col-wrap">
<div id="section-g-n7u1yuk" class="wp-block-gutentor-e1 section-g-n7u1yuk gutentor-element gutentor-element-advanced-text"><div class="gutentor-text-wrap"><p class="gutentor-text">Garant: <br>JUDr. Roman Vybíral, Ph.D.</p></div></div>



<p></p>
</div></div>
</div></div></section>



<div id="section-g-k0greff" class="wp-block-gutentor-e2 section-g-k0greff gutentor-element gutentor-element-button g-pos-r-desktop g-pos-r-tablet g-pos-r-mobile button-align-center-desktop button-align-center-tablet button-align-center-mobile"><span class="gutentor-button-wrap"><a class="gutentor-button gutentor-block-button gutentor-icon-hide" href="https://law.prf.cuni.cz/juridikum/udrzitelnost-jako-pravni-fenomen/"><i class="gutentor-button-icon fas fa-book"></i><span>Více informací zde</span></a></span></div>
</div></section>
</div></div>



<div id="col-g-rv173sw" class="wp-block-gutentor-m2-col col-g-rv173sw gutentor-module gutentor-dynamic-single-column grid-lg-4 grid-md-6 grid-12"><div id="section-g-rv173sw" class="section-g-rv173sw gutentor-single-col">
<section id="g-z60kwl4" class="wp-block-gutentor-m3 section-g-z60kwl4 gutentor-module gutentor-container-cover has-color-bg has-custom-bg"><div class="grid-container gutentor-rm-ct-space">
<div id="section-g-5673icc" class="wp-block-gutentor-e6 section-g-5673icc gutentor-element gutentor-element-image text-align-center-desktop"><div class="gutentor-element-image-box"><a class="gutentor-element-image-link" href="https://law.prf.cuni.cz/juridikum/workshop-rovnost-a-transparentnost-v-odmenovani"><div class="gutentor-image-thumb"><img decoding="async" class="normal-image" src="https://law.prf.cuni.cz/juridikum/wp-content/uploads/sites/4/2025/07/2.png" /></div></a></div></div>



<div id="section-g-sssess7" class="wp-block-gutentor-e2 section-g-sssess7 gutentor-element gutentor-element-button g-pos-r-desktop g-pos-r-tablet g-pos-r-mobile button-align-center-desktop button-align-center-tablet button-align-center-mobile"><span class="gutentor-button-wrap"><a class="gutentor-button gutentor-block-button gutentor-icon-hide" href="https://law.prf.cuni.cz/juridikum/workshop-rovnost-a-transparentnost-v-odmenovani"><i class="gutentor-button-icon fas fa-book"></i><span>Program CŽV</span></a></span></div>



<div id="section-g-sss7usl" class="wp-block-gutentor-e1 section-g-sss7usl gutentor-element gutentor-element-advanced-text text-align-center-desktop text-align-left-tablet text-align-left-mobile"><div class="gutentor-text-wrap"><h4 class="gutentor-text">Rovnost a transparentnost v odměňování</h4></div></div>



<div id="section-g-osmr1b6" class="wp-block-gutentor-e1 section-g-osmr1b6 gutentor-element gutentor-element-advanced-text text-align-left-desktop text-align-left-tablet text-align-left-mobile"><div class="gutentor-text-wrap"><p class="gutentor-text">Do června 2026 má Česká republika povinnost transponovat směrnici o transparentnosti v&nbsp;odměňování. Ta navazuje na již existující právní úpravu, podle níž mají zaměstnavatelé povinnost zachovávat zásadu stejné odměny za stejnou práci nebo práci stejné hodnoty. <br><br><strong>Kapacita kurzu byla naplněna a přihlašování bylo ukončeno.</strong></p></div></div>



<section id="g-2awlq2h" class="wp-block-gutentor-m4 section-g-2awlq2h gutentor-module gutentor-advanced-columns"><div class="grid-container gutentor-rm-ct-space"><div class="grid-row">
<div id="col-g-jeiyw44" class="wp-block-gutentor-m4-col col-g-jeiyw44 gutentor-single-column  grid-lg-2 grid-md-2 grid-2"><div id="section-g-jeiyw44" class="section-g-jeiyw44 gutentor-col-wrap">
<div id="section-g-ffnfpko" class="wp-block-gutentor-e6 section-g-ffnfpko gutentor-element gutentor-element-image gutentor-enabled-width text-align-center-desktop text-align-left-tablet text-align-left-mobile"><div class="gutentor-element-image-box"><div class="gutentor-image-thumb"><img decoding="async" class="normal-image" src="https://law.prf.cuni.cz/juridikum/wp-content/uploads/sites/4/2022/05/tomsej.png" /></div></div></div>
</div></div>



<div id="col-g-6i91139" class="wp-block-gutentor-m4-col col-g-6i91139 gutentor-single-column  grid-lg-10 grid-md-10 grid-10"><div id="section-g-6i91139" class="section-g-6i91139 gutentor-col-wrap">
<div id="section-g-0lk4nwu" class="wp-block-gutentor-e1 section-g-0lk4nwu gutentor-element gutentor-element-advanced-text"><div class="gutentor-text-wrap"><p class="gutentor-text">Garant: <br>doc. JUDr. Jakub Tomšej, Ph.D.</p></div></div>



<p></p>
</div></div>
</div></div></section>



<div id="section-g-c0rrxpx" class="wp-block-gutentor-e2 section-g-c0rrxpx gutentor-element gutentor-element-button g-pos-r-desktop g-pos-r-tablet g-pos-r-mobile button-align-center-desktop button-align-center-tablet button-align-center-mobile"><span class="gutentor-button-wrap"><a class="gutentor-button gutentor-block-button gutentor-icon-hide" href="https://law.prf.cuni.cz/juridikum/workshop-rovnost-a-transparentnost-v-odmenovani"><i class="gutentor-button-icon fas fa-book"></i><span>Více informací zde</span></a></span></div>
</div></section>
</div></div>
</div></div></section>
