{"id":3290,"date":"2024-09-17T18:22:46","date_gmt":"2024-09-17T16:22:46","guid":{"rendered":"https:\/\/law.prf.cuni.cz\/juridikum\/?page_id=3290"},"modified":"2026-04-27T15:20:08","modified_gmt":"2026-04-27T13:20:08","slug":"compliance-teorie-a-praxe","status":"publish","type":"page","link":"https:\/\/law.prf.cuni.cz\/juridikum\/compliance-teorie-a-praxe\/","title":{"rendered":"Compliance &#8211; Teorie a Praxe"},"content":{"rendered":"\n<section id=\"gmda9e0f4\" class=\"wp-block-gutentor-m3 section-gmda9e0f4 gutentor-module gutentor-container-cover\"><div class=\"grid-container\">\n<div id=\"section-g4aac3e\" class=\"wp-block-gutentor-e1 section-g4aac3e gutentor-element gutentor-element-advanced-text text-align-left-desktop text-align-left-tablet text-align-center-mobile\"><div class=\"gutentor-text-wrap\"><h2 class=\"gutentor-text\">Compliance -Teorie a Praxe<\/h2><\/div><\/div>\n<\/div><\/section>\n\n\n\n<section id=\"gm7bd0f34\" class=\"wp-block-gutentor-m4 section-gm7bd0f34 gutentor-module gutentor-advanced-columns\"><div class=\"grid-container\"><div class=\"grid-row\">\n<div id=\"col-gma60c9d\" class=\"wp-block-gutentor-m4-col col-gma60c9d gutentor-single-column  grid-lg-8 grid-md-12 grid-12\"><div id=\"section-gma60c9d\" class=\"section-gma60c9d gutentor-col-wrap\">\n<section id=\"section-e47afcd3-dbd1-4408-8652-fd9496b30ddb\" class=\"wp-block-gutentor-image-slider gutentor-section gutentor-image-slider imageSlider-template1\"><div class=\"gutentor-grid-item-wrap\"><div class=\"gutentor-slider-wrapper\" data-dots=\"false\" data-arrows=\"false\" data-infinite=\"false\" data-nextarrow=\"fas fa-angle-right\" data-prevarrow=\"fas fa-angle-left\" data-autoplay=\"false\" data-autoplayspeed=\"5000\" data-fade=\"false\" data-speed=\"3000\"><div class=\"gutentor-slider-item\"><div class=\"gutentor-single-item gutentor-single-item-0\"><div class=\"gutentor-single-item-wrap\"><div class=\"gutentor-single-item-image-box\"><div class=\"gutentor-bg-image\"><\/div><\/div><\/div><\/div><\/div><div class=\"gutentor-slider-item\"><div class=\"gutentor-single-item gutentor-single-item-1\"><div class=\"gutentor-single-item-wrap\"><div class=\"gutentor-single-item-image-box\"><div class=\"gutentor-bg-image\"><\/div><\/div><\/div><\/div><\/div><div class=\"gutentor-slider-item\"><div class=\"gutentor-single-item gutentor-single-item-2\"><div class=\"gutentor-single-item-wrap\"><div class=\"gutentor-single-item-image-box\"><div class=\"gutentor-bg-image\"><\/div><\/div><\/div><\/div><\/div><\/div><\/div><\/section>\n\n\n\n<section id=\"1fdb6c\" class=\"section-1fdb6c gutentor-module gutentor-module-tabs gutentor-tabs-layout-horizontal gutentor-tabs-pos-top\"><div class=\"grid-container\"><div class=\"gutentor-module-tabs-wrap gutentor-tabs-style-outline\" data-id=\"1fdb6c\"><div class=\"gutentor-module-tabs-nav text-align-left-desktop\"><span class=\"gutentor-module-tabs-item gm-tt-1fdb6c gutentor-tabs-nav-active\"><span class=\"gutentor-module-tabs-title\">P\u0159ehled<\/span><\/span><span class=\"gutentor-module-tabs-item gm-tt-1fdb6c\"><span class=\"gutentor-module-tabs-title\">Anotace<\/span><\/span><\/div><div class=\"gutentor-module-tabs-body\">\n<div class=\"wp-block-gutentor-m7-tab gutentor-module-tabs-content gm-tc-1fdb6c gutentor-tabs-content-active\">\n<div id=\"section-g8df432\" class=\"wp-block-gutentor-e1 section-g8df432 gutentor-element gutentor-element-advanced-text text-align-left-desktop text-align-left-tablet text-align-left-mobile\"><div class=\"gutentor-text-wrap\"><a class=\"gutentor-element-advanced-text-link\" href=\"#\"><h4 class=\"gutentor-text\">Compliance -Teorie a Praxe<\/h4><\/a><\/div><\/div>\n\n\n\n<div id=\"section-g0de710\" class=\"wp-block-gutentor-e1 section-g0de710 gutentor-element gutentor-element-advanced-text text-align-left-desktop text-align-left-tablet text-align-left-mobile\"><div class=\"gutentor-text-wrap\"><p class=\"gutentor-text\">Compliance je dnes nezbytnou sou\u010d\u00e1st\u00ed ka\u017ed\u00e9 obchodn\u00ed korporace, bez ohledu na jej\u00ed velikost \u010di obor \u010dinnosti.\u00a0<br>Kurz \u201eCompliance \u2013 Teorie a Praxe\u201c, nab\u00edzen\u00fd v r\u00e1mci programu Juridikum na Pr\u00e1vnick\u00e9 fakult\u011b Univerzity Karlovy, je navr\u017een tak, aby \u00fa\u010dastn\u00edk\u016fm poskytl ucelen\u00fd p\u0159ehled o teoretick\u00fdch z\u00e1kladech compliance a z\u00e1rove\u0148 jim umo\u017enil prakticky se sezn\u00e1mit s implementac\u00ed a spr\u00e1vou Compliance Management Syst\u00e9mu (CMS).<\/p><\/div><\/div>\n\n\n\n<div id=\"section-g723c53\" class=\"wp-block-gutentor-e1 section-g723c53 gutentor-element gutentor-element-advanced-text text-align-left-desktop text-align-left-tablet text-align-left-mobile\"><div class=\"gutentor-text-wrap\"><a class=\"gutentor-element-advanced-text-link\" href=\"#\"><h4 class=\"gutentor-text\"><\/h4><\/a><\/div><\/div>\n<\/div>\n\n\n\n<div class=\"wp-block-gutentor-m7-tab gutentor-module-tabs-content gm-tc-1fdb6c\">\n<div id=\"section-gf4bd1a\" class=\"wp-block-gutentor-e1 section-gf4bd1a gutentor-element gutentor-element-advanced-text text-align-left-desktop text-align-left-tablet text-align-left-mobile\"><div class=\"gutentor-text-wrap\"><a class=\"gutentor-element-advanced-text-link\" href=\"#\"><h4 class=\"gutentor-text\">Charakteristika programu:<\/h4><\/a><\/div><\/div>\n\n\n\n<div id=\"section-g2b0e6a\" class=\"wp-block-gutentor-e1 section-g2b0e6a gutentor-element gutentor-element-advanced-text text-align-left-desktop text-align-left-tablet text-align-left-mobile\"><div class=\"gutentor-text-wrap\"><p class=\"gutentor-text\">\u00da\u010dastn\u00edci kurzu se sezn\u00e1m\u00ed s kl\u00ed\u010dov\u00fdmi principy compliance v kontextu pr\u00e1vn\u00edho r\u00e1mce \u010cesk\u00e9 republiky, pochop\u00ed strukturu a v\u00fdznam jednotliv\u00fdch subsyst\u00e9m\u016f, kter\u00e9 jsou ned\u00edlnou sou\u010d\u00e1st\u00ed efektivn\u00edho CMS, a nau\u010d\u00ed se, jak efektivn\u011b identifikovat, analyzovat a \u0159\u00eddit rizika ve sv\u00e9 korporaci. Kurz klade d\u016fraz na praktick\u00e9 dovednosti, v\u010detn\u011b komunikace s dohledov\u00fdmi org\u00e1ny, reportingu a vyjedn\u00e1v\u00e1n\u00ed. Sou\u010d\u00e1st\u00ed programu jsou t\u00e9\u017e pr\u016fb\u011b\u017en\u00e1 cvi\u010den\u00ed, b\u011bhem kter\u00fdch si \u00fa\u010dastn\u00edci vyzkou\u0161\u00ed aplikaci z\u00edskan\u00fdch znalost\u00ed v re\u00e1ln\u00fdch situac\u00edch.<br><br>Kurz je ur\u010den pro pr\u00e1vn\u00edky, compliance officery, mana\u017eery a dal\u0161\u00ed profesion\u00e1ly, kte\u0159\u00ed cht\u011bj\u00ed z\u00edskat z\u00e1kladn\u00ed znalosti a dovednosti ve st\u00e1le se rozr\u016fstaj\u00edc\u00ed oblasti compliance.\u00a0<br><br><strong>Forma kurzu je v\u00fdhradn\u011b prezen\u010dn\u00ed.<\/strong><br><\/p><\/div><\/div>\n\n\n\n<div id=\"section-ga4931e\" class=\"wp-block-gutentor-e1 section-ga4931e gutentor-element gutentor-element-advanced-text text-align-left-desktop text-align-left-tablet text-align-left-mobile\"><div class=\"gutentor-text-wrap\"><a class=\"gutentor-element-advanced-text-link\" href=\"#\"><h4 class=\"gutentor-text\">\u010casov\u00fd a obsahov\u00fd pl\u00e1n programu:<\/h4><\/a><\/div><\/div>\n\n\n\n<div id=\"section-g88f110\" class=\"wp-block-gutentor-e1 section-g88f110 gutentor-element gutentor-element-advanced-text text-align-left-desktop text-align-left-tablet text-align-left-mobile\"><div class=\"gutentor-text-wrap\"><p class=\"gutentor-text\">Kurz je tvo\u0159en \u010dty\u0159mi setk\u00e1n\u00edmi v rozsahu <strong>180 minut <\/strong>v\u010detn\u011b 30minutov\u00e9 p\u0159est\u00e1vky. Kurz je samostatn\u00fd bez navazuj\u00edc\u00edch modul\u016f.<br><br><strong>1. setk\u00e1n\u00ed  13. 5. 2026 \/17:00 \u2013 20:00 hod\/<\/strong><br>\u2022 \u00davod do oblasti Compliance, vztah ke\u202f\u201eCorporate Governance\u201c<br>\u2022 Compliance Management Syst\u00e9m<br>\u2022 Conduct Risk v syst\u00e9mu \u0159\u00edzen\u00ed rizik<br><br><strong>2. setk\u00e1n\u00ed  20. 5. 2026 \/17:00 \u2013 20:00 hod\/<\/strong><br>\u2022 Trestn\u00ed odpov\u011bdnost pr\u00e1vnick\u00fdch osob, AML, sout\u011b\u017en\u00ed compliance<br>\u2022 Postaven\u00ed Compliance Officera a dal\u0161\u00edch org\u00e1n\u016f spole\u010dnosti<br>\u2022 P\u0159edkl\u00e1d\u00e1n\u00ed n\u00e1vrh\u016f veden\u00ed spole\u010dnosti a vyjedn\u00e1v\u00e1n\u00ed o nich<br><br><strong>3. setk\u00e1n\u00ed  27. 5. 2026 \/17:00 \u2013 20:00 hod\/<\/strong><br>\u2022 Ochrana spot\u0159ebitele<br>\u2022 Ochrana osobn\u00edch \u00fadaj\u016f (GDPR)<br>\u2022 Kontroln\u00ed syst\u00e9my a reporting\u202f<br><br><strong>4. setk\u00e1n\u00ed  3. 6. 2026 \/17:00 \u2013 20:00 hod\/<\/strong><br>\u2022 Skupinov\u00e9 prezentace a feedback<\/p><\/div><\/div>\n\n\n\n<div id=\"section-g1fa7c7\" class=\"wp-block-gutentor-e1 section-g1fa7c7 gutentor-element gutentor-element-advanced-text text-align-left-desktop text-align-left-tablet text-align-left-mobile\"><div class=\"gutentor-text-wrap\"><a class=\"gutentor-element-advanced-text-link\" href=\"#\"><h4 class=\"gutentor-text\">P\u0159edn\u00e1\u0161ej\u00edc\u00ed a m\u00edsto<\/h4><\/a><\/div><\/div>\n\n\n\n<div id=\"section-g36a02b\" class=\"wp-block-gutentor-e1 section-g36a02b gutentor-element gutentor-element-advanced-text text-align-left-desktop text-align-left-tablet text-align-left-mobile\"><div class=\"gutentor-text-wrap\"><p class=\"gutentor-text\"><strong>Garanti kurzu:<\/strong> JUDr. Aneta Pr\u016f\u0161ov\u00e1, Ph.D., JUDr. Mgr. Tom\u00e1\u0161 Ryza<br><strong>Pracovi\u0161t\u011b zaji\u0161\u0165uj\u00edc\u00ed uskute\u010dn\u011bn\u00ed<\/strong>: Katedra pr\u00e1vn\u00edch dovednost\u00ed<br><strong>M\u00edsto kon\u00e1n\u00ed:<\/strong> Pr\u00e1vnick\u00e1 fakulta, n\u00e1m. Curieov\u00fdch 7, 116 40 Praha 1<\/p><\/div><\/div>\n\n\n\n<div id=\"section-gec5fcb\" class=\"wp-block-gutentor-e1 section-gec5fcb gutentor-element gutentor-element-advanced-text text-align-left-desktop text-align-left-tablet text-align-left-mobile\"><div class=\"gutentor-text-wrap\"><a class=\"gutentor-element-advanced-text-link\" href=\"#\"><h4 class=\"gutentor-text\">Term\u00edn a d\u00e9lka<\/h4><\/a><\/div><\/div>\n\n\n\n<div id=\"section-ga33ada\" class=\"wp-block-gutentor-e1 section-ga33ada gutentor-element gutentor-element-advanced-text text-align-left-desktop text-align-left-tablet text-align-left-mobile\"><div class=\"gutentor-text-wrap\"><p class=\"gutentor-text\"><strong>Otev\u00edr\u00e1n v akad. roce: <\/strong>2025\/26<br><strong>Zah\u00e1jen\u00ed: <\/strong>letn\u00ed semestr<br><strong>D\u00e9lka programu: <\/strong>Kr\u00e1tkodob\u00e9<br><strong>Rozsah: <\/strong>14 hodiny<br><strong>Datum zah\u00e1jen\u00ed:<\/strong> 13. 5. 2026<\/p><\/div><\/div>\n\n\n\n<div id=\"section-g5af869\" class=\"wp-block-gutentor-e1 section-g5af869 gutentor-element gutentor-element-advanced-text text-align-left-desktop text-align-left-tablet text-align-left-mobile\"><div class=\"gutentor-text-wrap\"><a class=\"gutentor-element-advanced-text-link\" href=\"#\"><h4 class=\"gutentor-text\">Poplatky a financov\u00e1n\u00ed<\/h4><\/a><\/div><\/div>\n\n\n\n<div id=\"section-gf0db48\" class=\"wp-block-gutentor-e1 section-gf0db48 gutentor-element gutentor-element-advanced-text text-align-left-desktop text-align-left-tablet text-align-left-mobile\"><div class=\"gutentor-text-wrap\"><p class=\"gutentor-text\"><strong>V\u00fd\u0161e \u00faplaty:<\/strong> 8 000 K\u010d \/ kurz<br><strong>SLEVA\u00a0<\/strong>pro zam\u011bstnance a studenty UK ve v\u00fd\u0161i\u00a0<strong>20 %<\/strong><br><\/p><\/div><\/div>\n\n\n\n<div id=\"section-ged0429\" class=\"wp-block-gutentor-e1 section-ged0429 gutentor-element gutentor-element-advanced-text text-align-left-desktop text-align-left-tablet text-align-left-mobile\"><div class=\"gutentor-text-wrap\"><a class=\"gutentor-element-advanced-text-link\" href=\"#\"><h4 class=\"gutentor-text\">P\u0159ihl\u00e1\u0161ka<\/h4><\/a><\/div><\/div>\n\n\n\n<div id=\"section-g784c54\" class=\"wp-block-gutentor-e1 section-g784c54 gutentor-element gutentor-element-advanced-text text-align-left-desktop text-align-left-tablet text-align-left-mobile\"><div class=\"gutentor-text-wrap\"><p class=\"gutentor-text\"><strong>Adresa pro doru\u010den\u00ed p\u0159ihl\u00e1\u0161ky: <\/strong><br>Pr\u00e1vnick\u00e1 fakulta, n\u00e1m. Curieov\u00fdch 7, Praha 1<br><strong>Pracovi\u0161t\u011b, kam doru\u010dit p\u0159ihl\u00e1\u0161ku: <\/strong><br>Odd\u011blen\u00ed celo\u017eivotn\u00edho vzd\u011bl\u00e1v\u00e1n\u00ed<br><strong>Kontaktn\u00ed osoba: <\/strong>Bc. Julie Miklovi\u010dov\u00e1<br><strong>E-mail:<\/strong> juridikum@prf.cuni.cz<br><strong>Telefon:<\/strong> 221 005 504<br><strong>Term\u00edn pod\u00e1n\u00ed p\u0159ihl\u00e1\u0161ky:<\/strong> 16. 3. \u2013 4. 5. 2026<\/p><\/div><\/div>\n\n\n\n<p><\/p>\n<\/div>\n<\/div><\/div><\/div><\/section>\n<\/div><\/div>\n\n\n\n<div id=\"col-gmae399d\" class=\"wp-block-gutentor-m4-col col-gmae399d gutentor-single-column  grid-lg-4 grid-md-12 grid-12\"><div id=\"section-gmae399d\" class=\"section-gmae399d gutentor-col-wrap\">\n<section id=\"gmfdf81fe\" class=\"wp-block-gutentor-m3 section-gmfdf81fe gutentor-module gutentor-container-cover has-color-bg has-custom-bg\"><div class=\"grid-container\">\n<div id=\"section-ge712ee\" class=\"wp-block-gutentor-e7 section-ge712ee gutentor-element gutentor-element-list text-align-left-desktop text-align-left-tablet text-align-left-mobile\"><ul class=\"grid-row gutentor-grid-item-wrap list-indicator-icon\"><li class=\"gutentor-list-item grid-lg-12 grid-md-12 grid-12 gutentor-rm-col-space\"><span class=\"gutentor-single-item gutentor-single-item-0\"><span class=\"gutentor-list-item-wrap g-s-list-wrap\"><span class=\"gutentor-single-list-item-icon\"><i class=\"list-item-icon far fa-clock\"><\/i><\/span><span class=\"gutentor-list-item\"><p class=\"gutentor-single-item-title\">13. 5. a\u017e 3. 6. 2026 <\/p><\/span><\/span><\/span><\/li><\/ul><\/div>\n\n\n\n<div id=\"section-g080631\" class=\"wp-block-gutentor-e7 section-g080631 gutentor-element gutentor-element-list text-align-left-desktop text-align-left-tablet text-align-left-mobile\"><ul class=\"grid-row gutentor-grid-item-wrap list-indicator-icon\"><li class=\"gutentor-list-item grid-lg-12 grid-md-12 grid-12 gutentor-rm-col-space\"><span class=\"gutentor-single-item gutentor-single-item-0\"><span class=\"gutentor-list-item-wrap g-s-list-wrap\"><span class=\"gutentor-single-list-item-icon\"><i class=\"list-item-icon fas fa-user-friends\"><\/i><\/span><span class=\"gutentor-list-item\"><p class=\"gutentor-single-item-title\">Doba trv\u00e1n\u00ed: 14 hodiny<\/p><\/span><\/span><\/span><\/li><\/ul><\/div>\n\n\n\n<div id=\"section-gb57558\" class=\"wp-block-gutentor-e7 section-gb57558 gutentor-element gutentor-element-list text-align-left-desktop text-align-left-tablet text-align-left-mobile\"><ul class=\"grid-row gutentor-grid-item-wrap list-indicator-icon\"><li class=\"gutentor-list-item grid-lg-12 grid-md-12 grid-12 gutentor-rm-col-space\"><span class=\"gutentor-single-item gutentor-single-item-0\"><span class=\"gutentor-list-item-wrap g-s-list-wrap\"><span class=\"gutentor-single-list-item-icon\"><i class=\"list-item-icon far fa-file\"><\/i><\/span><span class=\"gutentor-list-item\"><p class=\"gutentor-single-item-title\">Certifikace: osv\u011bd\u010den\u00ed o absolvov\u00e1n\u00ed programu<\/p><\/span><\/span><\/span><\/li><\/ul><\/div>\n\n\n\n<div id=\"section-gadb9fb\" class=\"wp-block-gutentor-e7 section-gadb9fb gutentor-element gutentor-element-list text-align-left-desktop text-align-left-tablet text-align-left-mobile\"><ul class=\"grid-row gutentor-grid-item-wrap list-indicator-icon\"><li class=\"gutentor-list-item grid-lg-12 grid-md-12 grid-12 gutentor-rm-col-space\"><span class=\"gutentor-single-item gutentor-single-item-0\"><span class=\"gutentor-list-item-wrap g-s-list-wrap\"><span class=\"gutentor-single-list-item-icon\"><i class=\"list-item-icon fas fa-address-card\"><\/i><\/span><span class=\"gutentor-list-item\"><p class=\"gutentor-single-item-title\"><strong>Prezen\u010dn\u00ed<\/strong> kurz<\/p><\/span><\/span><\/span><\/li><\/ul><\/div>\n\n\n\n<div id=\"section-g61c5ef\" class=\"wp-block-gutentor-e7 section-g61c5ef gutentor-element gutentor-element-list text-align-left-desktop text-align-left-tablet text-align-left-mobile\"><ul class=\"grid-row gutentor-grid-item-wrap list-indicator-icon\"><li class=\"gutentor-list-item grid-lg-12 grid-md-12 grid-12 gutentor-rm-col-space\"><span class=\"gutentor-single-item gutentor-single-item-0\"><span class=\"gutentor-list-item-wrap g-s-list-wrap\"><span class=\"gutentor-single-list-item-icon\"><i class=\"list-item-icon far fa-check-square\"><\/i><\/span><span class=\"gutentor-list-item\"><p class=\"gutentor-single-item-title\">Cena: 8 000 K\u010d \/ SLEVA pro zam\u011bstnance a studenty UK ve v\u00fd\u0161i 20 %<\/p><\/span><\/span><\/span><\/li><\/ul><\/div>\n<\/div><\/section>\n\n\n\n<div id=\"section-g4955f8\" class=\"wp-block-gutentor-e2 section-g4955f8 gutentor-element gutentor-element-button g-pos-r-desktop g-pos-r-tablet g-pos-r-mobile button-align-center-desktop button-align-center-tablet button-align-center-mobile\"><span class=\"gutentor-button-wrap\"><a class=\"gutentor-button gutentor-block-button gutentor-icon-hide\" href=\"https:\/\/is.cuni.cz\/studium\/prijimacky\/index.php?do=detail_kurz&cid=12751\"><i class=\"gutentor-button-icon fas fa-book\"><\/i><span>P\u0159ihla\u0161ov\u00e1n\u00ed <\/span><\/a><\/span><\/div>\n<\/div><\/div>\n<\/div><\/div><\/section>\n\n\n\n<section id=\"gm22b0835\" class=\"wp-block-gutentor-m4 alignfull section-gm22b0835 gutentor-module gutentor-advanced-columns gutentor-equal-column-height\"><div class=\"grid-container\"><div class=\"grid-row\">\n<div id=\"col-gm7a0026\" class=\"wp-block-gutentor-m4-col col-gm7a0026 gutentor-single-column  grid-lg-12 grid-md-12 grid-12 gutentor-rm-col-space\"><div id=\"section-gm7a0026\" class=\"section-gm7a0026 gutentor-col-wrap has-image-bg has-custom-bg has-gutentor-overlay\">\n<div id=\"section-g482a24\" class=\"wp-block-gutentor-e1 section-g482a24 gutentor-element gutentor-element-advanced-text text-align-center-desktop text-align-center-tablet text-align-center-mobile\"><div class=\"gutentor-text-wrap\"><p class=\"gutentor-text\">M\u00e1te z\u00e1jem o jin\u00fd kurz?<br>Kontaktuje n\u00e1s a p\u0159iprav\u00edme pro v\u00e1s kurz na kl\u00ed\u010d<\/p><\/div><\/div>\n\n\n\n<div id=\"section-g807fd7\" class=\"wp-block-gutentor-e2 section-g807fd7 gutentor-element gutentor-element-button button-align-center-desktop button-align-center-tablet button-align-center-mobile\"><span class=\"gutentor-button-wrap\"><a class=\"gutentor-button gutentor-block-button gutentor-icon-hide\" href=\"https:\/\/law.prf.cuni.cz\/juridikum\/kontakty\/\"><i class=\"gutentor-button-icon fas fa-book\"><\/i><span>Kontakty<\/span><\/a><\/span><\/div>\n\n\n\n<p><\/p>\n<\/div><\/div>\n<\/div><\/div><\/section>\n","protected":false},"excerpt":{"rendered":"","protected":false},"author":10,"featured_media":0,"parent":0,"menu_order":0,"comment_status":"closed","ping_status":"closed","template":"template-gutentor-full-width.php","meta":{"_monsterinsights_skip_tracking":false,"_monsterinsights_sitenote_active":false,"_monsterinsights_sitenote_note":"","_monsterinsights_sitenote_category":0,"_kadence_starter_templates_imported_post":false,"footnotes":""},"class_list":["post-3290","page","type-page","status-publish","hentry"],"aioseo_notices":[],"_links":{"self":[{"href":"https:\/\/law.prf.cuni.cz\/juridikum\/wp-json\/wp\/v2\/pages\/3290","targetHints":{"allow":["GET"]}}],"collection":[{"href":"https:\/\/law.prf.cuni.cz\/juridikum\/wp-json\/wp\/v2\/pages"}],"about":[{"href":"https:\/\/law.prf.cuni.cz\/juridikum\/wp-json\/wp\/v2\/types\/page"}],"author":[{"embeddable":true,"href":"https:\/\/law.prf.cuni.cz\/juridikum\/wp-json\/wp\/v2\/users\/10"}],"replies":[{"embeddable":true,"href":"https:\/\/law.prf.cuni.cz\/juridikum\/wp-json\/wp\/v2\/comments?post=3290"}],"version-history":[{"count":14,"href":"https:\/\/law.prf.cuni.cz\/juridikum\/wp-json\/wp\/v2\/pages\/3290\/revisions"}],"predecessor-version":[{"id":4277,"href":"https:\/\/law.prf.cuni.cz\/juridikum\/wp-json\/wp\/v2\/pages\/3290\/revisions\/4277"}],"wp:attachment":[{"href":"https:\/\/law.prf.cuni.cz\/juridikum\/wp-json\/wp\/v2\/media?parent=3290"}],"curies":[{"name":"wp","href":"https:\/\/api.w.org\/{rel}","templated":true}]}}