{"id":1938,"date":"2023-05-11T23:47:09","date_gmt":"2023-05-11T21:47:09","guid":{"rendered":"https:\/\/law.prf.cuni.cz\/juridikum\/?page_id=1938"},"modified":"2023-05-15T16:28:44","modified_gmt":"2023-05-15T14:28:44","slug":"pruvodce_duchodce-2","status":"publish","type":"page","link":"https:\/\/law.prf.cuni.cz\/juridikum\/pruvodce_duchodce-2\/","title":{"rendered":"Pr\u016fvodce budouc\u00edho a st\u00e1vaj\u00edc\u00edho d\u016fchodce"},"content":{"rendered":"\n<section id=\"gm8d62804\" class=\"wp-block-gutentor-m3 section-gm8d62804 gutentor-module gutentor-container-cover\"><div class=\"grid-container\">\n<div id=\"section-gd4698a\" class=\"wp-block-gutentor-e1 section-gd4698a gutentor-element gutentor-element-advanced-text text-align-left-desktop text-align-left-tablet text-align-center-mobile\"><div class=\"gutentor-text-wrap\"><h2 class=\"gutentor-text\">Pr\u016fvodce budouc\u00edho a st\u00e1vaj\u00edc\u00edho d\u016fchodce<\/h2><\/div><\/div>\n<\/div><\/section>\n\n\n\n<section id=\"gm9dc752f\" class=\"wp-block-gutentor-m4 section-gm9dc752f gutentor-module gutentor-advanced-columns\"><div class=\"grid-container\"><div class=\"grid-row\">\n<div id=\"col-gm2f0dca\" class=\"wp-block-gutentor-m4-col col-gm2f0dca gutentor-single-column  grid-lg-8 grid-md-12 grid-12\"><div id=\"section-gm2f0dca\" class=\"section-gm2f0dca gutentor-col-wrap\">\n<section id=\"section-efae4d5e-9742-41bb-a219-634c1f6696c3\" class=\"wp-block-gutentor-image-slider gutentor-section gutentor-image-slider imageSlider-template1\"><div class=\"gutentor-grid-item-wrap\"><div class=\"gutentor-slider-wrapper\" data-dots=\"true\" data-arrows=\"false\" data-infinite=\"false\" data-nextarrow=\"fas fa-angle-right\" data-prevarrow=\"fas fa-angle-left\" data-autoplay=\"false\" data-autoplayspeed=\"5000\" data-fade=\"false\" data-speed=\"3000\"><div class=\"gutentor-slider-item\"><div class=\"gutentor-single-item gutentor-single-item-0\"><div class=\"gutentor-single-item-wrap\"><div class=\"gutentor-single-item-image-box\"><div class=\"gutentor-bg-image\"><\/div><\/div><\/div><\/div><\/div><div class=\"gutentor-slider-item\"><div class=\"gutentor-single-item gutentor-single-item-1\"><div class=\"gutentor-single-item-wrap\"><div class=\"gutentor-single-item-image-box\"><div class=\"gutentor-bg-image\"><\/div><\/div><\/div><\/div><\/div><div class=\"gutentor-slider-item\"><div class=\"gutentor-single-item gutentor-single-item-2\"><div class=\"gutentor-single-item-wrap\"><div class=\"gutentor-single-item-image-box\"><div class=\"gutentor-bg-image\"><\/div><\/div><\/div><\/div><\/div><div class=\"gutentor-slider-item\"><div class=\"gutentor-single-item gutentor-single-item-3\"><div class=\"gutentor-single-item-wrap\"><div class=\"gutentor-single-item-image-box\"><div class=\"gutentor-bg-image\"><\/div><\/div><\/div><\/div><\/div><div class=\"gutentor-slider-item\"><div class=\"gutentor-single-item gutentor-single-item-4\"><div class=\"gutentor-single-item-wrap\"><div class=\"gutentor-single-item-image-box\"><div class=\"gutentor-bg-image\"><\/div><\/div><\/div><\/div><\/div><\/div><\/div><\/section>\n\n\n\n<section id=\"fda7c1\" class=\"section-fda7c1 gutentor-module gutentor-module-tabs gutentor-tabs-layout-horizontal gutentor-tabs-pos-top\"><div class=\"grid-container\"><div class=\"gutentor-module-tabs-wrap gutentor-tabs-style-outline\" data-id=\"fda7c1\"><div class=\"gutentor-module-tabs-nav text-align-left-desktop\"><span class=\"gutentor-module-tabs-item gm-tt-fda7c1 gutentor-tabs-nav-active\"><span class=\"gutentor-module-tabs-title\">P\u0159ehled<\/span><\/span><span class=\"gutentor-module-tabs-item gm-tt-fda7c1\"><span class=\"gutentor-module-tabs-title\">Anotace<\/span><\/span><span class=\"gutentor-module-tabs-item gm-tt-fda7c1\"><span class=\"gutentor-module-tabs-title\">Lektor<\/span><\/span><\/div><div class=\"gutentor-module-tabs-body\">\n<div class=\"wp-block-gutentor-m7-tab gutentor-module-tabs-content gm-tc-fda7c1 gutentor-tabs-content-active\">\n<div id=\"section-gb43a72\" class=\"wp-block-gutentor-e1 section-gb43a72 gutentor-element gutentor-element-advanced-text text-align-left-desktop text-align-left-tablet text-align-left-mobile\"><div class=\"gutentor-text-wrap\"><a class=\"gutentor-element-advanced-text-link\" href=\"#\"><h4 class=\"gutentor-text\">Pr\u016fvodce budouc\u00edho a st\u00e1vaj\u00edc\u00edho d\u016fchodce<\/h4><\/a><\/div><\/div>\n\n\n\n<div id=\"section-g019669\" class=\"wp-block-gutentor-e1 section-g019669 gutentor-element gutentor-element-advanced-text text-align-left-desktop text-align-left-tablet text-align-left-mobile\"><div class=\"gutentor-text-wrap\"><p class=\"gutentor-text\">Kurz je ur\u010den\u00fd pro poslucha\u010de, kte\u0159\u00ed se chystaj\u00ed do d\u016fchodu, nebo kte\u0159\u00ed ji\u017e d\u016fchod pob\u00edraj\u00ed.<br><\/p><\/div><\/div>\n\n\n\n<div id=\"section-g6d1338\" class=\"wp-block-gutentor-e1 section-g6d1338 gutentor-element gutentor-element-advanced-text text-align-left-desktop text-align-left-tablet text-align-left-mobile\"><div class=\"gutentor-text-wrap\"><a class=\"gutentor-element-advanced-text-link\" href=\"#\"><h4 class=\"gutentor-text\"><\/h4><\/a><\/div><\/div>\n<\/div>\n\n\n\n<div class=\"wp-block-gutentor-m7-tab gutentor-module-tabs-content gm-tc-fda7c1\">\n<div id=\"section-g7c1f51\" class=\"wp-block-gutentor-e1 section-g7c1f51 gutentor-element gutentor-element-advanced-text text-align-left-desktop text-align-left-tablet text-align-left-mobile\"><div class=\"gutentor-text-wrap\"><a class=\"gutentor-element-advanced-text-link\" href=\"#\"><h4 class=\"gutentor-text\">Komu je kurz ur\u010den<\/h4><\/a><\/div><\/div>\n\n\n\n<div id=\"section-g2cb5a2\" class=\"wp-block-gutentor-e1 section-g2cb5a2 gutentor-element gutentor-element-advanced-text text-align-left-desktop text-align-left-tablet text-align-left-mobile\"><div class=\"gutentor-text-wrap\"><p class=\"gutentor-text\">Kurz je ur\u010den\u00fd pro poslucha\u010de, kte\u0159\u00ed se chystaj\u00ed do d\u016fchodu, nebo kte\u0159\u00ed ji\u017e d\u016fchod pob\u00edraj\u00ed.<br>C\u00edlem kurzu je poskytnout poslucha\u010d\u016fm souhrnn\u00fd p\u0159ehled u\u017eite\u010dn\u00fdch informac\u00ed z oblast\u00ed d\u016fchodov\u00e9ho poji\u0161t\u011bn\u00ed, nemocensk\u00e9ho poji\u0161t\u011bn\u00ed, st\u00e1tn\u00ed soci\u00e1ln\u00ed podpo\u0159e, finan\u010dn\u00edho pr\u00e1va u osob pob\u00edraj\u00edc\u00edch d\u016fchod a st\u00e1le pracuj\u00ed, pracovn\u00edho pr\u00e1va a da\u0148ov\u00e9ho pr\u00e1va p\u0159i nakl\u00e1d\u00e1n\u00ed s majetkem za \u017eivota a pro p\u0159\u00edpad smrti.<\/p><\/div><\/div>\n\n\n\n<div id=\"section-g2509e9\" class=\"wp-block-gutentor-e1 section-g2509e9 gutentor-element gutentor-element-advanced-text text-align-left-desktop text-align-left-tablet text-align-left-mobile\"><div class=\"gutentor-text-wrap\"><a class=\"gutentor-element-advanced-text-link\" href=\"#\"><h4 class=\"gutentor-text\">Podrobn\u00fd obsah kurzu<\/h4><\/a><\/div><\/div>\n\n\n\n<div id=\"section-gbcb7f2\" class=\"wp-block-gutentor-e1 section-gbcb7f2 gutentor-element gutentor-element-advanced-text text-align-left-desktop text-align-left-tablet text-align-left-mobile\"><div class=\"gutentor-text-wrap\"><p class=\"gutentor-text\"><strong>8. 6. 2023<\/strong> (13:00 &#8211; 14:30) <br><strong>prof. JUDr. Jan Pichrt, Ph.D. &#8211; PRACOVN\u00cd PR\u00c1VO<\/strong><br>&#8211; z pracovn\u00edho pom\u011bru do d\u016fchodu a &#8222;pracuj\u00edc\u00ed d\u016fchodce&#8220; z pohledu pracovn\u011bpr\u00e1vn\u00ed \u00fapravy<br>&#8211; n\u011bkter\u00e1 fakta a m\u00fdty spojen\u00e9 s &#8222;prvn\u00edm&#8220; odchodem do d\u016fchodu i s v\u00fdkonem z\u00e1visl\u00e9 pr\u00e1ce<br>&#8211; doch\u00e1z\u00ed v praxi k pokus\u016fm o znev\u00fdhod\u0148ov\u00e1n\u00ed pracuj\u00edc\u00edch d\u016fchodc\u016f zam\u011bstnavateli?<br>&#8211; na co si d\u00e1t pozor p\u0159i sjedn\u00e1v\u00e1n\u00ed pracovn\u00ed smlouvy<br><br><strong>8. 6. 2023<\/strong> (14:45 &#8211; 16:15) <br><strong>JUDr. Roman Vyb\u00edral, Ph.D. &#8211; FINAN\u010cN\u00cd PR\u00c1VO <\/strong><br>&#8211; v\u0161udyp\u0159\u00edtomnost dan\u00ed<br>&#8211; obecn\u011b k prom\u00edt\u00e1n\u00ed soci\u00e1ln\u00edho statusu v dan\u00edch<br>&#8211; da\u0148 z p\u0159\u00edjmu fyzick\u00fdch osob se zam\u011b\u0159en\u00edm na specifika postaven\u00ed osob d\u016fchodov\u00e9ho v\u011bku<br>&#8211; da\u0148ov\u00e9 aspekty nakl\u00e1d\u00e1n\u00ed s majetkem za \u017eivota a pro p\u0159\u00edpad smrti<br><br><strong>14. 6. 2023 <\/strong>(13:00 &#8211; 14:30) <br><strong>JUDr. Roman Lang, Ph.D. &#8211; D\u016eCHODOV\u00c9 POJI\u0160T\u011aN\u00cd I.<\/strong><br>&#8211; \u00fa\u010dast zam\u011bstnanc\u016f a OSV\u010c na d\u016fchodov\u00e9m poji\u0161t\u011bn\u00ed, n\u00e1hradn\u00ed doby poji\u0161t\u011bn\u00ed, dobrovoln\u00e1 \u00fa\u010dast<br>&#8211; podm\u00ednky n\u00e1roku na starobn\u00ed d\u016fchod<br>&#8211; p\u0159ed\u010dasn\u00fd starobn\u00ed d\u016fchod<br>&#8211; krit\u00e9ria ovliv\u0148uj\u00edc\u00ed v\u00fd\u0161i starobn\u00edho d\u016fchodu, sch\u00e9ma v\u00fdpo\u010dtu, valorizace<br>&#8211; zv\u00fd\u0161en\u00ed starobn\u00edho d\u016fchodu za v\u00fdchovu d\u00edt\u011bte\/d\u011bt\u00ed od roku 2023<br><br><strong>14. 6. 2023<\/strong> (14:45 &#8211; 16:15) <br><strong>JUDr. Roman Lang, Ph.D. &#8211; D\u016eCHODOV\u00c9 POJI\u0160T\u011aN\u00cd II.<\/strong><br>&#8211; podm\u00ednky n\u00e1roku na invalidn\u00ed d\u016fchod, posuzov\u00e1n\u00ed invalidity<br>&#8211; invalidn\u00ed d\u016fchod &#8222;z ml\u00e1d\u00ed&#8220;<br>&#8211; v\u00fd\u0161e invalidn\u00edho d\u016fchodu<br>&#8211; kontrola invalidn\u00edho d\u016fchodu<br>&#8211; prokazov\u00e1n\u00ed invalidity pro \u00fa\u010dely slev na j\u00edzdn\u00e9m<br><br><strong>22. 6. 2023 <\/strong>(13:00 &#8211; 14:30) <br><strong>JUDr. Roman Lang, Ph.D. &#8211; D\u016eCHODOV\u00c9 POJI\u0160T\u011aN\u00cd III.<\/strong><br>&#8211; podm\u00ednky n\u00e1roku na vdovsk\u00fd(vdoveck\u00fd) a sirot\u010d\u00ed d\u016fchod<br>&#8211; vypl\u00e1cen\u00ed vdovsk\u00e9ho d\u016fchodu soub\u011b\u017en\u011b s d\u016fchodem starobn\u00edm nebo invalidn\u00edm<br><br><strong>22. 6. 202<\/strong>3 (14:45 &#8211; 16:15)<br><strong> JUDr. Roman Lang, Ph.D. &#8211; NEMOCENSK\u00c9 POJI\u0160T\u011aN\u00cd<\/strong><br>&#8211; spr\u00e1vn\u00ed \u0159\u00edzen\u00ed ve v\u011bcech d\u016fchodov\u00e9ho poji\u0161t\u011bn\u00ed (pod\u00e1n\u00ed \u017e\u00e1dosti a navazuj\u00edc\u00ed kroky)<br>&#8211; povinnosti zam\u011bstnavatel\u016f a poji\u0161t\u011bnc\u016f v oblasti d\u016fchodov\u00e9ho poji\u0161t\u011bn\u00ed<br>&#8211; prokazov\u00e1n\u00ed dob poji\u0161t\u011bn\u00ed nezaznamenan\u00fdch v evidenci \u010cSSZ<br>&#8211; alternativn\u00ed zp\u016fsoby zabezpe\u010den\u00ed ve st\u00e1\u0159\u00ed<br>&#8211; st\u00e1tn\u00ed soci\u00e1ln\u00ed podpora &#8211; p\u0159\u00edsp\u011bvek na bydlen\u00ed<br>&#8211; soci\u00e1ln\u00ed pomoc &#8211; mimo\u0159\u00e1dn\u00e1 okam\u017eit\u00e1 pomoc<br>\u00a0<br><\/p><\/div><\/div>\n\n\n\n<div id=\"section-gc26f77\" class=\"wp-block-gutentor-e1 section-gc26f77 gutentor-element gutentor-element-advanced-text text-align-left-desktop text-align-left-tablet text-align-left-mobile\"><div class=\"gutentor-text-wrap\"><a class=\"gutentor-element-advanced-text-link\" href=\"#\"><h4 class=\"gutentor-text\">P\u0159edn\u00e1\u0161ej\u00edc\u00ed a m\u00edsto<\/h4><\/a><\/div><\/div>\n\n\n\n<div id=\"section-g2952b2\" class=\"wp-block-gutentor-e1 section-g2952b2 gutentor-element gutentor-element-advanced-text text-align-left-desktop text-align-left-tablet text-align-left-mobile\"><div class=\"gutentor-text-wrap\"><p class=\"gutentor-text\"><strong>Garant kurzu:<\/strong> JUDr. Roman Lang, Ph.D.<br><strong>P\u0159edn\u00e1\u0161ej\u00edc\u00ed:<\/strong> JUDr. Roman Lang, Ph.D.<br><strong>Pracovi\u0161t\u011b zaji\u0161\u0165uj\u00edc\u00ed uskute\u010dn\u011bn\u00ed<\/strong>: Katedra pracovn\u00edho pr\u00e1va a pr\u00e1va soci\u00e1ln\u00edho zabezpe\u010den\u00ed<br><strong>M\u00edsto kon\u00e1n\u00ed:<\/strong> prezen\u010dn\u011b na PF UK<\/p><\/div><\/div>\n\n\n\n<div id=\"section-g24eaf8\" class=\"wp-block-gutentor-e1 section-g24eaf8 gutentor-element gutentor-element-advanced-text text-align-left-desktop text-align-left-tablet text-align-left-mobile\"><div class=\"gutentor-text-wrap\"><a class=\"gutentor-element-advanced-text-link\" href=\"#\"><h4 class=\"gutentor-text\">Term\u00edn a d\u00e9lka<\/h4><\/a><\/div><\/div>\n\n\n\n<div id=\"section-g981026\" class=\"wp-block-gutentor-e1 section-g981026 gutentor-element gutentor-element-advanced-text text-align-left-desktop text-align-left-tablet text-align-left-mobile\"><div class=\"gutentor-text-wrap\"><p class=\"gutentor-text\"><strong>Otev\u00edr\u00e1n v akad. roce: <\/strong>2022\/2023<br><strong>Zah\u00e1jen\u00ed: <\/strong>letn\u00ed semestr<br><strong>D\u00e9lka programu (v semestrech\/kr\u00e1tkodob\u00fd): <\/strong>Kr\u00e1tkodob\u00e9<br><strong>Rozsah: <\/strong>12 hodin<br><strong>Datum uskute\u010dn\u011bn\u00ed: <\/strong>od 8. 6. 2023<\/p><\/div><\/div>\n\n\n\n<div id=\"section-ga7b760\" class=\"wp-block-gutentor-e1 section-ga7b760 gutentor-element gutentor-element-advanced-text text-align-left-desktop text-align-left-tablet text-align-left-mobile\"><div class=\"gutentor-text-wrap\"><a class=\"gutentor-element-advanced-text-link\" href=\"#\"><h4 class=\"gutentor-text\">Poplatky a financov\u00e1n\u00ed<\/h4><\/a><\/div><\/div>\n\n\n\n<div id=\"section-g0d2673\" class=\"wp-block-gutentor-e1 section-g0d2673 gutentor-element gutentor-element-advanced-text text-align-left-desktop text-align-left-tablet text-align-left-mobile\"><div class=\"gutentor-text-wrap\"><p class=\"gutentor-text\"><strong>V\u00fd\u0161e \u00faplaty:<\/strong> <strong>ZDARMA<\/strong><\/p><\/div><\/div>\n\n\n\n<div id=\"section-g1b1ab7\" class=\"wp-block-gutentor-e1 section-g1b1ab7 gutentor-element gutentor-element-advanced-text text-align-left-desktop text-align-left-tablet text-align-left-mobile\"><div class=\"gutentor-text-wrap\"><a class=\"gutentor-element-advanced-text-link\" href=\"#\"><h4 class=\"gutentor-text\">P\u0159ihl\u00e1\u0161ka<\/h4><\/a><\/div><\/div>\n\n\n\n<div id=\"section-g759e79\" class=\"wp-block-gutentor-e1 section-g759e79 gutentor-element gutentor-element-advanced-text text-align-left-desktop text-align-left-tablet text-align-left-mobile\"><div class=\"gutentor-text-wrap\"><p class=\"gutentor-text\"><strong>Adresa pro doru\u010den\u00ed p\u0159ihl\u00e1\u0161ky: <\/strong>Pr\u00e1vnick\u00e1 fakulta , n\u00e1m. Curieov\u00fdch 7, Praha 1<br><strong>Pracovi\u0161t\u011b, kam doru\u010dit p\u0159ihl\u00e1\u0161ku: <\/strong>Odd\u011blen\u00ed komunikace a vn\u011bj\u0161\u00edch vztah\u016f \u2013 Juridikum<br><strong>Kontaktn\u00ed osoba: <\/strong>Bc. Hana Va\u0159ekov\u00e1<br><strong>E-mail:<\/strong> juridikum@prf.cuni.cz<br><strong>Telefon:<\/strong> 221 005 504<br><strong>Term\u00edn pod\u00e1n\u00ed p\u0159ihl\u00e1\u0161ky: <\/strong>10. 5. 2023 &#8211; 2. 6. 2023<\/p><\/div><\/div>\n\n\n\n<p><\/p>\n<\/div>\n\n\n\n<div class=\"wp-block-gutentor-m7-tab gutentor-module-tabs-content gm-tc-fda7c1\">\n<section id=\"gm024765b\" class=\"wp-block-gutentor-m2 section-gm024765b gutentor-module gutentor-dynamic-columns\"><div class=\"grid-container gutentor-rm-ct-space\"><div class=\"grid-row\">\n<div id=\"col-gm0ef455\" class=\"wp-block-gutentor-m2-col col-gm0ef455 gutentor-module gutentor-dynamic-single-column grid-lg-12 grid-md-12 grid-12\"><div id=\"section-gm0ef455\" class=\"section-gm0ef455 gutentor-single-col has-color-bg has-custom-bg\">\n<section id=\"gm52c43b1\" class=\"wp-block-gutentor-m4 section-gm52c43b1 gutentor-module gutentor-advanced-columns\"><div class=\"grid-container gutentor-rm-ct-space\"><div class=\"grid-row\">\n<div id=\"col-gmdb66a9\" class=\"wp-block-gutentor-m4-col col-gmdb66a9 gutentor-single-column  grid-lg-5 grid-md-12 grid-12\"><div id=\"section-gmdb66a9\" class=\"section-gmdb66a9 gutentor-col-wrap\">\n<div id=\"section-g2516f1\" class=\"wp-block-gutentor-e6 section-g2516f1 gutentor-element gutentor-element-image gutentor-enabled-width text-align-center-desktop\"><div class=\"gutentor-element-image-box\"><div class=\"gutentor-image-thumb\"><img decoding=\"async\" class=\"normal-image\" src=\"https:\/\/law.prf.cuni.cz\/juridikum\/wp-content\/uploads\/sites\/4\/2022\/05\/lang.png\" \/><\/div><\/div><\/div>\n<\/div><\/div>\n\n\n\n<div id=\"col-gm63df4b\" class=\"wp-block-gutentor-m4-col col-gm63df4b gutentor-single-column  grid-lg-7 grid-md-12 grid-12\"><div id=\"section-gm63df4b\" class=\"section-gm63df4b gutentor-col-wrap\">\n<div id=\"section-g3c59f9\" class=\"wp-block-gutentor-e1 section-g3c59f9 gutentor-element gutentor-element-advanced-text text-align-left-desktop text-align-center-tablet text-align-center-mobile\"><div class=\"gutentor-text-wrap\"><a class=\"gutentor-element-advanced-text-link\" href=\"#\"><h4 class=\"gutentor-text\">JUDr. Roman Lang, Ph.D.<\/h4><\/a><\/div><\/div>\n\n\n\n<div id=\"section-g598f7a\" class=\"wp-block-gutentor-e1 section-g598f7a gutentor-element gutentor-element-advanced-text text-align-left-desktop text-align-center-tablet text-align-center-mobile\"><div class=\"gutentor-text-wrap\"><p class=\"gutentor-text\"><\/p><\/div><\/div>\n\n\n\n<div id=\"section-gf51ca8\" class=\"wp-block-gutentor-e1 section-gf51ca8 gutentor-element gutentor-element-advanced-text text-align-left-desktop text-align-center-tablet text-align-center-mobile\"><div class=\"gutentor-text-wrap\"><p class=\"gutentor-text\"><\/p><\/div><\/div>\n\n\n\n<p><\/p>\n<\/div><\/div>\n<\/div><\/div><\/section>\n\n\n\n<div id=\"section-ged212d\" class=\"wp-block-gutentor-e2 section-ged212d gutentor-element gutentor-element-button button-align-center-desktop\"><span class=\"gutentor-button-wrap\"><a class=\"gutentor-button gutentor-block-button gutentor-icon-hide\" href=\"https:\/\/www.prf.cuni.cz\/detail-cloveka\/720464\"><i class=\"gutentor-button-icon fas fa-book\"><\/i><span>V\u00edce o lektorovi zde<\/span><\/a><\/span><\/div>\n<\/div><\/div>\n<\/div><\/div><\/section>\n<\/div>\n<\/div><\/div><\/div><\/section>\n<\/div><\/div>\n\n\n\n<div id=\"col-gme03906\" class=\"wp-block-gutentor-m4-col col-gme03906 gutentor-single-column  grid-lg-4 grid-md-12 grid-12\"><div id=\"section-gme03906\" class=\"section-gme03906 gutentor-col-wrap\">\n<section id=\"gmd51f669\" class=\"wp-block-gutentor-m3 section-gmd51f669 gutentor-module gutentor-container-cover has-color-bg has-custom-bg\"><div class=\"grid-container\">\n<div id=\"section-g9407cc\" class=\"wp-block-gutentor-e7 section-g9407cc gutentor-element gutentor-element-list text-align-left-desktop text-align-left-tablet text-align-left-mobile\"><ul class=\"grid-row gutentor-grid-item-wrap list-indicator-icon\"><li class=\"gutentor-list-item grid-lg-12 grid-md-12 grid-12 gutentor-rm-col-space\"><span class=\"gutentor-single-item gutentor-single-item-0\"><span class=\"gutentor-list-item-wrap g-s-list-wrap\"><span class=\"gutentor-single-list-item-icon\"><i class=\"list-item-icon fas fa-calendar-alt\"><\/i><\/span><span class=\"gutentor-list-item\"><p class=\"gutentor-single-item-title\">od 8. 6. 2023<\/p><\/span><\/span><\/span><\/li><\/ul><\/div>\n\n\n\n<div id=\"section-gebe3a0\" class=\"wp-block-gutentor-e7 section-gebe3a0 gutentor-element gutentor-element-list text-align-left-desktop text-align-left-tablet text-align-left-mobile\"><ul class=\"grid-row gutentor-grid-item-wrap list-indicator-icon\"><li class=\"gutentor-list-item grid-lg-12 grid-md-12 grid-12 gutentor-rm-col-space\"><span class=\"gutentor-single-item gutentor-single-item-0\"><span class=\"gutentor-list-item-wrap g-s-list-wrap\"><span class=\"gutentor-single-list-item-icon\"><i class=\"list-item-icon far fa-file\"><\/i><\/span><span class=\"gutentor-list-item\"><p class=\"gutentor-single-item-title\">Ka\u017ed\u00fd \u00fa\u010dastn\u00edk\u00a0dostane ti\u0161t\u011bn\u00e9 studijn\u00ed materi\u00e1ly<\/p><\/span><\/span><\/span><\/li><\/ul><\/div>\n\n\n\n<div id=\"section-g00d145\" class=\"wp-block-gutentor-e7 section-g00d145 gutentor-element gutentor-element-list text-align-left-desktop text-align-left-tablet text-align-left-mobile\"><ul class=\"grid-row gutentor-grid-item-wrap list-indicator-icon\"><li class=\"gutentor-list-item grid-lg-12 grid-md-12 grid-12 gutentor-rm-col-space\"><span class=\"gutentor-single-item gutentor-single-item-0\"><span class=\"gutentor-list-item-wrap g-s-list-wrap\"><span class=\"gutentor-single-list-item-icon\"><i class=\"list-item-icon fas fa-address-card\"><\/i><\/span><span class=\"gutentor-list-item\"><p class=\"gutentor-single-item-title\">Prezen\u010dn\u00ed kurz<\/p><\/span><\/span><\/span><\/li><\/ul><\/div>\n\n\n\n<div id=\"section-g8317f1\" class=\"wp-block-gutentor-e7 section-g8317f1 gutentor-element gutentor-element-list text-align-left-desktop text-align-left-tablet text-align-left-mobile\"><ul class=\"grid-row gutentor-grid-item-wrap list-indicator-icon\"><li class=\"gutentor-list-item grid-lg-12 grid-md-12 grid-12 gutentor-rm-col-space\"><span class=\"gutentor-single-item gutentor-single-item-0\"><span class=\"gutentor-list-item-wrap g-s-list-wrap\"><span class=\"gutentor-single-list-item-icon\"><i class=\"list-item-icon fas fa-user-friends\"><\/i><\/span><span class=\"gutentor-list-item\"><p class=\"gutentor-single-item-title\">Maxim\u00e1ln\u00ed po\u010det student\u016f: 50<\/p><\/span><\/span><\/span><\/li><\/ul><\/div>\n\n\n\n<div id=\"section-g4787df\" class=\"wp-block-gutentor-e7 section-g4787df gutentor-element gutentor-element-list text-align-left-desktop text-align-left-tablet text-align-left-mobile\"><ul class=\"grid-row gutentor-grid-item-wrap list-indicator-icon\"><li class=\"gutentor-list-item grid-lg-12 grid-md-12 grid-12 gutentor-rm-col-space\"><span class=\"gutentor-single-item gutentor-single-item-0\"><span class=\"gutentor-list-item-wrap g-s-list-wrap\"><span class=\"gutentor-single-list-item-icon\"><i class=\"list-item-icon fas fa-credit-card\"><\/i><\/span><span class=\"gutentor-list-item\"><p class=\"gutentor-single-item-title\">ZDARMA<\/p><\/span><\/span><\/span><\/li><\/ul><\/div>\n<\/div><\/section>\n\n\n\n<div id=\"section-gdf60a9\" class=\"wp-block-gutentor-e2 section-gdf60a9 gutentor-element gutentor-element-button g-pos-r-desktop g-pos-r-tablet g-pos-r-mobile button-align-center-desktop button-align-center-tablet button-align-center-mobile\"><span class=\"gutentor-button-wrap\"><a class=\"gutentor-button gutentor-block-button gutentor-icon-hide\" href=\"https:\/\/is.cuni.cz\/studium\/prijimacky\/index.php?do=detail_kurz&amp;cid=9421\"><i class=\"gutentor-button-icon fas fa-book\"><\/i><span>P\u0159ihl\u00e1sit se<\/span><\/a><\/span><\/div>\n<\/div><\/div>\n<\/div><\/div><\/section>\n\n\n\n<section id=\"gmabad787\" class=\"wp-block-gutentor-m4 alignfull section-gmabad787 gutentor-module gutentor-advanced-columns gutentor-equal-column-height\"><div class=\"grid-container\"><div class=\"grid-row\">\n<div id=\"col-gm39576c\" class=\"wp-block-gutentor-m4-col col-gm39576c gutentor-single-column  grid-lg-12 grid-md-12 grid-12 gutentor-rm-col-space\"><div id=\"section-gm39576c\" class=\"section-gm39576c gutentor-col-wrap has-image-bg has-custom-bg has-gutentor-overlay\">\n<div id=\"section-g221801\" class=\"wp-block-gutentor-e1 section-g221801 gutentor-element gutentor-element-advanced-text text-align-center-desktop text-align-center-tablet text-align-center-mobile\"><div class=\"gutentor-text-wrap\"><p class=\"gutentor-text\">M\u00e1te z\u00e1jem o jin\u00fd kurz?<br>Kontaktuje n\u00e1s a p\u0159iprav\u00edme pro v\u00e1s kurz na kl\u00ed\u010d<\/p><\/div><\/div>\n\n\n\n<div id=\"section-g44a27c\" class=\"wp-block-gutentor-e2 section-g44a27c gutentor-element gutentor-element-button button-align-center-desktop button-align-center-tablet button-align-center-mobile\"><span class=\"gutentor-button-wrap\"><a class=\"gutentor-button gutentor-block-button gutentor-icon-hide\" href=\"https:\/\/law.prf.cuni.cz\/juridikum\/kontakty\/\"><i class=\"gutentor-button-icon fas fa-book\"><\/i><span>Kontakty<\/span><\/a><\/span><\/div>\n\n\n\n<p><\/p>\n<\/div><\/div>\n<\/div><\/div><\/section>\n","protected":false},"excerpt":{"rendered":"","protected":false},"author":2,"featured_media":0,"parent":0,"menu_order":0,"comment_status":"closed","ping_status":"closed","template":"template-gutentor-full-width.php","meta":{"_monsterinsights_skip_tracking":false,"_monsterinsights_sitenote_active":false,"_monsterinsights_sitenote_note":"","_monsterinsights_sitenote_category":0,"_kadence_starter_templates_imported_post":false,"footnotes":""},"class_list":["post-1938","page","type-page","status-publish","hentry"],"aioseo_notices":[],"_links":{"self":[{"href":"https:\/\/law.prf.cuni.cz\/juridikum\/wp-json\/wp\/v2\/pages\/1938","targetHints":{"allow":["GET"]}}],"collection":[{"href":"https:\/\/law.prf.cuni.cz\/juridikum\/wp-json\/wp\/v2\/pages"}],"about":[{"href":"https:\/\/law.prf.cuni.cz\/juridikum\/wp-json\/wp\/v2\/types\/page"}],"author":[{"embeddable":true,"href":"https:\/\/law.prf.cuni.cz\/juridikum\/wp-json\/wp\/v2\/users\/2"}],"replies":[{"embeddable":true,"href":"https:\/\/law.prf.cuni.cz\/juridikum\/wp-json\/wp\/v2\/comments?post=1938"}],"version-history":[{"count":6,"href":"https:\/\/law.prf.cuni.cz\/juridikum\/wp-json\/wp\/v2\/pages\/1938\/revisions"}],"predecessor-version":[{"id":1957,"href":"https:\/\/law.prf.cuni.cz\/juridikum\/wp-json\/wp\/v2\/pages\/1938\/revisions\/1957"}],"wp:attachment":[{"href":"https:\/\/law.prf.cuni.cz\/juridikum\/wp-json\/wp\/v2\/media?parent=1938"}],"curies":[{"name":"wp","href":"https:\/\/api.w.org\/{rel}","templated":true}]}}