{"id":66,"date":"2024-03-14T20:41:00","date_gmt":"2024-03-14T19:41:00","guid":{"rendered":"https:\/\/law.prf.cuni.cz\/danovepravo\/?page_id=66"},"modified":"2025-03-21T14:09:46","modified_gmt":"2025-03-21T13:09:46","slug":"sborniky","status":"publish","type":"page","link":"https:\/\/law.prf.cuni.cz\/danovepravo\/sborniky\/","title":{"rendered":"Sborn\u00edky"},"content":{"rendered":"\n<div class=\"wp-block-group has-global-padding is-layout-constrained wp-container-core-group-is-layout-1 wp-block-group-is-layout-constrained\" style=\"padding-top:var(--wp--preset--spacing--40);padding-right:var(--wp--preset--spacing--40);padding-bottom:var(--wp--preset--spacing--40);padding-left:var(--wp--preset--spacing--40)\">\n<div class=\"wp-block-media-text is-stacked-on-mobile\" style=\"grid-template-columns:35% auto\"><figure class=\"wp-block-media-text__media\"><img loading=\"lazy\" decoding=\"async\" width=\"403\" height=\"600\" src=\"https:\/\/law.prf.cuni.cz\/danovepravo\/wp-content\/uploads\/sites\/22\/2025\/03\/zdaneni-prijmui.jpg\" alt=\"\" class=\"wp-image-319 size-full\" \/><\/figure><div class=\"wp-block-media-text__content\">\n<h4 class=\"wp-block-heading\">Zdan\u011bn\u00ed p\u0159\u00edjm\u016f (2024)<\/h4>\n\n\n\n<p>Soubor stat\u00ed z odborn\u00e9 konference konan\u00e9 na Pr\u00e1vnick\u00e9 fakult\u011b Univerzity Karlovy dne 20. z\u00e1\u0159\u00ed 2024<\/p>\n\n\n\n<p>Ond\u0159ej M\u00e1lek, Michal Tul\u00e1\u010dek (eds.)<\/p>\n\n\n\n<p><a href=\"https:\/\/obchod.wolterskluwer.cz\/cz\/zdaneni-prijmu-soubor-stati-z-odborne-konference-konane-na-pravnicke-fakulte-univerzity-karlovy-dne-20-zari-2024.p9059.html\" target=\"_blank\" rel=\"noopener\" title=\"\">https:\/\/doi.org\/10.71372\/SKWA8025<\/a><\/p>\n<\/div><\/div>\n<\/div>\n\n\n\n<div class=\"wp-block-group has-global-padding is-layout-constrained wp-container-core-group-is-layout-2 wp-block-group-is-layout-constrained\" style=\"padding-top:var(--wp--preset--spacing--40);padding-right:var(--wp--preset--spacing--40);padding-bottom:var(--wp--preset--spacing--40);padding-left:var(--wp--preset--spacing--40)\">\n<div class=\"wp-block-media-text is-stacked-on-mobile\" style=\"grid-template-columns:35% auto\"><figure class=\"wp-block-media-text__media\"><img loading=\"lazy\" decoding=\"async\" width=\"354\" height=\"501\" src=\"https:\/\/law.prf.cuni.cz\/danovepravo\/wp-content\/uploads\/sites\/22\/2024\/03\/sprava-dani.C.jpeg\" alt=\"\" class=\"wp-image-146 size-full\" \/><\/figure><div class=\"wp-block-media-text__content\">\n<h4 class=\"wp-block-heading\">Spr\u00e1va dan\u00ed (2023)<\/h4>\n\n\n\n<p>Soubor stat\u00ed z odborn\u00e9 konference konan\u00e9 na Pr\u00e1vnick\u00e9 fakult\u011b Univerzity Karlovy dne 6. \u0159\u00edjna 2023<\/p>\n\n\n\n<p>Ond\u0159ej M\u00e1lek, Michal Tul\u00e1\u010dek (eds.)<\/p>\n\n\n\n<p><a href=\"https:\/\/doi.org\/10.14712\/9788076300361\" target=\"_blank\" rel=\"noopener\" title=\"\">https:\/\/doi.org\/10.14712\/9788076300361<\/a><\/p>\n<\/div><\/div>\n<\/div>\n","protected":false},"excerpt":{"rendered":"<p>Zdan\u011bn\u00ed p\u0159\u00edjm\u016f (2024) Soubor stat\u00ed z odborn\u00e9 konference konan\u00e9 na Pr\u00e1vnick\u00e9 fakult\u011b Univerzity Karlovy dne 20. z\u00e1\u0159\u00ed 2024 Ond\u0159ej M\u00e1lek, Michal Tul\u00e1\u010dek (eds.) https:\/\/doi.org\/10.71372\/SKWA8025 Spr\u00e1va dan\u00ed (2023) Soubor stat\u00ed z odborn\u00e9 konference konan\u00e9 na Pr\u00e1vnick\u00e9 fakult\u011b Univerzity Karlovy dne 6. \u0159\u00edjna 2023 Ond\u0159ej M\u00e1lek, Michal Tul\u00e1\u010dek (eds.) https:\/\/doi.org\/10.14712\/9788076300361<\/p>\n","protected":false},"author":1,"featured_media":0,"parent":0,"menu_order":5,"comment_status":"closed","ping_status":"closed","template":"","meta":{"_monsterinsights_skip_tracking":false,"_monsterinsights_sitenote_active":false,"_monsterinsights_sitenote_note":"","_monsterinsights_sitenote_category":0,"_kadence_starter_templates_imported_post":false,"footnotes":""},"class_list":["post-66","page","type-page","status-publish","hentry"],"aioseo_notices":[],"_links":{"self":[{"href":"https:\/\/law.prf.cuni.cz\/danovepravo\/wp-json\/wp\/v2\/pages\/66","targetHints":{"allow":["GET"]}}],"collection":[{"href":"https:\/\/law.prf.cuni.cz\/danovepravo\/wp-json\/wp\/v2\/pages"}],"about":[{"href":"https:\/\/law.prf.cuni.cz\/danovepravo\/wp-json\/wp\/v2\/types\/page"}],"author":[{"embeddable":true,"href":"https:\/\/law.prf.cuni.cz\/danovepravo\/wp-json\/wp\/v2\/users\/1"}],"replies":[{"embeddable":true,"href":"https:\/\/law.prf.cuni.cz\/danovepravo\/wp-json\/wp\/v2\/comments?post=66"}],"version-history":[{"count":17,"href":"https:\/\/law.prf.cuni.cz\/danovepravo\/wp-json\/wp\/v2\/pages\/66\/revisions"}],"predecessor-version":[{"id":320,"href":"https:\/\/law.prf.cuni.cz\/danovepravo\/wp-json\/wp\/v2\/pages\/66\/revisions\/320"}],"wp:attachment":[{"href":"https:\/\/law.prf.cuni.cz\/danovepravo\/wp-json\/wp\/v2\/media?parent=66"}],"curies":[{"name":"wp","href":"https:\/\/api.w.org\/{rel}","templated":true}]}}