{"id":2,"date":"2024-03-14T18:17:53","date_gmt":"2024-03-14T17:17:53","guid":{"rendered":"https:\/\/law.prf.cuni.cz\/danovepravo\/?page_id=2"},"modified":"2026-02-14T09:48:04","modified_gmt":"2026-02-14T08:48:04","slug":"zkusebni-stranka","status":"publish","type":"page","link":"https:\/\/law.prf.cuni.cz\/danovepravo\/","title":{"rendered":"Dom\u016f"},"content":{"rendered":"\n<div class=\"wp-block-group has-global-padding is-layout-constrained wp-block-group-is-layout-constrained\">\n<div class=\"wp-block-cover alignfull is-light\" style=\"min-height:450px;aspect-ratio:unset;\"><span aria-hidden=\"true\" class=\"wp-block-cover__background has-background-dim\"><\/span><img loading=\"lazy\" decoding=\"async\" width=\"2048\" height=\"1278\" class=\"wp-block-cover__image-background wp-image-90\" alt=\"\" src=\"https:\/\/law.prf.cuni.cz\/danovepravo\/wp-content\/uploads\/sites\/22\/2024\/03\/pf-pohled-2-1.jpeg\" style=\"object-position:50% 20%\" data-object-fit=\"cover\" data-object-position=\"50% 20%\" \/><div class=\"wp-block-cover__inner-container has-global-padding is-layout-constrained wp-block-cover-is-layout-constrained\">\n<h1 class=\"wp-block-heading has-text-align-center has-base-color has-text-color\">KONFERENCE <br><strong>DA\u0147OV\u00c9 PR\u00c1VO 2026<\/strong><\/h1>\n\n\n\n<p class=\"has-text-align-center has-base-color has-text-color has-medium-font-size\">1. a 2. \u0159\u00edjna 2026, Pr\u00e1vnick\u00e1 fakulta Univerzity Karlovy<\/p>\n<\/div><\/div>\n<\/div>\n\n\n\n<div class=\"wp-block-group has-global-padding is-layout-constrained wp-container-core-group-is-layout-2 wp-block-group-is-layout-constrained\" style=\"padding-top:var(--wp--preset--spacing--40);padding-right:var(--wp--preset--spacing--40);padding-bottom:var(--wp--preset--spacing--40);padding-left:var(--wp--preset--spacing--40)\">\n<p>Katedra finan\u010dn\u00edho pr\u00e1va a finan\u010dn\u00ed v\u011bdy Pr\u00e1vnick\u00e9 fakulty Univerzity Karlovy srde\u010dn\u011b zve na konferenci Da\u0148ov\u00e9 pr\u00e1vo 2026. Leto\u0161n\u00ed ro\u010dn\u00edk bude v\u011bnovan\u00fd spr\u00e1v\u011b dan\u00ed. Tematick\u00e9 panely se budou v\u011bnovat nap\u0159\u00edklad samovym\u011b\u0159en\u00ed a samodom\u011b\u0159en\u00ed, pokra\u010duj\u00edc\u00edmu spr\u00e1vn\u00edmu deliktu ve spr\u00e1v\u011b dan\u00ed, z\u00e1niku vratiteln\u00e9ho p\u0159eplatku nebo vztahu spr\u00e1vy dan\u00ed a trestn\u00edho \u0159\u00edzen\u00ed.<\/p>\n\n\n\n<p>Na\u0161e konference jsou p\u0159\u00edle\u017eitost\u00ed pro p\u0159\u00e1telsk\u00e9 setk\u00e1n\u00ed odborn\u00edk\u016f na da\u0148ov\u00e9 pr\u00e1vo z \u0159ad da\u0148ov\u00fdch poradc\u016f, advok\u00e1t\u016f, pracovn\u00edk\u016f spr\u00e1vc\u016f dan\u011b, soudc\u016f a akademik\u016f nad aktu\u00e1ln\u00edmi t\u00e9maty.<\/p>\n\n\n\n<p>Konference se uskute\u010dn\u00ed na Pr\u00e1vnick\u00e9 fakult\u011b Univerzity Karlovy, n\u00e1m. Curieov\u00fdch 7, 116 40, Star\u00e9 M\u011bsto, Praha 1.<\/p>\n\n\n\n<div class=\"wp-block-columns is-layout-flex wp-container-core-columns-is-layout-1 wp-block-columns-is-layout-flex\">\n<div class=\"wp-block-column is-layout-flow wp-block-column-is-layout-flow\" style=\"flex-basis:33.33%\">\n<p><img loading=\"lazy\" decoding=\"async\" width=\"1182\" height=\"454\" class=\"wp-image-377\" style=\"width: 150px\" src=\"https:\/\/law.prf.cuni.cz\/danovepravo\/wp-content\/uploads\/sites\/22\/2025\/07\/BDO-logo-color_300dpi.png\" alt=\"\"><\/p>\n<\/div>\n\n\n\n<div class=\"wp-block-column is-layout-flow wp-block-column-is-layout-flow\" style=\"flex-basis:66.66%\">\n<p>Konference se kon\u00e1 za podpory <br>poradensk\u00e9 skupiny BDO <\/p>\n<\/div>\n<\/div>\n<\/div>\n\n\n\n<p><\/p>\n","protected":false},"excerpt":{"rendered":"<p>Katedra finan\u010dn\u00edho pr\u00e1va a finan\u010dn\u00ed v\u011bdy Pr\u00e1vnick\u00e9 fakulty Univerzity Karlovy srde\u010dn\u011b zve na konferenci Da\u0148ov\u00e9 pr\u00e1vo 2026. Leto\u0161n\u00ed ro\u010dn\u00edk bude v\u011bnovan\u00fd spr\u00e1v\u011b dan\u00ed. Tematick\u00e9 panely se budou v\u011bnovat nap\u0159\u00edklad samovym\u011b\u0159en\u00ed a samodom\u011b\u0159en\u00ed, pokra\u010duj\u00edc\u00edmu spr\u00e1vn\u00edmu deliktu ve spr\u00e1v\u011b dan\u00ed, z\u00e1niku vratiteln\u00e9ho p\u0159eplatku nebo vztahu spr\u00e1vy dan\u00ed a trestn\u00edho \u0159\u00edzen\u00ed. Na\u0161e konference jsou p\u0159\u00edle\u017eitost\u00ed pro p\u0159\u00e1telsk\u00e9 setk\u00e1n\u00ed [&hellip;]<\/p>\n","protected":false},"author":1,"featured_media":0,"parent":0,"menu_order":1,"comment_status":"closed","ping_status":"closed","template":"","meta":{"_monsterinsights_skip_tracking":false,"_monsterinsights_sitenote_active":false,"_monsterinsights_sitenote_note":"","_monsterinsights_sitenote_category":0,"_kadence_starter_templates_imported_post":false,"footnotes":""},"class_list":["post-2","page","type-page","status-publish","hentry"],"aioseo_notices":[],"_links":{"self":[{"href":"https:\/\/law.prf.cuni.cz\/danovepravo\/wp-json\/wp\/v2\/pages\/2","targetHints":{"allow":["GET"]}}],"collection":[{"href":"https:\/\/law.prf.cuni.cz\/danovepravo\/wp-json\/wp\/v2\/pages"}],"about":[{"href":"https:\/\/law.prf.cuni.cz\/danovepravo\/wp-json\/wp\/v2\/types\/page"}],"author":[{"embeddable":true,"href":"https:\/\/law.prf.cuni.cz\/danovepravo\/wp-json\/wp\/v2\/users\/1"}],"replies":[{"embeddable":true,"href":"https:\/\/law.prf.cuni.cz\/danovepravo\/wp-json\/wp\/v2\/comments?post=2"}],"version-history":[{"count":38,"href":"https:\/\/law.prf.cuni.cz\/danovepravo\/wp-json\/wp\/v2\/pages\/2\/revisions"}],"predecessor-version":[{"id":414,"href":"https:\/\/law.prf.cuni.cz\/danovepravo\/wp-json\/wp\/v2\/pages\/2\/revisions\/414"}],"wp:attachment":[{"href":"https:\/\/law.prf.cuni.cz\/danovepravo\/wp-json\/wp\/v2\/media?parent=2"}],"curies":[{"name":"wp","href":"https:\/\/api.w.org\/{rel}","templated":true}]}}

Domů

<div class="wp-block-group has-global-padding is-layout-constrained wp-block-group-is-layout-constrained">
<div class="wp-block-cover alignfull is-light" style="min-height:450px;aspect-ratio:unset;"><span aria-hidden="true" class="wp-block-cover__background has-background-dim"></span><img loading="lazy" decoding="async" width="2048" height="1278" class="wp-block-cover__image-background wp-image-90" alt="" src="https://law.prf.cuni.cz/danovepravo/wp-content/uploads/sites/22/2024/03/pf-pohled-2-1.jpeg" style="object-position:50% 20%" data-object-fit="cover" data-object-position="50% 20%" /><div class="wp-block-cover__inner-container has-global-padding is-layout-constrained wp-block-cover-is-layout-constrained">
<h1 class="wp-block-heading has-text-align-center has-base-color has-text-color">KONFERENCE <br><strong>DAŇOVÉ PRÁVO 2026</strong></h1>



<p class="has-text-align-center has-base-color has-text-color has-medium-font-size">1. a 2. října 2026, Právnická fakulta Univerzity Karlovy</p>
</div></div>
</div>



<div class="wp-block-group has-global-padding is-layout-constrained wp-container-core-group-is-layout-2 wp-block-group-is-layout-constrained" style="padding-top:var(--wp--preset--spacing--40);padding-right:var(--wp--preset--spacing--40);padding-bottom:var(--wp--preset--spacing--40);padding-left:var(--wp--preset--spacing--40)">
<p>Katedra finančního práva a finanční vědy Právnické fakulty Univerzity Karlovy srdečně zve na konferenci Daňové právo 2026. Letošní ročník bude věnovaný správě daní. Tematické panely se budou věnovat například samovyměření a samodoměření, pokračujícímu správnímu deliktu ve správě daní, zániku vratitelného přeplatku nebo vztahu správy daní a trestního řízení.</p>



<p>Naše konference jsou příležitostí pro přátelské setkání odborníků na daňové právo z řad daňových poradců, advokátů, pracovníků správců daně, soudců a akademiků nad aktuálními tématy.</p>



<p>Konference se uskuteční na Právnické fakultě Univerzity Karlovy, nám. Curieových 7, 116 40, Staré Město, Praha 1.</p>



<div class="wp-block-columns is-layout-flex wp-container-core-columns-is-layout-1 wp-block-columns-is-layout-flex">
<div class="wp-block-column is-layout-flow wp-block-column-is-layout-flow" style="flex-basis:33.33%">
<p><img loading="lazy" decoding="async" width="1182" height="454" class="wp-image-377" style="width: 150px" src="https://law.prf.cuni.cz/danovepravo/wp-content/uploads/sites/22/2025/07/BDO-logo-color_300dpi.png" alt=""></p>
</div>



<div class="wp-block-column is-layout-flow wp-block-column-is-layout-flow" style="flex-basis:66.66%">
<p>Konference se koná za podpory <br>poradenské skupiny BDO </p>
</div>
</div>
</div>



<p></p>

<p>Katedra finančního práva a finanční vědy Právnické fakulty Univerzity Karlovy srdečně zve na konferenci Daňové právo 2026. Letošní ročník bude věnovaný správě daní. Tematické panely se budou věnovat například samovyměření a samodoměření, pokračujícímu správnímu deliktu ve správě daní, zániku vratitelného přeplatku nebo vztahu správy daní a trestního řízení. Naše konference jsou příležitostí pro přátelské setkání [&hellip;]</p>
