{"id":4,"date":"2026-03-11T15:34:45","date_gmt":"2026-03-11T14:34:45","guid":{"rendered":"https:\/\/law.prf.cuni.cz\/cios\/donation-confirmation\/"},"modified":"2026-03-12T11:07:15","modified_gmt":"2026-03-12T10:07:15","slug":"contact","status":"publish","type":"page","link":"https:\/\/law.prf.cuni.cz\/cios\/contact\/","title":{"rendered":"Contact"},"content":{"rendered":"<p><strong>Contact Person: <\/strong>doc. Ing. Josef Montag , Ph.D.<\/p>\n<p><strong>E-mail:<\/strong>\u00a0<a href=\"mailto:montagj@prf.cuni.cz\">montagj@prf.cuni.cz<\/a><\/p>\n<p><strong>Address<\/strong>:<\/p>\n<p>Faculty of Law, Charles University<br \/>N\u00e1m\u011bst\u00ed\u202fCurieov\u00fdch\u202f7<br \/>116\u202f40\u202fPrague\u202f1<br \/>Czech Republic<\/p>\n\n<div class=\"kb-google-maps-container kb-google-maps-container4_a387ed-d0  wp-block-kadence-googlemaps\" data-mapid=\"4_a387edd0\"><iframe width=\"100%\" height=\"100%\"\n\t\t\t\t\t\t\tstyle=\"border:0\" loading=\"lazy\"\n\t\t\t\t\t\t\tsrc=\"https:\/\/www.google.com\/maps\/embed\/v1\/place?key=AIzaSyBAM2o7PiQqwk15LC1XRH2e_KJ-jUa7KYk&#038;zoom=16&#038;maptype=roadmap&#038;q=Pr%C3%A1vnick%C3%A1+fakulta+Univerzoty+Karlovy\"\n\t\t\t\t\t\t\ttitle=\"Google map of Pr\u00e1vnick\u00e1 fakulta Univerzoty Karlovy\"><\/iframe><\/div><script>function kb_google_map4_a387edd0() { let center = { lat: 37.8201, lng: -122.4781}; let map = new google.maps.Map(document.getElementById(\"kb-google-map4_a387edd0\"), {\n\t\t\t\t\t    zoom: 16,\n\t\t\t\t\t    center: center,});let marker = new google.maps.Marker({   position: { lat: 37.8201, lng: -122.4781},    map: map,  });}<\/script>","protected":false},"excerpt":{"rendered":"<p>Contact Person: doc. Ing. Josef Montag , Ph.D. E-mail:\u00a0montagj@prf.cuni.cz Address: Faculty of Law, Charles UniversityN\u00e1m\u011bst\u00ed\u202fCurieov\u00fdch\u202f7116\u202f40\u202fPrague\u202f1Czech Republic<\/p>\n","protected":false},"author":22,"featured_media":0,"parent":0,"menu_order":0,"comment_status":"closed","ping_status":"closed","template":"","meta":{"_monsterinsights_skip_tracking":false,"_monsterinsights_sitenote_active":false,"_monsterinsights_sitenote_note":"","_monsterinsights_sitenote_category":0,"_price":"","_stock":"","_tribe_ticket_header":"","_tribe_default_ticket_provider":"","_tribe_ticket_capacity":"0","_ticket_start_date":"","_ticket_end_date":"","_tribe_ticket_show_description":"","_tribe_ticket_show_not_going":false,"_tribe_ticket_use_global_stock":"","_tribe_ticket_global_stock_level":"","_global_stock_mode":"","_global_stock_cap":"","_tribe_rsvp_for_event":"","_tribe_ticket_going_count":"","_tribe_ticket_not_going_count":"","_tribe_tickets_list":"[]","_tribe_ticket_has_attendee_info_fields":false,"_EventAllDay":false,"_EventTimezone":"","_EventStartDate":"","_EventEndDate":"","_EventStartDateUTC":"","_EventEndDateUTC":"","_EventShowMap":false,"_EventShowMapLink":false,"_EventURL":"","_EventCost":"","_EventCostDescription":"","_EventCurrencySymbol":"","_EventCurrencyCode":"","_EventCurrencyPosition":"","_EventDateTimeSeparator":"","_EventTimeRangeSeparator":"","_EventOrganizerID":[],"_EventVenueID":[],"_OrganizerEmail":"","_OrganizerPhone":"","_OrganizerWebsite":"","_VenueAddress":"","_VenueCity":"","_VenueCountry":"","_VenueProvince":"","_VenueState":"","_VenueZip":"","_VenuePhone":"","_VenueURL":"","_VenueStateProvince":"","_VenueLat":"","_VenueLng":"","_VenueShowMap":false,"_VenueShowMapLink":false,"_kadence_starter_templates_imported_post":true,"footnotes":"","_tec_slr_enabled":"","_tec_slr_layout":""},"class_list":["post-4","page","type-page","status-publish","hentry"],"aioseo_notices":[],"ticketed":false,"_links":{"self":[{"href":"https:\/\/law.prf.cuni.cz\/cios\/wp-json\/wp\/v2\/pages\/4","targetHints":{"allow":["GET"]}}],"collection":[{"href":"https:\/\/law.prf.cuni.cz\/cios\/wp-json\/wp\/v2\/pages"}],"about":[{"href":"https:\/\/law.prf.cuni.cz\/cios\/wp-json\/wp\/v2\/types\/page"}],"author":[{"embeddable":true,"href":"https:\/\/law.prf.cuni.cz\/cios\/wp-json\/wp\/v2\/users\/22"}],"replies":[{"embeddable":true,"href":"https:\/\/law.prf.cuni.cz\/cios\/wp-json\/wp\/v2\/comments?post=4"}],"version-history":[{"count":4,"href":"https:\/\/law.prf.cuni.cz\/cios\/wp-json\/wp\/v2\/pages\/4\/revisions"}],"predecessor-version":[{"id":774,"href":"https:\/\/law.prf.cuni.cz\/cios\/wp-json\/wp\/v2\/pages\/4\/revisions\/774"}],"wp:attachment":[{"href":"https:\/\/law.prf.cuni.cz\/cios\/wp-json\/wp\/v2\/media?parent=4"}],"curies":[{"name":"wp","href":"https:\/\/api.w.org\/{rel}","templated":true}]}}